000
CXUS53 KSGF 010800
CF6VIH
PRELIMINARY LOCAL CLIMATOLOGICAL DATA (WS FORM: F-6)

                                          STATION:   VICHY-ROLLA MO
                                          MONTH:     SEPTEMBER
                                          YEAR:      2016
                                          LATITUDE:   38  7 N
                                          LONGITUDE:  91 46 W

  TEMPERATURE IN F:       :PCPN:    SNOW:  WIND      :SUNSHINE: SKY     :PK WND
================================================================================
1   2   3   4   5  6A  6B    7    8   9   10  11  12  13   14  15   16   17  18
                                     12Z  AVG MX 2MIN
DY MAX MIN AVG DEP HDD CDD  WTR  SNW DPTH SPD SPD DIR MIN PSBL S-S WX    SPD DR
================================================================================

 1  78  60  69  -4   0   4 0.00    M    M  8.8 17  20   M    M   1        22  20
 2  77  56  67  -6   0   2 0.00    M    M  6.9 16  50   M    M   2        22  60
 3  79  54  67  -6   0   2 0.00    M    M  6.0 14 110   M    M   3        18 120
 4  84  58  71  -1   0   6 0.00    M    M  7.8 16 160   M    M   1        21 140
 5  90  68  79   7   0  14 0.00    M    M  9.0 18 210   M    M   0        27 220
 6  92  74  83  11   0  18 0.00    M    M  9.9 16 210   M    M   1        21 210
 7  92  73  83  12   0  18 0.00    M    M 10.2 18 190   M    M   1        28 200
 8  78  70  74   3   0   9 0.59    M    M  6.3 16  70   M    M   7 13     21  50
 9  86  71  79   9   0  14 0.44    M    M  7.6 15 160   M    M   7 13     19 220
10  74  53  64  -6   1   0 0.67    M    M  8.5 23 310   M    M   5 13     30 300
11  76  50  63  -7   2   0 0.00    M    M  4.6 13 150   M    M   0        17 140
12  81  57  69   0   0   4 0.00    M    M  9.6 16 180   M    M   0        21 180
13  86  62  74   5   0   9 0.00    M    M  5.0 12 210   M    M   2        19 200
14  83  66  75   7   0  10 0.00    M    M  5.4 15 150   M    M   3 123    20 160
15  84  65  75   7   0  10 0.03    M    M  5.9 12 190   M    M   3 13     14 190
16  76  66  71   3   0   6 2.35    M    M  6.7 21  90   M    M   4 13     37 260
17  79  62  71   4   0   6 0.00    M    M  4.6 13 300   M    M   6 12     18 270
18  80  59  70   3   0   5 0.00    M    M  4.5 12 150   M    M   0        22 150
19  85  61  73   7   0   8 0.00    M    M  6.4 10 200   M    M   0        18 130
20  90  68  79  13   0  14    T    M    M  5.7 15 160   M    M   0        26 320
21  86  68  77  12   0  12 0.00    M    M  7.0 10 130   M    M   0 8      27 200
22  86  62  74   9   0   9 0.00    M    M  6.3 13 220   M    M   0        17 140
23  87  64  76  11   0  11 0.00    M    M  5.7 10 220   M    M   0        12 210
24  88  66  77  13   0  12 0.00    M    M  6.6 12 140   M    M   0        16 180
25  87  59  73   9   0   8 0.31    M    M  9.1 21 300   M    M   2 138    26 290
26  71  49  60  -3   5   0 0.09    M    M  7.1 15 300   M    M   1 1      21 300
27  78  48  63   0   2   0 0.00    M    M  9.9 16 240   M    M   0        24 270
28  68  51  60  -3   5   0 0.00    M    M 10.5 20 330   M    M   1        29 330
29  73  48  61  -1   4   0 0.00    M    0  9.4 20 330   M    M   3         M 320
30  67  53  60  -2   5   0 0.00  0.0    0  7.2 15 330   M    M   7        20 340
================================================================================
SM 2441 1821        24 211  4.48     0.0 218.2          M       60
================================================================================
AV 81.4 60.7                               7.3 FASTST   M    M   2    MAX(MPH)
                                 MISC ---->  # 23 310               # 37  260
================================================================================
NOTES:
# LAST OF SEVERAL OCCURRENCES

COLUMN 17 PEAK WIND IN M.P.H.

PRELIMINARY LOCAL CLIMATOLOGICAL DATA (WS FORM: F-6) , PAGE 2

                                          STATION:  VICHY-ROLLA MO
                                          MONTH:    SEPTEMBER
                                          YEAR:     2016
                                          LATITUDE:   38  7 N
                                          LONGITUDE:  91 46 W

[TEMPERATURE DATA]      [PRECIPITATION DATA]       SYMBOLS USED IN COLUMN 16

AVERAGE MONTHLY: 71.0   TOTAL FOR MONTH:   4.48    1 = FOG OR MIST
DPTR FM NORMAL:   3.4   DPTR FM NORMAL:    0.44    2 = FOG REDUCING VISIBILITY
HIGHEST:    92 ON  7, 6 GRTST 24HR  2.35 ON 15-16      TO 1/4 MILE OR LESS
LOWEST:     48 ON 29,27                            3 = THUNDER
                        SNOW, ICE PELLETS, HAIL    4 = ICE PELLETS
                        TOTAL MONTH:   0.0 INCH    5 = HAIL
                        GRTST 24HR     0.0         6 = FREEZING RAIN OR DRIZZLE
                        GRTST DEPTH:   0           7 = DUSTSTORM OR SANDSTORM:
                                                       VSBY 1/2 MILE OR LESS
                                                   8 = SMOKE OR HAZE
[NO. OF DAYS WITH]      [WEATHER - DAYS WITH]      9 = BLOWING SNOW
                                                   X = TORNADO
MAX 32 OR BELOW:   0    0.01 INCH OR MORE:   7
MAX 90 OR ABOVE:   4    0.10 INCH OR MORE:   5
MIN 32 OR BELOW:   0    0.50 INCH OR MORE:   3
MIN  0 OR BELOW:   0    1.00 INCH OR MORE:   1

[HDD (BASE 65) ]
TOTAL THIS MO.    24    CLEAR  (SCALE 0-3)  24
DPTR FM NORMAL   -37    PTCLDY (SCALE 4-7)   6
TOTAL FM JUL 1    24    CLOUDY (SCALE 8-10)  0
DPTR FM NORMAL   -40

[CDD (BASE 65) ]
TOTAL THIS MO.   211
DPTR FM NORMAL    70    [PRESSURE DATA]
TOTAL FM JAN 1  1400    HIGHEST SLP M ON M
DPTR FM NORMAL   182    LOWEST  SLP 29.83 ON  9

[REMARKS]
#FINAL-09-16#
