000
CXUS53 KSGF 200800
CF6VIH
PRELIMINARY LOCAL CLIMATOLOGICAL DATA (WS FORM: F-6)

                                          STATION:   VICHY-ROLLA MO
                                          MONTH:     OCTOBER
                                          YEAR:      2014
                                          LATITUDE:   38  7 N
                                          LONGITUDE:  91 46 W

  TEMPERATURE IN F:       :PCPN:    SNOW:  WIND      :SUNSHINE: SKY     :PK WND
================================================================================
1   2   3   4   5  6A  6B    7    8   9   10  11  12  13   14  15   16   17  18
                                     12Z  AVG MX 2MIN
DY MAX MIN AVG DEP HDD CDD  WTR  SNW DPTH SPD SPD DIR MIN PSBL S-S WX    SPD DR
================================================================================

 1  88  62  75  14   0  10    T    M    M 11.4 21 170   M    M   3 3      27 230
 2  75  61  68   7   0   3 1.20    M    M  8.7 33 250   M    M   8 13     45 250
 3  61  39  50 -11  15   0 0.01    M    M 12.9 29 300   M    M   6 1      38 300
 4  56  36  46 -14  19   0 0.00    M    M 12.1 26 310   M    M   1        34 280
 5  73  40  57  -3   8   0 0.01    M    M  9.7 23 270   M    M   4 8      31 270
 6  71  52  62   2   3   0 0.03    M    M  8.9 23 290   M    M   3        29 290
 7  77  50  64   5   1   0 0.08    M    M  8.9 18  10   M    M   3 13     25  10
 8  78  48  63   4   2   0 0.26    M    M  5.4 16 110   M    M   1 138    19 110
 9  66  55  61   2   4   0 2.22    M    M  8.2 20 330   M    M  10 123    25 320
10  55  46  51  -7  14   0 0.57    M    M 11.1 20  40   M    M  10 1      27  30
11  59  47  53  -5  12   0 0.00    M    M  8.8 16  30   M    M   9        20  30
12  61  49  55  -3  10   0 0.04    M    M  8.0 14  90   M    M   9 18     18  30
13  67  53  60   2   5   0 0.40    M    M 11.7 25 160   M    M   9 13     34 150
14  53  50  52  -5  13   0 0.38    M    M 16.7 26 290   M    M  10 1      34 280
15  64  49  57   0   8   0 0.00    M    M 11.6 21 300   M    M   4 1      27 310
16  73  40  57   0   8   0 0.00    M    M  7.9 15 200   M    M   0        19 200
17  67  49  58   2   7   0 0.00    M    M 10.6 21 280   M    M   0        29 270
18  62  42  52  -4  13   0 0.00    M    M  7.6 16 340   M    M   1        21 320
19  64  38  51  -5  14   0 0.00    M    M  8.5 14 200   M    M   1        18 260
================================================================================
SM 1270  906       156  13  5.20    M    188.7          M       92
================================================================================
AV 66.8 47.7                               9.9 FASTST   M    M   5    MAX(MPH)
                                 MISC ---->  # 33 250               # 45  250
================================================================================
NOTES:
# LAST OF SEVERAL OCCURRENCES

COLUMN 17 PEAK WIND IN M.P.H.

PRELIMINARY LOCAL CLIMATOLOGICAL DATA (WS FORM: F-6) , PAGE 2

                                          STATION:  VICHY-ROLLA MO
                                          MONTH:    OCTOBER
                                          YEAR:     2014
                                          LATITUDE:   38  7 N
                                          LONGITUDE:  91 46 W

[TEMPERATURE DATA]      [PRECIPITATION DATA]       SYMBOLS USED IN COLUMN 16

AVERAGE MONTHLY: 57.3   TOTAL FOR MONTH:   5.20    1 = FOG OR MIST
DPTR FM NORMAL:  -1.2   DPTR FM NORMAL:    3.10    2 = FOG REDUCING VISIBILITY
HIGHEST:    88 ON  1    GRTST 24HR  2.62 ON  9-10      TO 1/4 MILE OR LESS
LOWEST:     36 ON  4                               3 = THUNDER
                        SNOW, ICE PELLETS, HAIL    4 = ICE PELLETS
                        TOTAL MONTH:    M          5 = HAIL
                        GRTST 24HR    M  ON   M    6 = FREEZING RAIN OR DRIZZLE
                        GRTST DEPTH:  M  ON   M    7 = DUSTSTORM OR SANDSTORM:
                                                       VSBY 1/2 MILE OR LESS
                                                   8 = SMOKE OR HAZE
[NO. OF DAYS WITH]      [WEATHER - DAYS WITH]      9 = BLOWING SNOW
                                                   X = TORNADO
MAX 32 OR BELOW:   0    0.01 INCH OR MORE:  11
MAX 90 OR ABOVE:   0    0.10 INCH OR MORE:   6
MIN 32 OR BELOW:   0    0.50 INCH OR MORE:   3
MIN  0 OR BELOW:   0    1.00 INCH OR MORE:   2

[HDD (BASE 65) ]
TOTAL THIS MO.   156    CLEAR  (SCALE 0-3)   8
DPTR FM NORMAL    12    PTCLDY (SCALE 4-7)   5
TOTAL FM JUL 1   220    CLOUDY (SCALE 8-10)  6
DPTR FM NORMAL    12

[CDD (BASE 65) ]
TOTAL THIS MO.    13
DPTR FM NORMAL    -9    [PRESSURE DATA]
TOTAL FM JAN 1  1174    HIGHEST SLP M ON M
DPTR FM NORMAL   -66    LOWEST  SLP 29.43 ON 13

[REMARKS]
