619
CXUS55 KLOX 161655
CF6VNY
PRELIMINARY LOCAL CLIMATOLOGICAL DATA (WS FORM: F-6)

                                          STATION:   VAN NUYS AIRPORT CA
                                          MONTH:     DECEMBER
                                          YEAR:      2017
                                          LATITUDE:   34 13 N
                                          LONGITUDE: 118 29 W

  TEMPERATURE IN F:       :PCPN:    SNOW:  WIND      :SUNSHINE: SKY     :PK WND
================================================================================
1   2   3   4   5  6A  6B    7    8   9   10  11  12  13   14  15   16   17  18
                                     12Z  AVG MX 2MIN
DY MAX MIN AVG DEP HDD CDD  WTR  SNW DPTH SPD SPD DIR MIN PSBL S-S WX    SPD DR
================================================================================

 1  79  48  64   8   1   0 0.00  0.0    0  2.5  9 160   M    M   0        13 140
 2  81  47  64   8   1   0 0.00  0.0    0  1.6 12 160   M    M   0        14 150
 3  72  48  60   4   5   0 0.00  0.0    0  4.3 16  10   M    M   0        19  10
 4  68  47  58   2   7   0 0.00  0.0    0 15.5 31  30   M    M   0        43  10
 5  64  53  59   4   6   0 0.00  0.0    0 19.6 35  30   M    M   3 78     44  30
 6  75  56  66  11   0   1 0.00  0.0    0 18.9 32  10   M    M   0 78     41  10
 7  76  62  69  14   0   4 0.00  0.0    0 15.9 28  10   M    M   0 78     38  10
 8  82  58  70  15   0   5 0.00  0.0    0  9.7 20 350   M    M   0        26 350
 9  82  54  68  13   0   3 0.00  0.0    0 14.0 22 350   M    M   0        29  10
10  79  59  69  14   0   4 0.00  0.0    0 11.3 20 350   M    M   1        25 350
11  81  54  68  13   0   3 0.00  0.0    0  8.5 20 360   M    M   1        27 360
12  83  49  66  11   0   1 0.00  0.0    0 10.2 22 360   M    M   0        29 350
13  85  50  68  14   0   3 0.00  0.0    0  3.1 13 360   M    M   0        16 360
14  85  45  65  11   0   0 0.00  0.0    0 10.3 28  20   M    M   0 8      36  20
15  82  53  68  14   0   3 0.00  0.0    0  5.8 21 360   M    M   1 8      26  10
================================================================================
SM 1174  783        20  27  0.00     0.0 151.2          M        6
================================================================================
AV 78.3 52.2                              10.1 FASTST   M    M   0    MAX(MPH)
                                 MISC ---->  # 35  30               # 44   30
================================================================================
NOTES:
# LAST OF SEVERAL OCCURRENCES

COLUMN 17 PEAK WIND IN M.P.H.

PRELIMINARY LOCAL CLIMATOLOGICAL DATA (WS FORM: F-6) , PAGE 2

                                          STATION:  VAN NUYS AIRPORT CA
                                          MONTH:    DECEMBER
                                          YEAR:     2017
                                          LATITUDE:   34 13 N
                                          LONGITUDE: 118 29 W

[TEMPERATURE DATA]      [PRECIPITATION DATA]       SYMBOLS USED IN COLUMN 16

AVERAGE MONTHLY: 65.2   TOTAL FOR MONTH:   0.00    1 = FOG OR MIST
DPTR FM NORMAL:  10.2   DPTR FM NORMAL:   -0.71    2 = FOG REDUCING VISIBILITY
HIGHEST:    85 ON 14,13 GRTST 24HR  0.00 ON 15-15      TO 1/4 MILE OR LESS
LOWEST:     45 ON 14                               3 = THUNDER
                        SNOW, ICE PELLETS, HAIL    4 = ICE PELLETS
                        TOTAL MONTH:   0.0 INCH    5 = HAIL
                        GRTST 24HR     0.0         6 = FREEZING RAIN OR DRIZZLE
                        GRTST DEPTH:   0           7 = DUSTSTORM OR SANDSTORM:
                                                       VSBY 1/2 MILE OR LESS
                                                   8 = SMOKE OR HAZE
[NO. OF DAYS WITH]      [WEATHER - DAYS WITH]      9 = BLOWING SNOW
                                                   X = TORNADO
MAX 32 OR BELOW:   0    0.01 INCH OR MORE:   0
MAX 90 OR ABOVE:   0    0.10 INCH OR MORE:   0
MIN 32 OR BELOW:   0    0.50 INCH OR MORE:   0
MIN  0 OR BELOW:   0    1.00 INCH OR MORE:   0

[HDD (BASE 65) ]
TOTAL THIS MO.    20    CLEAR  (SCALE 0-3)  15
DPTR FM NORMAL  -130    PTCLDY (SCALE 4-7)   0
TOTAL FM JUL 1    65    CLOUDY (SCALE 8-10)  0
DPTR FM NORMAL  -295

[CDD (BASE 65) ]
TOTAL THIS MO.    27
DPTR FM NORMAL    27    [PRESSURE DATA]
TOTAL FM JAN 1  2243    HIGHEST SLP M ON M
DPTR FM NORMAL   701    LOWEST  SLP 29.87 ON M

[REMARKS]
