556
CXUS55 KLOX 271655
CF6VNY
PRELIMINARY LOCAL CLIMATOLOGICAL DATA (WS FORM: F-6)

                                          STATION:   VAN NUYS AIRPORT CA
                                          MONTH:     JULY
                                          YEAR:      2016
                                          LATITUDE:   34 13 N
                                          LONGITUDE: 118 29 W

  TEMPERATURE IN F:       :PCPN:    SNOW:  WIND      :SUNSHINE: SKY     :PK WND
================================================================================
1   2   3   4   5  6A  6B    7    8   9   10  11  12  13   14  15   16   17  18
                                     12Z  AVG MX 2MIN
DY MAX MIN AVG DEP HDD CDD  WTR  SNW DPTH SPD SPD DIR MIN PSBL S-S WX    SPD DR
================================================================================

 1  85  64  75   0   0  10 0.00  0.0    0  5.5 15 160   M    M   2 18     18 160
 2  87  63  75   0   0  10 0.00  0.0    0  5.4 14 160   M    M   4        18 170
 3  84  61  73  -2   0   8 0.00  0.0    0  5.6 14 130   M    M   3 1      19 160
 4  84  60  72  -3   0   7 0.00  0.0    0  5.0 13 140   M    M   3        18 160
 5  84  61  73  -2   0   8 0.00  0.0    0  5.3 15 160   M    M   3        19 130
 6  83  61  72  -4   0   7 0.00  0.0    0  5.6 16 150   M    M   3 1      23 130
 7  87  61  74  -2   0   9 0.00  0.0    0  6.1 15 170   M    M   3 18     20 150
 8  90  60  75  -1   0  10 0.00  0.0    0  5.6 15 170   M    M   2 18     19 170
 9  91  64  78   2   0  13 0.00  0.0    0  5.6 14 140   M    M   0        19 150
10  90  65  78   2   0  13 0.00  0.0    0  5.7 15 160   M    M   0        20 160
11  88  63  76   0   0  11 0.00  0.0    0  5.8 16 160   M    M   1        20 140
12  86  62  74  -2   0   9 0.00  0.0    0  5.2 14 120   M    M   3        19 130
13  94  64  79   3   0  14 0.00  0.0    0  5.2 15 140   M    M   0        20 140
14  92  63  78   1   0  13 0.00  0.0    0  6.1 15 160   M    M   1 18     22 140
15  92  63  78   1   0  13 0.00  0.0    0  6.0 14 130   M    M   1 18     20 150
16  92  62  77   0   0  12 0.00  0.0    0  5.9 15 150   M    M   2 18     19 130
17  88  60  74  -3   0   9 0.00  0.0    0  6.3 14 160   M    M   0 8      19 150
18  92  60  76  -1   0  11 0.00  0.0    0  4.6 14 140   M    M   1 18     19 130
19  98  64  81   4   0  16 0.00  0.0    0  3.8 13 150   M    M   0        16 130
20 103  67  85   8   0  20 0.00  0.0    0  3.8 13 290   M    M   0        17 170
21 104  69  87  10   0  22 0.00  0.0    0  3.6 13 130   M    M   0        19 160
22 108  71  90  13   0  25 0.00  0.0    0  6.0 20  10   M    M   0        28 330
23 104  74  89  12   0  24 0.00  0.0    0  4.8 21 360   M    M   4 8      26 350
24  96  67  82   5   0  17 0.00  0.0    0  5.4 15 190   M    M   0 8      20 140
25 102  69  86   9   0  21 0.00  0.0    0  5.3 16 140   M    M   0 8      19 140
26 101  73  87  10   0  22 0.00  0.0    0  4.7 13 130   M    M   0 8      17 150
================================================================================
SM 2405 1671         0 354  0.00     0.0 137.8          M       36
================================================================================
AV 92.5 64.3                               5.3 FASTST   M    M   1    MAX(MPH)
                                 MISC ---->  # 21 360                 28    M
================================================================================
NOTES:
# LAST OF SEVERAL OCCURRENCES

COLUMN 17 PEAK WIND IN M.P.H.

PRELIMINARY LOCAL CLIMATOLOGICAL DATA (WS FORM: F-6) , PAGE 2

                                          STATION:  VAN NUYS AIRPORT CA
                                          MONTH:    JULY
                                          YEAR:     2016
                                          LATITUDE:   34 13 N
                                          LONGITUDE: 118 29 W

[TEMPERATURE DATA]      [PRECIPITATION DATA]       SYMBOLS USED IN COLUMN 16

AVERAGE MONTHLY: 78.4   TOTAL FOR MONTH:   0.00    1 = FOG OR MIST
DPTR FM NORMAL:   2.1   DPTR FM NORMAL:    0.00    2 = FOG REDUCING VISIBILITY
HIGHEST:   108 ON 22    GRTST 24HR  0.00 ON 26-26      TO 1/4 MILE OR LESS
LOWEST:     60 ON 18,17                            3 = THUNDER
                        SNOW, ICE PELLETS, HAIL    4 = ICE PELLETS
                        TOTAL MONTH:   0.0 INCH    5 = HAIL
                        GRTST 24HR     0.0         6 = FREEZING RAIN OR DRIZZLE
                        GRTST DEPTH:   0           7 = DUSTSTORM OR SANDSTORM:
                                                       VSBY 1/2 MILE OR LESS
                                                   8 = SMOKE OR HAZE
[NO. OF DAYS WITH]      [WEATHER - DAYS WITH]      9 = BLOWING SNOW
                                                   X = TORNADO
MAX 32 OR BELOW:   0    0.01 INCH OR MORE:   0
MAX 90 OR ABOVE:  16    0.10 INCH OR MORE:   0
MIN 32 OR BELOW:   0    0.50 INCH OR MORE:   0
MIN  0 OR BELOW:   0    1.00 INCH OR MORE:   0

[HDD (BASE 65) ]
TOTAL THIS MO.     0    CLEAR  (SCALE 0-3)  23
DPTR FM NORMAL     0    PTCLDY (SCALE 4-7)   3
TOTAL FM JUL 1     0    CLOUDY (SCALE 8-10)  0
DPTR FM NORMAL     0

[CDD (BASE 65) ]
TOTAL THIS MO.   354
DPTR FM NORMAL    60    [PRESSURE DATA]
TOTAL FM JAN 1   954    HIGHEST SLP M ON M
DPTR FM NORMAL   307    LOWEST  SLP 29.75 ON 23

[REMARKS]
