000
CXUS52 KMLB 290710
CF6VRB
PRELIMINARY LOCAL CLIMATOLOGICAL DATA (WS FORM: F-6)

                                          STATION:   VERO BEACH
                                          MONTH:     JUNE
                                          YEAR:      2017
                                          LATITUDE:   27 39 N
                                          LONGITUDE:  80 25 W

  TEMPERATURE IN F:       :PCPN:    SNOW:  WIND      :SUNSHINE: SKY     :PK WND
================================================================================
1   2   3   4   5  6A  6B    7    8   9   10  11  12  13   14  15   16   17  18
                                     12Z  AVG MX 2MIN
DY MAX MIN AVG DEP HDD CDD  WTR  SNW DPTH SPD SPD DIR MIN PSBL S-S WX    SPD DR
================================================================================

 1  90  73  82   3   0  17    T  0.0    0  7.3 20 150   M    M   2 13     24 150
 2  86  74  80   1   0  15 0.33  0.0    0  3.7 18 140   M    M   2 13     22 140
 3  85  72  79   0   0  14 0.02  0.0    0  5.6 20 130   M    M   5 1      24 120
 4  84  70  77  -2   0  12 0.05  0.0    0  4.5 17 180   M    M   3 13     20 180
 5  87  74  81   2   0  16 0.26  0.0    0  5.2 16 120   M    M   4 138    20 120
 6  86  73  80   0   0  15 0.62  0.0    0  9.9 22 190   M    M   5 13     26 200
 7  84  71  78  -2   0  13 1.13  0.0    0 12.6 26 280   M    M   5 13     32 280
 8  90  73  82   2   0  17 0.67  0.0    0 10.7 26 260   M    M   8 138    38 270
 9  86  72  79  -1   0  14 0.00  0.0    0  6.6 14  50   M    M   3 1      18  50
10  88  75  82   2   0  17 1.28  0.0    0  3.9 14 100   M    M   4 13     18  50
11  87  73  80   0   0  15 0.04  0.0    0  5.8 14  70   M    M   1 13     19  70
12  87  77  82   2   0  17 0.00  0.0    0  6.4 14 110   M    M   2        19  90
13  88  75  82   2   0  17    T  0.0    0  8.0 17 130   M    M   1 3      21 130
14  87  72  80   0   0  15 0.16  0.0    0  4.1 21 250   M    M   2 138    28 260
15  84  72  78  -2   0  13 0.25  0.0    0  2.7 14 250   M    M   3 13     17 250
16  87  69  78  -2   0  13 1.31  0.0    0  5.4 30 250   M    M   3 123    36 250
17  88  70  79  -1   0  14 0.00  0.0    0  6.4 20 130   M    M   1 3      23 130
18  87  75  81   1   0  16 0.02  0.0    0  6.9 22 150   M    M   3 3      31 150
19  89  75  82   2   0  17 0.00  0.0    0  9.1 25 130   M    M   2        33 150
20  89  80  85   4   0  20 0.00  0.0    0 15.3 25 130   M    M   1        33 120
21  91  80  86   5   0  21 0.00  0.0    0 14.2 25 130   M    M   3        35 130
22  89  80  85   4   0  20 0.00  0.0    0 10.8 20 140   M    M   2 1      25 130
23  90  72  81   0   0  16 0.00  0.0    0 11.0 22 130   M    M   2        25 140
24  92  73  83   2   0  18 0.00  0.0    0  9.2 21 130   M    M   3        26 130
25  90  72  81   0   0  16 0.00  0.0    0  8.1 17 130   M    M   2 12     21 140
26  93  73  83   2   0  18 0.00  0.0    0  8.0 20 140   M    M   3        23 130
27  93  76  85   4   0  20 0.22  0.0    0  5.8 14 100   M    M   3 13     17 110
28  88  74  81   0   0  16    T  0.0    0  5.9 16  90   M    M   2 13     21  40
================================================================================
SM 2465 2065         0 452  6.36     0.0 213.1          M       80
================================================================================
AV 88.0 73.8                               7.6 FASTST   M    M   3    MAX(MPH)
                                 MISC ---->  # 30 250               # 38  270
================================================================================
NOTES:
# LAST OF SEVERAL OCCURRENCES

COLUMN 17 PEAK WIND IN M.P.H.

PRELIMINARY LOCAL CLIMATOLOGICAL DATA (WS FORM: F-6) , PAGE 2

                                          STATION:  VERO BEACH
                                          MONTH:    JUNE
                                          YEAR:     2017
                                          LATITUDE:   27 39 N
                                          LONGITUDE:  80 25 W

[TEMPERATURE DATA]      [PRECIPITATION DATA]       SYMBOLS USED IN COLUMN 16

AVERAGE MONTHLY: 80.9   TOTAL FOR MONTH:   6.36    1 = FOG OR MIST
DPTR FM NORMAL:   0.7   DPTR FM NORMAL:    0.15    2 = FOG REDUCING VISIBILITY
HIGHEST:    93 ON 27,26 GRTST 24HR  1.31 ON 16-16      TO 1/4 MILE OR LESS
LOWEST:     69 ON 16                               3 = THUNDER
                        SNOW, ICE PELLETS, HAIL    4 = ICE PELLETS
                        TOTAL MONTH:   0.0 INCH    5 = HAIL
                        GRTST 24HR     0.0         6 = FREEZING RAIN OR DRIZZLE
                        GRTST DEPTH:   0           7 = DUSTSTORM OR SANDSTORM:
                                                       VSBY 1/2 MILE OR LESS
                                                   8 = SMOKE OR HAZE
[NO. OF DAYS WITH]      [WEATHER - DAYS WITH]      9 = BLOWING SNOW
                                                   X = TORNADO
MAX 32 OR BELOW:   0    0.01 INCH OR MORE:  14
MAX 90 OR ABOVE:   8    0.10 INCH OR MORE:  10
MIN 32 OR BELOW:   0    0.50 INCH OR MORE:   5
MIN  0 OR BELOW:   0    1.00 INCH OR MORE:   3

[HDD (BASE 65) ]
TOTAL THIS MO.     0    CLEAR  (SCALE 0-3)  19
DPTR FM NORMAL     0    PTCLDY (SCALE 4-7)   8
TOTAL FM JUL 1   185    CLOUDY (SCALE 8-10)  1
DPTR FM NORMAL  -271

[CDD (BASE 65) ]
TOTAL THIS MO.   452
DPTR FM NORMAL    27    [PRESSURE DATA]
TOTAL FM JAN 1  1517    HIGHEST SLP M ON M
DPTR FM NORMAL   286    LOWEST  SLP 29.69 ON M

[REMARKS]
