000
CXUS51 KBTV 250700
CF6VSF
PRELIMINARY LOCAL CLIMATOLOGICAL DATA (WS FORM: F-6)

                                          STATION:   SPRINGFIELD VT
                                          MONTH:     OCTOBER
                                          YEAR:      2014
                                          LATITUDE:   43 19 N
                                          LONGITUDE:  72 31 W

  TEMPERATURE IN F:       :PCPN:    SNOW:  WIND      :SUNSHINE: SKY     :PK WND
================================================================================
1   2   3   4   5  6A  6B    7    8   9   10  11  12  13   14  15   16   17  18
                                     12Z  AVG MX 2MIN
DY MAX MIN AVG DEP HDD CDD  WTR  SNW DPTH SPD SPD DIR MIN PSBL S-S WX    SPD DR
================================================================================

 1  61  56  59   7   6   0 0.32  0.0    0  0.3  6 150   M    M  10 1       7 140
 2  68  50  59   7   6   0 0.01  0.0    0  1.9  9 130   M    M   8 12     12  60
 3  69  47  58   6   7   0 0.00  0.0    0  2.0 12 170   M    M   5 12     15 150
 4  56  50  53   2  12   0 1.53  0.0    0  1.4 10 330   M    M  10 12     15 320
 5  59  35  47  -4  18   0 0.00  0.0    0  4.8 16 270   M    M   2 12     22 280
 6  62  33  48  -2  17   0 0.00  0.0    0  3.0 17 160   M    M   5 12     24 170
 7  69  47  58   8   7   0 0.03    M    0  3.4 16 160   M    M   8 1      23 150
 8  67  51  59   9   6   0 0.38  0.0    0  8.3 23 250   M    M   6 13     30 240
 9  59  40  50   1  15   0 0.00  0.0    0  5.7 23 250   M    M   5        33 240
10  57  35  46  -3  19   0 0.00  0.0    0  4.0 21 260   M    M   4        24 260
11  58  35  47  -1  18   0 0.00  0.0    0  0.7  6  60   M    M   6 1       9  40
12  60  32  46  -2  19   0 0.00  0.0    0  0.7  9 110   M    M   4 12     13 120
13  56  30  43  -5  22   0 0.00  0.0    0  0.7  6 150   M    M   9 12      8 150
14  75  50  63  15   2   0 0.00  0.0    0  3.4 17 180   M    M   8        23 150
15  78  62  70  23   0   5 0.05  0.0    0  4.1 17 160   M    M   9 1      23 170
16  71  56  64  17   1   0 0.86  0.0    0  3.0 24 170   M    M   8 12     33 160
17  68  49  59  13   6   0    T    M    0  3.4 18 270   M    M   5 12     26 270
18  60  46  53   7  12   0 0.06    M    0  3.0 15 290   M    M   8 13     23 280
19  50  38  44  -2  21   0    T    M    0  8.2 14 330   M    M   8        23 330
20  55  27  41  -5  24   0    T    M    0  1.7 13 210   M    M   5        16 210
21  50  43  47   2  18   0 0.06    M    0  1.7  8  10   M    M  10 1      11  10
22  51  47  49   4  16   0 0.31    M    0  6.5 14  10   M    M  10 18     23  20
23  50  46  48   3  17   0 1.20    M    0  6.8 15  20   M    M  10 1      27  10
24  49  41  45   1  20   0 0.06  0.0    0  5.4 17 270   M    M   9 1      22 280
================================================================================
SM 1458 1046       309   5  4.87     0.0  84.1          M      172
================================================================================
AV 60.8 43.6                               3.5 FASTST   M    M   7    MAX(MPH)
                                 MISC ---->  # 24 170               # 33  240
================================================================================
NOTES:
# LAST OF SEVERAL OCCURRENCES

COLUMN 17 PEAK WIND IN M.P.H.

PRELIMINARY LOCAL CLIMATOLOGICAL DATA (WS FORM: F-6) , PAGE 2

                                          STATION:  SPRINGFIELD VT
                                          MONTH:    OCTOBER
                                          YEAR:     2014
                                          LATITUDE:   43 19 N
                                          LONGITUDE:  72 31 W

[TEMPERATURE DATA]      [PRECIPITATION DATA]       SYMBOLS USED IN COLUMN 16

AVERAGE MONTHLY: 52.2   TOTAL FOR MONTH:   4.87    1 = FOG OR MIST
DPTR FM NORMAL:   4.0   DPTR FM NORMAL:    1.24    2 = FOG REDUCING VISIBILITY
HIGHEST:    78 ON 15    GRTST 24HR  1.53 ON  4- 4      TO 1/4 MILE OR LESS
LOWEST:     27 ON 20                               3 = THUNDER
                        SNOW, ICE PELLETS, HAIL    4 = ICE PELLETS
                        TOTAL MONTH:   0.0 INCH    5 = HAIL
                        GRTST 24HR     0.0         6 = FREEZING RAIN OR DRIZZLE
                        GRTST DEPTH:   0           7 = DUSTSTORM OR SANDSTORM:
                                                       VSBY 1/2 MILE OR LESS
                                                   8 = SMOKE OR HAZE
[NO. OF DAYS WITH]      [WEATHER - DAYS WITH]      9 = BLOWING SNOW
                                                   X = TORNADO
MAX 32 OR BELOW:   0    0.01 INCH OR MORE:  12
MAX 90 OR ABOVE:   0    0.10 INCH OR MORE:   6
MIN 32 OR BELOW:   3    0.50 INCH OR MORE:   3
MIN  0 OR BELOW:   0    1.00 INCH OR MORE:   2

[HDD (BASE 65) ]
TOTAL THIS MO.   309    CLEAR  (SCALE 0-3)   1
DPTR FM NORMAL   -97    PTCLDY (SCALE 4-7)  13
TOTAL FM JUL 1   525    CLOUDY (SCALE 8-10) 10
DPTR FM NORMAL  -133

[CDD (BASE 65) ]
TOTAL THIS MO.     5
DPTR FM NORMAL     5    [PRESSURE DATA]
TOTAL FM JAN 1   282    HIGHEST SLP M ON M
DPTR FM NORMAL   -62    LOWEST  SLP 29.52 ON 18

[REMARKS]
