000
CXUS51 KAKQ 241010
CF6WAL
PRELIMINARY LOCAL CLIMATOLOGICAL DATA (WS FORM: F-6)

                                          STATION:   WALLOPS ISLAND VA
                                          MONTH:     DECEMBER
                                          YEAR:      2014
                                          LATITUDE:   37 55 N
                                          LONGITUDE:  75 28 W

  TEMPERATURE IN F:       :PCPN:    SNOW:  WIND      :SUNSHINE: SKY     :PK WND
================================================================================
1   2   3   4   5  6A  6B    7    8   9   10  11  12  13   14  15   16   17  18
                                     12Z  AVG MX 2MIN
DY MAX MIN AVG DEP HDD CDD  WTR  SNW DPTH SPD SPD DIR MIN PSBL S-S WX    SPD DR
================================================================================

 1  71  45  58  13   7   0 0.00  0.0    0  9.4 22  20   M    M   3        29  30
 2  47  40  44   0  21   0 0.01  0.0    0  9.2 24  70   M    M  10 1      30  70
 3  58  41  50   6  15   0    T  0.0    0  7.4 16 270   M    M   8 1      24 250
 4  47  34  41  -3  24   0 0.01  0.0    0  4.7 13  20   M    M   4        16  30
 5  53  39  46   3  19   0 0.02  0.0    0  4.6  9  70   M    M   7        12  70
 6  59  46  53  10  12   0 0.39  0.0    0  3.7 17 360   M    M   9 1      26  10
 7  49  36  43   0  22   0 0.01  0.0    0 16.5 25  40   M    M   4 1      35  20
 8  48  36  42   0  23   0 0.25  0.0    0 16.2 26  60   M    M  10 18     35  50
 9  50  41  46   4  19   0 0.26  0.0    0 11.7 37  60   M    M  10 1      46  70
10  48  38  43   1  22   0    T  0.0    0 13.5 23 320   M    M   7        31 330
11  44  34  39  -3  26   0 0.00  0.0    0  8.6 17 310   M    M   3        24 310
12  44  34  39  -2  26   0 0.00  0.0    0  8.1 18 320   M    M   9        23 330
13  45  29  37  -4  28   0 0.00  0.0    0  6.9 17 320   M    M   0 18     24 330
14  48  31  40  -1  25   0 0.00  0.0    0  5.1 13 310   M    M   6 1      17 320
15  48  36  42   2  23   0 0.00  0.0    0  3.5  9 190   M    M   7 1      11 190
16  56  37  47   7  18   0 0.21  0.0    0  6.3 14 190   M    M   6 12     18 330
17  53  37  45   5  20   0 0.00  0.0    0  7.0 15 310   M    M   2 1      20 300
18  42  31  37  -3  28   0 0.00  0.0    0  8.4 21 320   M    M   2        29 330
19  40  28  34  -6  31   0 0.00  0.0    0  7.4 16 330   M    M   6        23 330
20  37  25  31  -8  34   0 0.00  0.0    0  3.5  8 360   M    M   3        11  10
21  44  28  36  -3  29   0 0.00  0.0    0  3.5  8 330   M    M   6 1      11 350
22  50  30  40   1  25   0 0.19    M    0 13.2 23  60   M    M   9 18     29  60
23  52  46  49  10  16   0 0.01  0.0    0  5.6 16  70   M    M   9 12     21  70
================================================================================
SM 1133  822       513   0  1.36     0.0 184.0          M      140
================================================================================
AV 49.3 35.7                               8.0 FASTST   M    M   6    MAX(MPH)
                                 MISC ---->  # 37  60               # 46   70
================================================================================
NOTES:
# LAST OF SEVERAL OCCURRENCES

COLUMN 17 PEAK WIND IN M.P.H.

PRELIMINARY LOCAL CLIMATOLOGICAL DATA (WS FORM: F-6) , PAGE 2

                                          STATION:  WALLOPS ISLAND VA
                                          MONTH:    DECEMBER
                                          YEAR:     2014
                                          LATITUDE:   37 55 N
                                          LONGITUDE:  75 28 W

[TEMPERATURE DATA]      [PRECIPITATION DATA]       SYMBOLS USED IN COLUMN 16

AVERAGE MONTHLY: 42.5   TOTAL FOR MONTH:   1.36    1 = FOG OR MIST
DPTR FM NORMAL:   1.1   DPTR FM NORMAL:   -1.26    2 = FOG REDUCING VISIBILITY
HIGHEST:    71 ON  1    GRTST 24HR  0.49 ON  8- 9      TO 1/4 MILE OR LESS
LOWEST:     25 ON 20                               3 = THUNDER
                        SNOW, ICE PELLETS, HAIL    4 = ICE PELLETS
                        TOTAL MONTH:   0.0 INCH    5 = HAIL
                        GRTST 24HR     0.0         6 = FREEZING RAIN OR DRIZZLE
                        GRTST DEPTH:   0           7 = DUSTSTORM OR SANDSTORM:
                                                       VSBY 1/2 MILE OR LESS
                                                   8 = SMOKE OR HAZE
[NO. OF DAYS WITH]      [WEATHER - DAYS WITH]      9 = BLOWING SNOW
                                                   X = TORNADO
MAX 32 OR BELOW:   0    0.01 INCH OR MORE:  10
MAX 90 OR ABOVE:   0    0.10 INCH OR MORE:   5
MIN 32 OR BELOW:   7    0.50 INCH OR MORE:   0
MIN  0 OR BELOW:   0    1.00 INCH OR MORE:   0

[HDD (BASE 65) ]
TOTAL THIS MO.   513    CLEAR  (SCALE 0-3)   6
DPTR FM NORMAL   -27    PTCLDY (SCALE 4-7)   9
TOTAL FM JUL 1  1207    CLOUDY (SCALE 8-10)  8
DPTR FM NORMAL   -37

[CDD (BASE 65) ]
TOTAL THIS MO.     0
DPTR FM NORMAL     0    [PRESSURE DATA]
TOTAL FM JAN 1  1352    HIGHEST SLP M ON M
DPTR FM NORMAL   155    LOWEST  SLP 29.79 ON 10

[REMARKS]
