000
CXUS55 KLOX 271655
CF6WJF
PRELIMINARY LOCAL CLIMATOLOGICAL DATA (WS FORM: F-6)

                                          STATION:   LANCASTER FOX FIELD CA
                                          MONTH:     MAY
                                          YEAR:      2015
                                          LATITUDE:   34 43 N
                                          LONGITUDE: 118 13 W

  TEMPERATURE IN F:       :PCPN:    SNOW:  WIND      :SUNSHINE: SKY     :PK WND
================================================================================
1   2   3   4   5  6A  6B    7    8   9   10  11  12  13   14  15   16   17  18
                                     12Z  AVG MX 2MIN
DY MAX MIN AVG DEP HDD CDD  WTR  SNW DPTH SPD SPD DIR MIN PSBL S-S WX    SPD DR
================================================================================

 1  87  56  72   8   0   7 0.00  0.0    M 11.4 26 240   M    M   0        33 240
 2  85  47  66   2   0   1 0.00  0.0    0 14.2 31 250   M    M   0        38 250
 3  82  51  67   3   0   2 0.00  0.0    0 14.6 28 230   M    M   0        35 250
 4  78  53  66   1   0   1 0.00  0.0    0 18.4 32 240   M    M   0        40 250
 5  71  50  61  -4   4   0 0.00  0.0    0 21.9 36 220   M    M   0        44 220
 6  68  50  59  -6   6   0 0.00  0.0    0 23.2 35 220   M    M   0        44 220
 7  62  40  51 -15  14   0 0.19    M    0 19.2 36 210   M    M   3 1      44 200
 8  58  42  50 -16  15   0 0.00  0.0    0 15.0 24 240   M    M   7        32 210
 9  72  48  60  -6   5   0 0.00  0.0    0 14.6 26 250   M    M   0        31 260
10  83  49  66  -1   0   1 0.00  0.0    0  6.6 22 240   M    M   0        27 240
11  81  51  66  -1   0   1 0.00  0.0    0 11.2 29 210   M    M   0        35 220
12  75  52  64  -3   1   0 0.00  0.0    0 17.4 28 220   M    M   0        36 210
13  68  48  58 -10   7   0 0.00  0.0    0 18.3 28 240   M    M   0        34 250
14  59  46  53 -15  12   0 0.09    M    0 14.1 25 220   M    M   6 1      31 210
15  64  43  54 -14  11   0 0.00  0.0    0 15.4 29 290   M    M   3        36 280
16  70  50  60  -8   5   0 0.00  0.0    0 17.3 30 230   M    M   0        38 220
17  74  50  62  -7   3   0 0.00  0.0    0 12.4 29 220   M    M   1        35 210
18  69  50  60  -9   5   0 0.00  0.0    0 18.1 31 220   M    M   0        37 210
19  74  50  62  -7   3   0 0.00  0.0    0 16.3 26 220   M    M   0        33 210
20  74  53  64  -5   1   0 0.00  0.0    0 16.0 29 250   M    M   0        33 240
21  66  51  59 -11   6   0 0.00  0.0    0 20.0 32 220   M    M   0        40 210
22  69  50  60 -10   5   0 0.00  0.0    0 22.0 33 270   M    M   2        39 270
23  73  52  63  -7   2   0 0.00  0.0    0 20.0 32 220   M    M   0        39 260
24  81  54  68  -2   0   3 0.00  0.0    0 13.9 28 250   M    M   0        33 240
25  81  55  68  -3   0   3 0.00  0.0    0 14.1 29 240   M    M   0        33 230
26  83  53  68  -3   0   3 0.00  0.0    0 13.5 28 240   M    M   0        33 240
================================================================================
SM 1907 1294       105  22  0.28     0.0 419.1          M       22
================================================================================
AV 73.3 49.8                              16.1 FASTST   M    M   1    MAX(MPH)
                                 MISC ---->    36   M               # 44  220
================================================================================
NOTES:
# LAST OF SEVERAL OCCURRENCES

COLUMN 17 PEAK WIND IN M.P.H.

PRELIMINARY LOCAL CLIMATOLOGICAL DATA (WS FORM: F-6) , PAGE 2

                                          STATION:  LANCASTER FOX FIELD CA
                                          MONTH:    MAY
                                          YEAR:     2015
                                          LATITUDE:   34 43 N
                                          LONGITUDE: 118 13 W

[TEMPERATURE DATA]      [PRECIPITATION DATA]       SYMBOLS USED IN COLUMN 16

AVERAGE MONTHLY: 61.6   TOTAL FOR MONTH:   0.28    1 = FOG OR MIST
DPTR FM NORMAL:  -6.0   DPTR FM NORMAL:    0.20    2 = FOG REDUCING VISIBILITY
HIGHEST:    87 ON  1    GRTST 24HR  0.19 ON  7- 7      TO 1/4 MILE OR LESS
LOWEST:     40 ON  7                               3 = THUNDER
                        SNOW, ICE PELLETS, HAIL    4 = ICE PELLETS
                        TOTAL MONTH:   0.0 INCH    5 = HAIL
                        GRTST 24HR     0.0         6 = FREEZING RAIN OR DRIZZLE
                        GRTST DEPTH:   0           7 = DUSTSTORM OR SANDSTORM:
                                                       VSBY 1/2 MILE OR LESS
                                                   8 = SMOKE OR HAZE
[NO. OF DAYS WITH]      [WEATHER - DAYS WITH]      9 = BLOWING SNOW
                                                   X = TORNADO
MAX 32 OR BELOW:   0    0.01 INCH OR MORE:   2
MAX 90 OR ABOVE:   0    0.10 INCH OR MORE:   1
MIN 32 OR BELOW:   0    0.50 INCH OR MORE:   0
MIN  0 OR BELOW:   0    1.00 INCH OR MORE:   0

[HDD (BASE 65) ]
TOTAL THIS MO.   105    CLEAR  (SCALE 0-3)  24
DPTR FM NORMAL    50    PTCLDY (SCALE 4-7)   2
TOTAL FM JUL 1  2376    CLOUDY (SCALE 8-10)  0
DPTR FM NORMAL  -547

[CDD (BASE 65) ]
TOTAL THIS MO.    22
DPTR FM NORMAL   -99    [PRESSURE DATA]
TOTAL FM JAN 1    50    HIGHEST SLP M ON M
DPTR FM NORMAL  -101    LOWEST  SLP 29.75 ON M

[REMARKS]
