000
CXUS56 KLKN 231009
CF6WMC
PRELIMINARY LOCAL CLIMATOLOGICAL DATA (WS FORM: F-6)

                                          STATION:   WINNEMUCCA AIRPORT NV
                                          MONTH:     SEPTEMBER
                                          YEAR:      2017
                                          LATITUDE:   40 54 N
                                          LONGITUDE: 117 48 W

  TEMPERATURE IN F:       :PCPN:    SNOW:  WIND      :SUNSHINE: SKY     :PK WND
================================================================================
1   2   3   4   5  6A  6B    7    8   9   10  11  12  13   14  15   16   17  18
                                     12Z  AVG MX 2MIN
DY MAX MIN AVG DEP HDD CDD  WTR  SNW DPTH SPD SPD DIR MIN PSBL S-S WX    SPD DR
================================================================================

 1  95  45  70   4   0   5 0.00  0.0    0  3.8 13  50   M    M   0 8      15  30
 2 100  48  74   9   0   9 0.00  0.0    0  4.7 10  50   M    M   0        13  50
 3 103  50  77  12   0  12 0.00  0.0    0  4.2 14  30   M    M   0        18  40
 4 102  55  79  14   0  14 0.00  0.0    0  7.8 17 120   M    M   0        24 130
 5 102  58  80  16   0  15 0.00  0.0    0  4.8 13  50   M    M   0        16  50
 6  98  53  76  12   0  11 0.00  0.0    0  6.4 43 140   M    M   0 8      57 130
 7  93  60  77  13   0  12 0.00  0.0    0  6.7 21 220   M    M   0        27 200
 8  91  49  70   7   0   5 0.02  0.0    0  6.9 25 100   M    M   1        34 110
 9  87  52  70   7   0   5 0.00  0.0    0  3.4 14 180   M    M   1        16 180
10  90  50  70   8   0   5 0.00  0.0    0  7.3 21  30   M    M   0        27  30
11  96  54  75  13   0  10 0.00  0.0    0  7.4 21  40   M    M   0        26  40
12  89  59  74  12   0   9    T  0.0    0  8.1 28 240   M    M   1 8      38 240
13  88  58  73  12   0   8 0.00  0.0    0  6.9 21 260   M    M   1        25 260
14  82  43  63   2   2   0 0.02  0.0    0  9.6 28 310   M    M   2 8      37 310
15  68  33  51 -10  14   0 0.00  0.0    0  6.4 20 330   M    M   1 1      26 330
16  70  28  49 -11  16   0 0.00  0.0    0  4.1 12  30   M    M   0        14  50
17  78  31  55  -5  10   0 0.00  0.0    0  7.4 21 220   M    M   0        26 240
18  76  45  61   2   4   0 0.00  0.0    0 13.4 32 240   M    M   M        38 240
19  65  37  51  -8  14   0 0.00  0.0    0  9.1 22 270   M    M   M        30 280
20  73  36  55  -4  10   0 0.06    M    0 11.8 28 220   M    M   7        40 240
21  55  34  45 -13  20   0 0.06    M    0  8.1 20  40   M    M   7         M  M
22  59  27  43 -15  22   0 0.00  0.0    0  5.7 15 350   M    M   4         M  M
================================================================================
SM 1860 1005       112 120  0.16     0.0 154.0          M       25
================================================================================
AV 84.6 45.7                               7.0 FASTST   M    M   1    MAX(MPH)
                                 MISC ---->  # 43 140               # 57  130
================================================================================
NOTES:
# LAST OF SEVERAL OCCURRENCES

COLUMN 17 PEAK WIND IN M.P.H.

PRELIMINARY LOCAL CLIMATOLOGICAL DATA (WS FORM: F-6) , PAGE 2

                                          STATION:  WINNEMUCCA AIRPORT NV
                                          MONTH:    SEPTEMBER
                                          YEAR:     2017
                                          LATITUDE:   40 54 N
                                          LONGITUDE: 117 48 W

[TEMPERATURE DATA]      [PRECIPITATION DATA]       SYMBOLS USED IN COLUMN 16

AVERAGE MONTHLY: 65.1   TOTAL FOR MONTH:   0.16    1 = FOG OR MIST
DPTR FM NORMAL:   3.3   DPTR FM NORMAL:   -0.13    2 = FOG REDUCING VISIBILITY
HIGHEST:   103 ON  3    GRTST 24HR  0.06 ON 21-21      TO 1/4 MILE OR LESS
LOWEST:     27 ON 22                               3 = THUNDER
                        SNOW, ICE PELLETS, HAIL    4 = ICE PELLETS
                        TOTAL MONTH:   0.0 INCH    5 = HAIL
                        GRTST 24HR     0.0         6 = FREEZING RAIN OR DRIZZLE
                        GRTST DEPTH:   0           7 = DUSTSTORM OR SANDSTORM:
                                                       VSBY 1/2 MILE OR LESS
                                                   8 = SMOKE OR HAZE
[NO. OF DAYS WITH]      [WEATHER - DAYS WITH]      9 = BLOWING SNOW
                                                   X = TORNADO
MAX 32 OR BELOW:   0    0.01 INCH OR MORE:   4
MAX 90 OR ABOVE:  10    0.10 INCH OR MORE:   0
MIN 32 OR BELOW:   3    0.50 INCH OR MORE:   0
MIN  0 OR BELOW:   0    1.00 INCH OR MORE:   0

[HDD (BASE 65) ]
TOTAL THIS MO.   112    CLEAR  (SCALE 0-3)  17
DPTR FM NORMAL    12    PTCLDY (SCALE 4-7)   3
TOTAL FM JUL 1   112    CLOUDY (SCALE 8-10)  0
DPTR FM NORMAL   -18

[CDD (BASE 65) ]
TOTAL THIS MO.   120
DPTR FM NORMAL    91    [PRESSURE DATA]
TOTAL FM JAN 1   927    HIGHEST SLP M ON M
DPTR FM NORMAL   388    LOWEST  SLP 29.59 ON 14

[REMARKS]
