420
CXUS56 KMTR 271000
CF6WVI
PRELIMINARY LOCAL CLIMATOLOGICAL DATA (WS FORM: F-6)

                                          STATION:   WATSONVILLE AIRPORT
                                          MONTH:     AUGUST
                                          YEAR:      2016
                                          LATITUDE:   36 55 N
                                          LONGITUDE: 121 47 W

  TEMPERATURE IN F:       :PCPN:    SNOW:  WIND      :SUNSHINE: SKY     :PK WND
================================================================================
1   2   3   4   5  6A  6B    7    8   9   10  11  12  13   14  15   16   17  18
                                     12Z  AVG MX 2MIN
DY MAX MIN AVG DEP HDD CDD  WTR  SNW DPTH SPD SPD DIR MIN PSBL S-S WX    SPD DR
================================================================================

 1  69  57  63   0   2   0 0.00  0.0    0  5.1 15 240   M    M   7 18     19 220
 2  69  55  62  -1   3   0 0.00  0.0    0  3.5 13 180   M    M   7 1      17 240
 3  65  53  59  -4   6   0    T  0.0    0  4.1 13 210   M    M   9 12     17 220
 4  66  54  60  -3   5   0 0.00  0.0    0  5.5 12 200   M    M   9 1       M  M
 5  67  55  61  -2   4   0    T  0.0    0  4.8 14 200   M    M   7 1      19 190
 6  65  54  60  -3   5   0 0.00  0.0    0  4.6 13 190   M    M   9 1      15 200
 7  70  53  62  -1   3   0 0.00  0.0    0  4.4 12 120   M    M   4        16 190
 8  68  52  60  -3   5   0 0.00  0.0    0  4.7 12 120   M    M   5 1      16 160
 9  67  55  61  -3   4   0    T  0.0    0  3.9 13 200   M    M   9 1      18 190
10  66  54  60  -4   5   0 0.00  0.0    0  3.9 13 210   M    M   8 1      16 170
11  65  54  60  -4   5   0 0.00  0.0    0  4.3 16 240   M    M   7 18     19 230
12  66  54  60  -4   5   0 0.00  0.0    0  3.4 13 200   M    M   7 1      16 200
13  77  54  66   2   0   1 0.00  0.0    0  3.7 13 150   M    M   4 12     17 170
14  73  53  63  -1   2   0 0.00  0.0    0  4.9 12 170   M    M   7 12     16 170
15  68  53  61  -3   4   0    T  0.0    0  4.4 13 200   M    M   8 1      17 230
16  66  53  60  -4   5   0 0.00  0.0    0  4.2 12 210   M    M   7 1      15 210
17  67  53  60  -4   5   0 0.00  0.0    0  3.9 13 180   M    M   6 1      16 210
18  65  54  60  -4   5   0 0.00  0.0    0  4.6 13 230   M    M   8 1      16 220
19  67  56  62  -2   3   0 0.00  0.0    0  4.4 13 250   M    M   6        17 250
20  68  55  62  -2   3   0 0.00  0.0    0  4.1 13 210   M    M   8 1      18 210
21  68  56  62  -2   3   0 0.00  0.0    0  5.0 15 210   M    M   7 1      19 240
22  68  52  60  -4   5   0 0.00  0.0    0  4.3 14 190   M    M   6        20  40
23  68  57  63  -1   2   0 0.00  0.0    0  3.8 13 250   M    M   7 1      17 300
24  69  56  63  -1   2   0 0.00  0.0    0  4.0 12 190   M    M   7        17 160
25  64  55  60  -4   5   0 0.00  0.0    0  3.3 12 210   M    M  10 1      15 230
26  67  57  62  -2   3   0    T  0.0    0  4.5 13 240   M    M  10 1      17 230
================================================================================
SM 1758 1414        99   1    T      0.0 111.3          M      189
================================================================================
AV 67.6 54.4                               4.3 FASTST   M    M   7    MAX(MPH)
                                 MISC ---->  # 16 240               # 20   40
================================================================================
NOTES:
# LAST OF SEVERAL OCCURRENCES

COLUMN 17 PEAK WIND IN M.P.H.

PRELIMINARY LOCAL CLIMATOLOGICAL DATA (WS FORM: F-6) , PAGE 2

                                          STATION:  WATSONVILLE AIRPORT
                                          MONTH:    AUGUST
                                          YEAR:     2016
                                          LATITUDE:   36 55 N
                                          LONGITUDE: 121 47 W

[TEMPERATURE DATA]      [PRECIPITATION DATA]       SYMBOLS USED IN COLUMN 16

AVERAGE MONTHLY: 61.0   TOTAL FOR MONTH:      T    1 = FOG OR MIST
DPTR FM NORMAL:  -2.7   DPTR FM NORMAL:   -0.04    2 = FOG REDUCING VISIBILITY
HIGHEST:    77 ON 13    GRTST 24HR    T  ON 26-26      TO 1/4 MILE OR LESS
LOWEST:     52 ON 22, 8                            3 = THUNDER
                        SNOW, ICE PELLETS, HAIL    4 = ICE PELLETS
                        TOTAL MONTH:   0.0 INCH    5 = HAIL
                        GRTST 24HR     0.0         6 = FREEZING RAIN OR DRIZZLE
                        GRTST DEPTH:   0           7 = DUSTSTORM OR SANDSTORM:
                                                       VSBY 1/2 MILE OR LESS
                                                   8 = SMOKE OR HAZE
[NO. OF DAYS WITH]      [WEATHER - DAYS WITH]      9 = BLOWING SNOW
                                                   X = TORNADO
MAX 32 OR BELOW:   0    0.01 INCH OR MORE:   0
MAX 90 OR ABOVE:   0    0.10 INCH OR MORE:   0
MIN 32 OR BELOW:   0    0.50 INCH OR MORE:   0
MIN  0 OR BELOW:   0    1.00 INCH OR MORE:   0

[HDD (BASE 65) ]
TOTAL THIS MO.    99    CLEAR  (SCALE 0-3)   0
DPTR FM NORMAL    47    PTCLDY (SCALE 4-7)  20
TOTAL FM JUL 1   200    CLOUDY (SCALE 8-10)  6
DPTR FM NORMAL    75

[CDD (BASE 65) ]
TOTAL THIS MO.     1
DPTR FM NORMAL   -22    [PRESSURE DATA]
TOTAL FM JAN 1    28    HIGHEST SLP M ON M
DPTR FM NORMAL   -37    LOWEST  SLP 29.79 ON 17

[REMARKS]
