000
CXUS54 KFWD 190730
CF6XBP
PRELIMINARY LOCAL CLIMATOLOGICAL DATA (WS FORM: F-6)

                                          STATION:   BRIDGEPORT
                                          MONTH:     SEPTEMBER
                                          YEAR:      2017
                                          LATITUDE:   33 10 N
                                          LONGITUDE:  96 30 W

  TEMPERATURE IN F:       :PCPN:    SNOW:  WIND      :SUNSHINE: SKY     :PK WND
================================================================================
1   2   3   4   5  6A  6B    7    8   9   10  11  12  13   14  15   16   17  18
                                     12Z  AVG MX 2MIN
DY MAX MIN AVG DEP HDD CDD  WTR  SNW DPTH SPD SPD DIR MIN PSBL S-S WX    SPD DR
================================================================================

 1  87  61  74  -6   0   9 0.00  0.0    0  0.9  5 170   M    M   0         M  M
 2  92  63  78  -2   0  13 0.00  0.0    0  2.3  8 130   M    M   1         M  M
 3  93  67  80   1   0  15 0.00  0.0    0  3.9  9 190   M    M   0         M  M
 4  93  66  80   1   0  15 0.00  0.0    0  6.3 12 160   M    M   0        16 160
 5  86  65  76  -3   0  11 0.00  0.0    0  5.6 14  20   M    M   1        22  20
 6  83  55  69  -9   0   4 0.00  0.0    0  3.3 10  40   M    M   1        16  20
 7  84  51  68 -10   0   3 0.00  0.0    0  3.3  9 130   M    M   0         M  M
 8  83  52  68 -10   0   3 0.00  0.0    0  4.1 13 150   M    M   0        18 150
 9  84  54  69  -8   0   4 0.00  0.0    0  2.7  9 100   M    M   0         9 130
10  84  54  69  -8   0   4 0.00  0.0    0  2.4  8  80   M    M   0         M  M
11  85  53  69  -8   0   4 0.00  0.0    0  2.0  9 360   M    M   0         M  M
12  85  54  70  -6   0   5 0.00  0.0    0  3.4  9 330   M    M   0         M  M
13  90  53  72  -4   0   7 0.00  0.0    0  2.0  7 110   M    M   0         M  M
14  96  58  77   2   0  12 0.00  0.0    0  5.3 13 160   M    M   0        18 160
15  92  70  81   6   0  16 0.00  0.0    0  8.7 14 150   M    M   0        21 160
16  93  71  82   7   0  17 0.00  0.0    0  7.4 12 170   M    M   0        17 200
17  93  69  81   7   0  16 0.00  0.0    0  5.0 12  30   M    M   0         M  M
18  91  65  78   4   0  13 0.00  0.0    0  4.5 10 150   M    M   1         M  M
================================================================================
SM 1594 1081         0 171  0.00     0.0  73.1          M        4
================================================================================
AV 88.6 60.1                               4.1 FASTST   M    M   0    MAX(MPH)
                                 MISC ---->    14   M                 22    M
================================================================================
NOTES:
# LAST OF SEVERAL OCCURRENCES

COLUMN 17 PEAK WIND IN M.P.H.

PRELIMINARY LOCAL CLIMATOLOGICAL DATA (WS FORM: F-6) , PAGE 2

                                          STATION:  BRIDGEPORT
                                          MONTH:    SEPTEMBER
                                          YEAR:     2017
                                          LATITUDE:   33 10 N
                                          LONGITUDE:  96 30 W

[TEMPERATURE DATA]      [PRECIPITATION DATA]       SYMBOLS USED IN COLUMN 16

AVERAGE MONTHLY: 74.3   TOTAL FOR MONTH:   0.00    1 = FOG OR MIST
DPTR FM NORMAL:  -2.8   DPTR FM NORMAL:   -1.93    2 = FOG REDUCING VISIBILITY
HIGHEST:    96 ON 14    GRTST 24HR  0.00 ON 18-18      TO 1/4 MILE OR LESS
LOWEST:     51 ON  7                               3 = THUNDER
                        SNOW, ICE PELLETS, HAIL    4 = ICE PELLETS
                        TOTAL MONTH:   0.0 INCH    5 = HAIL
                        GRTST 24HR     0.0         6 = FREEZING RAIN OR DRIZZLE
                        GRTST DEPTH:   0           7 = DUSTSTORM OR SANDSTORM:
                                                       VSBY 1/2 MILE OR LESS
                                                   8 = SMOKE OR HAZE
[NO. OF DAYS WITH]      [WEATHER - DAYS WITH]      9 = BLOWING SNOW
                                                   X = TORNADO
MAX 32 OR BELOW:   0    0.01 INCH OR MORE:   0
MAX 90 OR ABOVE:   9    0.10 INCH OR MORE:   0
MIN 32 OR BELOW:   0    0.50 INCH OR MORE:   0
MIN  0 OR BELOW:   0    1.00 INCH OR MORE:   0

[HDD (BASE 65) ]
TOTAL THIS MO.     0    CLEAR  (SCALE 0-3)  18
DPTR FM NORMAL    -1    PTCLDY (SCALE 4-7)   0
TOTAL FM JUL 1     0    CLOUDY (SCALE 8-10)  0
DPTR FM NORMAL    -1

[CDD (BASE 65) ]
TOTAL THIS MO.   171
DPTR FM NORMAL   -48    [PRESSURE DATA]
TOTAL FM JAN 1  2036    HIGHEST SLP M ON M
DPTR FM NORMAL    57    LOWEST  SLP M ON M

[REMARKS]
