698
CXUS54 KTSA 230940
CF6XNA
PRELIMINARY LOCAL CLIMATOLOGICAL DATA (WS FORM: F-6)

                                          STATION:   HIGHFILL ARKANSAS
                                          MONTH:     JANUARY
                                          YEAR:      2018
                                          LATITUDE:   36 16 N
                                          LONGITUDE:  94 19 W

  TEMPERATURE IN F:       :PCPN:    SNOW:  WIND      :SUNSHINE: SKY     :PK WND
================================================================================
1   2   3   4   5  6A  6B    7    8   9   10  11  12  13   14  15   16   17  18
                                     12Z  AVG MX 2MIN
DY MAX MIN AVG DEP HDD CDD  WTR  SNW DPTH SPD SPD DIR MIN PSBL S-S WX    SPD DR
================================================================================

 1  19   2  11 -24  54   0 0.00  0.0    0  8.1 16  20   M    M   0        20  20
 2  21  11  16 -19  49   0 0.00  0.0    0  3.7  8 280   M    M   3        14  80
 3  33  11  22 -13  43   0 0.00  0.0    0  8.4 20 340   M    M   0        23 350
 4  37  12  25 -10  40   0 0.00  0.0    0  4.0  9  50   M    M   0        12  50
 5  50  17  34  -1  31   0 0.00  0.0    0  5.7 15 250   M    M   0        22 250
 6  50  23  37   2  28   0 0.00  0.0    0  6.9 13 100   M    M   0        15 110
 7  46  33  40   5  25   0 0.56  0.0    0 10.1 21 170   M    M   8 1      26 160
 8  48  28  38   3  27   0 0.00  0.0    0  6.2 13 340   M    M   6 128    17 340
 9  47  31  39   4  26   0 0.00  0.0    0  6.3  8 140   M    M   5 12      M  M
10  60  31  46  11  19   0    T  0.0    0 14.7 27 190   M    M   1 1      37 190
11  61  16  39   4  26   0    T    M    0 15.0 18 340   M    M   8 1      33 360
12  29  11  20 -15  45   0    T    M    0 13.3 23 340   M    M   4        29 340
13  30  18  24 -11  41   0 0.00  0.0    0  7.3 14 360   M    M   7         M  M
14  37  25  31  -4  34   0    T    M    0  8.2 14 210   M    M   7        20 210
15  34  11  23 -12  42   0 0.01    M    M 12.0 16 340   M    M   8 1      25 350
16  12   0   6 -29  59   0 0.00  0.0    0  7.8 21 340   M    M   1        26 340
17  29   1  15 -20  50   0 0.00  0.0    0  3.4  9 210   M    M   0        13 210
18  44  14  29  -6  36   0 0.00  0.0    0  9.3 20 210   M    M   0        24 210
19  54  25  40   5  25   0 0.00  0.0    0 11.9 22 200   M    M   1        29 200
20  63  46  55  20  10   0    T    M    0 15.9 25 180   M    M   6        33 200
21  71  54  63  28   2   0 0.96  0.0    0 14.5 37 210   M    M   6 13     60 190
22   M   M   M   M   M   M 0.01    M    0 16.8 25 230   M    M   7        40 270
================================================================================
SM  875  420       712   0  1.54     0.0 209.5          M       78
================================================================================
AV 41.7 20.0                               9.5 FASTST   M    M   4    MAX(MPH)
                                 MISC ---->  # 37 210               # 60  190
================================================================================
NOTES:
# LAST OF SEVERAL OCCURRENCES

COLUMN 17 PEAK WIND IN M.P.H.

PRELIMINARY LOCAL CLIMATOLOGICAL DATA (WS FORM: F-6) , PAGE 2

                                          STATION:  HIGHFILL ARKANSAS
                                          MONTH:    JANUARY
                                          YEAR:     2018
                                          LATITUDE:   36 16 N
                                          LONGITUDE:  94 19 W

[TEMPERATURE DATA]      [PRECIPITATION DATA]       SYMBOLS USED IN COLUMN 16

AVERAGE MONTHLY: 30.8   TOTAL FOR MONTH:   1.54    1 = FOG OR MIST
DPTR FM NORMAL:  -4.2   DPTR FM NORMAL:   -0.33    2 = FOG REDUCING VISIBILITY
HIGHEST:    71 ON 21    GRTST 24HR  0.96 ON 21-21      TO 1/4 MILE OR LESS
LOWEST:      0 ON 16                               3 = THUNDER
                        SNOW, ICE PELLETS, HAIL    4 = ICE PELLETS
                        TOTAL MONTH:   0.0 INCH    5 = HAIL
                        GRTST 24HR     0.0         6 = FREEZING RAIN OR DRIZZLE
                        GRTST DEPTH:   0           7 = DUSTSTORM OR SANDSTORM:
                                                       VSBY 1/2 MILE OR LESS
                                                   8 = SMOKE OR HAZE
[NO. OF DAYS WITH]      [WEATHER - DAYS WITH]      9 = BLOWING SNOW
                                                   X = TORNADO
MAX 32 OR BELOW:   6    0.01 INCH OR MORE:   4
MAX 90 OR ABOVE:   0    0.10 INCH OR MORE:   2
MIN 32 OR BELOW:  18    0.50 INCH OR MORE:   2
MIN  0 OR BELOW:   1    1.00 INCH OR MORE:   0

[HDD (BASE 65) ]
TOTAL THIS MO.   712    CLEAR  (SCALE 0-3)  10
DPTR FM NORMAL    52    PTCLDY (SCALE 4-7)  11
TOTAL FM JUL 1  2130    CLOUDY (SCALE 8-10)  1
DPTR FM NORMAL  -279

[CDD (BASE 65) ]
TOTAL THIS MO.     0
DPTR FM NORMAL     0    [PRESSURE DATA]
TOTAL FM JAN 1     0    HIGHEST SLP M ON M
DPTR FM NORMAL     0    LOWEST  SLP 29.61 ON 21

[REMARKS]
