000
CXAK56 PAYA 010911
CF6YAK

PRELIMINARY LOCAL CLIMATOLOGICAL DATA (WS FORM: F-6)

                                          STATION:   YAKUTAT
                                          MONTH:     09
                                          YEAR:      2014
                                          LATITUDE:   59 31 N
                                          LONGITUDE: 139 40 W

  TEMPERATURE IN F:       :PCPN:    SNOW:  WIND      :SUNSHINE: SKY     :PK WND
================================================================================
1   2   3   4   5  6A  6B    7     8   9   10  11  12  13   14  15   16  17  18
                                      12Z  AVG MX 2MIN
DY MAX MIN AVG DEP HDD CDD  WTR   SNW DPTH SPD SPD DIR MIN PSBL S-S WX   SPD DR
================================================================================

 1  59  41  50  -1  15   0  0.03  0.0   0  2.1  9  260   M    M   M 2     13 270
 2  60  38  49  -2  16   0     T  0.0   0  4.3 10  170   M    M   M 1     14 170
 3  58  51  55   4  10   0  0.17  0.0   0  2.8  9  210   M    M   M 1     12 220
 4  58  51  55   4  10   0  0.67  0.0   0  5.9 14  120   M    M   M 1     23 150
 5  59  53  56   6   9   0  5.07  0.0   0  9.1 18  190   M    M   M 1     25 210
 6  58  54  56   6   9   0  1.11  0.0   0  6.9 20  120   M    M   M 2     28 110
 7  62  46  54   4  11   0  0.56  0.0   0  2.7  8  350   M    M   M 1     10 350
 8  61  41  51   1  14   0  0.00  0.0   0  3.5 10  200   M    M   M 1     13 180
 9  60  41  51   1  14   0     T  0.0   0  3.7 12  150   M    M   M 1     17 150
10  62  49  56   7   9   0  0.40  0.0   0  5.5 15  120   M    M   M 1     20 120
11  60  49  55   6  10   0  0.05  0.0   0  4.5 10  170   M    M   M 1     13  80
12  56  51  54   5  11   0  1.74  0.0   0  6.8 13   70   M    M   M 1     18  80
13  59  54  57   8   8   0  0.62  0.0   0  6.6 12  130   M    M   M 1     15 120
14  57  53  55   6  10   0  0.27  0.0   0  7.8 14  120   M    M   M 1     22 130
15  61  52  57   8   8   0  0.60  0.0   0  4.9 13  100   M    M   M 1     22  90
16  60  47  54   6  11   0  0.38  0.0   0  2.3  8  200   M    M   M 2     13 220
17  54  47  51   3  14   0  0.45  0.0   0  4.7 12   70   M    M   M 1     17  80
18  55  49  52   4  13   0  0.48  0.0   0  6.2 18  110   M    M   M 1     30 130
19  59  50  55   7  10   0  1.08  0.0   0  9.1 20  170   M    M   M 1     32 100
20  52  47  50   2  15   0  0.45  0.0   0  3.1 12   90   M    M   M 1     16 100
21  52  42  47   0  18   0  1.66  0.0   0  3.9 26  260   M    M   M 1     36 260
22  53  39  46  -1  19   0  0.93  0.0   0  6.1 21  200   M    M   M 135   34 190
23  56  35  46  -1  19   0  0.00  0.0   0  2.3  9  330   M    M   M 1     13 340
24  65  30  48   1  17   0  0.00  0.0   0  2.9 15   80   M    M   M 1     24  70
25  64  31  48   1  17   0  0.00  0.0   0  2.1  9  210   M    M   M       13  60
26  50  33  42  -4  23   0  1.17  0.0   0  3.5 10   70   M    M   M 1     14  90
27  54  48  51   5  14   0  1.39  0.0   0  8.2 15   80   M    M   M 1     25 100
28  52  39  46   0  19   0  0.11  0.0   0  1.6  7   20   M    M   M 1      8  30
29  53  46  50   4  15   0  0.14  0.0   0  3.7 15  220   M    M   M 1     20 200
30  52  41  47   1  18   0  0.28  0.0   0  4.3 21  240   M    M   M 135   30 250
================================================================================
SM 1721 1348       406   0 19.81 0.0    141.1           M        M
================================================================================
AV 57.4 44.9                              4.7 FASTST  PSBL  %   M    MAX(MPH)
                                 MISC ---->     26  260                 36 260
================================================================================
NOTES:
# LAST OF SEVERAL OCCURRENCES

COLUMN 17 PEAK WIND IN M.P.H.

PRELIMINARY LOCAL CLIMATOLOGICAL DATA (WS FORM: F-6) , PAGE 2

                                          STATION:   YAKUTAT
                                          MONTH:     09
                                          YEAR:      2014
                                          LATITUDE:  59 31 N
                                          LONGITUDE: 139 40 W

[TEMPERATURE DATA]      [PRECIPITATION DATA]       SYMBOLS USED IN COLUMN 16

AVERAGE MONTHLY:51.1   TOTAL FOR MONTH:19.81       1 = FOG
DPTR FM NORMAL:  2.7   DPTR FM NORMAL: -1.30       2 = FOG REDUCING VISIBILITY
HIGHEST:    65 ON 24    GRTST 24HR   5.07 ON  5        TO 1/4 MILE OR LESS
LOWEST:     30 ON 24                               3 = THUNDER
                        SNOW, ICE PELLETS, HAIL    4 = ICE PELLETS
                        TOTAL MONTH: 0.0         5 = HAIL
                        GRTST 24HR   0.0           6 = GLAZE OR RIME
                        GRTST DEPTH:    0          7 = BLOWING DUST OR SAND:
                                                       VSBY 1/2 MILE OR LESS
                                                   8 = SMOKE OR HAZE
[NO. OF DAYS WITH]      [WEATHER - DAYS WITH]      9 = BLOWING SNOW
                                                   X = TORNADO
MAX 32 OR BELOW:   0    0.01 INCH OR MORE:  24
MAX 70 OR ABOVE:   0    0.10 INCH OR MORE:  22
MIN 32 OR BELOW:   2    0.50 INCH OR MORE:  12
MIN  0 OR BELOW:   0    1.00 INCH OR MORE:   7

[HDD (BASE 65) ]
TOTAL THIS MO.   406    CLEAR  (SCALE 0-3)   M
DPTR FM NORMAL   -92    PTCLDY (SCALE 4-7)   M
SEASONAL TOTAL  1033    CLOUDY (SCALE 8-10)  M
DPTR FM NORMAL  -143

[CDD (BASE 65) ]
TOTAL THIS MO.     0
DPTR FM NORMAL     0    [PRESSURE DATA]
SEASONAL TOTAL     0    HIGHEST SLP     M
DPTR FM NORMAL     0    LOWEST  SLP     M

[REMARKS]
#FINAL-09-14#
