000
CXUS56 KPDT 240532
CF6YKM
PRELIMINARY LOCAL CLIMATOLOGICAL DATA (WS FORM: F-6)

                                          STATION:   YAKIMA WA
                                          MONTH:     JANUARY
                                          YEAR:      2018
                                          LATITUDE:   46 34 N
                                          LONGITUDE: 120 32 W

  TEMPERATURE IN F:       :PCPN:    SNOW:  WIND      :SUNSHINE: SKY     :PK WND
================================================================================
1   2   3   4   5  6A  6B    7    8   9   10  11  12  13   14  15   16   17  18
                                     12Z  AVG MX 2MIN
DY MAX MIN AVG DEP HDD CDD  WTR  SNW DPTH SPD SPD DIR MIN PSBL S-S WX    SPD DR
================================================================================

 1  35  30  33   5  32   0 0.00  0.0    0  1.0  9  10   M    M  10        12 330
 2  32  29  31   3  34   0 0.00  0.0    0  4.1 10  30   M    M  10        12  30
 3  38  26  32   4  33   0 0.02  0.0    0  1.6  7 270   M    M   3 6       7  20
 4  38  27  33   4  32   0    T  0.0    0  2.2  8 260   M    M   4         9 260
 5  38  31  35   6  30   0 0.01  0.0    0  1.4  7 120   M    M   9 18      8 170
 6  39  33  36   7  29   0 0.00  0.0    0  2.1  6 220   M    M  10 18      7 230
 7  38  32  35   6  30   0 0.10  0.0    0  1.4  6 260   M    M  10 12      7 240
 8  40  34  37   8  28   0 0.01  0.0    0  1.2  7  40   M    M  10 12      9  30
 9  42  34  38   8  27   0 0.02  0.0    0  1.2  8  20   M    M   8 128    10  20
10  50  25  38   8  27   0    T  0.0    0  2.3  8 290   M    M   5 12      9 320
11  41  32  37   7  28   0 0.34  0.0    0  4.2 13 290   M    M   7 1      15 290
12  48  35  42  12  23   0    T  0.0    0  2.3  8 240   M    M   7 18      9 280
13  53  33  43  13  22   0 0.00  0.0    0  4.2 12 270   M    M   1 1      15 270
14  50  36  43  12  22   0 0.00  0.0    0  7.6 15 360   M    M   9        17 360
15  50  37  44  13  21   0 0.01  0.0    0  4.0 12  10   M    M   8        14  10
16  49  33  41  10  24   0 0.12  0.0    0  3.1  9 270   M    M   7 1      11 270
17  46  35  41  10  24   0 0.05  0.0    0  2.7  9 270   M    M   9 1      11 270
18  52  32  42  11  23   0 0.00  0.0    0  4.9 21 200   M    M   4 128    26 200
19  50  26  38   6  27   0 0.00  0.0    0  3.3 14 200   M    M   1        20 200
20  52  31  42  10  23   0 0.00  0.0    0  4.6 17 170   M    M   3        25 190
21  49  29  39   7  26   0    T  0.0    0  4.5 16 160   M    M   5        22 160
22  51  23  37   5  28   0 0.00  0.0    0  3.3 13 250   M    M   1        15 250
================================================================================
SM  981  683       593   0  0.68     0.0  67.2          M      141
================================================================================
AV 44.6 31.1                               3.1 FASTST   M    M   6    MAX(MPH)
                                 MISC ---->  # 21 200               # 26  200
================================================================================
NOTES:
# LAST OF SEVERAL OCCURRENCES

COLUMN 17 PEAK WIND IN M.P.H.

PRELIMINARY LOCAL CLIMATOLOGICAL DATA (WS FORM: F-6) , PAGE 2

                                          STATION:  YAKIMA WA
                                          MONTH:    JANUARY
                                          YEAR:     2018
                                          LATITUDE:   46 34 N
                                          LONGITUDE: 120 32 W

[TEMPERATURE DATA]      [PRECIPITATION DATA]       SYMBOLS USED IN COLUMN 16

AVERAGE MONTHLY: 37.8   TOTAL FOR MONTH:   0.68    1 = FOG OR MIST
DPTR FM NORMAL:   7.7   DPTR FM NORMAL:   -0.18    2 = FOG REDUCING VISIBILITY
HIGHEST:    53 ON 13    GRTST 24HR  0.34 ON 11-11      TO 1/4 MILE OR LESS
LOWEST:     23 ON 22                               3 = THUNDER
                        SNOW, ICE PELLETS, HAIL    4 = ICE PELLETS
                        TOTAL MONTH:   0.0 INCH    5 = HAIL
                        GRTST 24HR     0.0         6 = FREEZING RAIN OR DRIZZLE
                        GRTST DEPTH:   0           7 = DUSTSTORM OR SANDSTORM:
                                                       VSBY 1/2 MILE OR LESS
                                                   8 = SMOKE OR HAZE
[NO. OF DAYS WITH]      [WEATHER - DAYS WITH]      9 = BLOWING SNOW
                                                   X = TORNADO
MAX 32 OR BELOW:   1    0.01 INCH OR MORE:   9
MAX 90 OR ABOVE:   0    0.10 INCH OR MORE:   3
MIN 32 OR BELOW:  13    0.50 INCH OR MORE:   0
MIN  0 OR BELOW:   0    1.00 INCH OR MORE:   0

[HDD (BASE 65) ]
TOTAL THIS MO.   593    CLEAR  (SCALE 0-3)   4
DPTR FM NORMAL  -175    PTCLDY (SCALE 4-7)  10
TOTAL FM JUL 1  2879    CLOUDY (SCALE 8-10)  8
DPTR FM NORMAL  -552

[CDD (BASE 65) ]
TOTAL THIS MO.     0
DPTR FM NORMAL     0    [PRESSURE DATA]
TOTAL FM JAN 1     0    HIGHEST SLP 30.68 ON  1
DPTR FM NORMAL     0    LOWEST  SLP 29.59 ON  9

[REMARKS]
