000
CXUS51 KPBZ 230804
CF6ZZV
PRELIMINARY LOCAL CLIMATOLOGICAL DATA (WS FORM: F-6)

                                          STATION:   ZANESVILLE OH
                                          MONTH:     JULY
                                          YEAR:      2016
                                          LATITUDE:   39 56 N
                                          LONGITUDE:  81 54 W

  TEMPERATURE IN F:       :PCPN:    SNOW:  WIND      :SUNSHINE: SKY     :PK WND
================================================================================
1   2   3   4   5  6A  6B    7    8   9   10  11  12  13   14  15   16   17  18
                                     12Z  AVG MX 2MIN
DY MAX MIN AVG DEP HDD CDD  WTR  SNW DPTH SPD SPD DIR MIN PSBL S-S WX    SPD DR
================================================================================

 1  83  59  71  -1   0   6 0.06    M    M  4.7 16 310   M    M   4 3      22 320
 2  78  55  67  -5   0   2 0.00    M    M  2.4 10 110   M    M   2        15 110
 3  75  60  68  -5   0   3 0.00    M    M  2.9 13 210   M    M   3        15 200
 4  73  63  68  -5   0   3 0.12    M    M  3.1  9 190   M    M   9 1      12 200
 5  87  70  79   6   0  14 0.23    M    M  3.9 12 270   M    M   7 18     20 330
 6  91  65  78   5   0  13 0.23    M    M  5.1 17 250   M    M   2 13     28 260
 7  89  71  80   7   0  15 0.00    M    M  5.9 13 250   M    M   3 1      19 260
 8  87  73  80   7   0  15 0.00    M    M  7.4 15 250   M    M   5        20 250
 9  84  64  74   1   0   9 0.19    M    M  6.9 17 320   M    M   5 1      24 260
10  87  60  74   1   0   9 0.00    M    M  1.8 10 330   M    M   1        14 320
11  89  62  76   3   0  11 0.00    M    M  1.9 10 160   M    M   0        16 200
12  92  63  78   5   0  13    T    M    M  5.6 16 200   M    M   3 1      22 200
13  94  72  83  10   0  18 0.06    M    M  7.2 20 300   M    M   4 3      28 300
14  91  70  81   8   0  16 0.53    M    M  7.9 15 300   M    M   4 1      22 300
15  89  69  79   6   0  14 0.00    M    M  6.4 16 280   M    M   6 138    27 280
16  86  66  76   3   0  11 0.00    M    M  3.2 13 310   M    M   3 12     17 310
17  90  61  76   3   0  11 0.00    M    M  4.3 14 190   M    M   1 12     18 200
18  87  72  80   7   0  15 0.17    M    M  5.2 13 270   M    M   5 3      17 230
19  92  68  80   7   0  15 0.00    M    M  3.6 13 320   M    M   1 1      17 350
20  90  62  76   3   0  11 0.00    M    M  1.4 12 320   M    M   0        14 320
21  93  63  78   5   0  13 0.00    M    M  3.9 13 200   M    M   0        18 200
22  87  72  80   7   0  15    T    M    M  4.1 15 210   M    M   1        19 210
================================================================================
SM 1914 1440         0 252  1.59    M     98.8          M       69
================================================================================
AV 87.0 65.5                               4.5 FASTST   M    M   3    MAX(MPH)
                                 MISC ---->  # 20 300               # 28  260
================================================================================
NOTES:
# LAST OF SEVERAL OCCURRENCES

COLUMN 17 PEAK WIND IN M.P.H.

PRELIMINARY LOCAL CLIMATOLOGICAL DATA (WS FORM: F-6) , PAGE 2

                                          STATION:  ZANESVILLE OH
                                          MONTH:    JULY
                                          YEAR:     2016
                                          LATITUDE:   39 56 N
                                          LONGITUDE:  81 54 W

[TEMPERATURE DATA]      [PRECIPITATION DATA]       SYMBOLS USED IN COLUMN 16

AVERAGE MONTHLY: 76.2   TOTAL FOR MONTH:   1.59    1 = FOG OR MIST
DPTR FM NORMAL:   3.3   DPTR FM NORMAL:   -1.23    2 = FOG REDUCING VISIBILITY
HIGHEST:    94 ON 13    GRTST 24HR  0.59 ON 13-14      TO 1/4 MILE OR LESS
LOWEST:     55 ON  2                               3 = THUNDER
                        SNOW, ICE PELLETS, HAIL    4 = ICE PELLETS
                        TOTAL MONTH:    M          5 = HAIL
                        GRTST 24HR    M  ON   M    6 = FREEZING RAIN OR DRIZZLE
                        GRTST DEPTH:  M  ON   M    7 = DUSTSTORM OR SANDSTORM:
                                                       VSBY 1/2 MILE OR LESS
                                                   8 = SMOKE OR HAZE
[NO. OF DAYS WITH]      [WEATHER - DAYS WITH]      9 = BLOWING SNOW
                                                   X = TORNADO
MAX 32 OR BELOW:   0    0.01 INCH OR MORE:   8
MAX 90 OR ABOVE:   8    0.10 INCH OR MORE:   6
MIN 32 OR BELOW:   0    0.50 INCH OR MORE:   1
MIN  0 OR BELOW:   0    1.00 INCH OR MORE:   0

[HDD (BASE 65) ]
TOTAL THIS MO.     0    CLEAR  (SCALE 0-3)  12
DPTR FM NORMAL     0    PTCLDY (SCALE 4-7)   9
TOTAL FM JUL 1     0    CLOUDY (SCALE 8-10)  1
DPTR FM NORMAL     0

[CDD (BASE 65) ]
TOTAL THIS MO.   252
DPTR FM NORMAL    76    [PRESSURE DATA]
TOTAL FM JAN 1   626    HIGHEST SLP M ON M
DPTR FM NORMAL   238    LOWEST  SLP 29.80 ON  8

[REMARKS]
