000
CXUS53 KABR 051437
CLAATY

FSDCLMWAT 000
TTAA00 KABR 051437


CLIMATE REPORT
NATIONAL WEATHER SERVICE ABERDEEN SD
837 AM CST MON JAN 5 2015

...................................

...THE WATERTOWN SD CLIMATE SUMMARY FOR THE YEAR OF 2014...

CLIMATE NORMAL PERIOD 1981 TO 2010
CLIMATE RECORD PERIOD 1898 TO 2014

WEATHER         OBSERVED          NORMAL  DEPART  LAST YEAR`S
                 VALUE   DATE(S)  VALUE   FROM    VALUE  DATE(S)
                                          NORMAL
................................................................
TEMPERATURE (F)
RECORD
 HIGH             110   07/21/1934
 LOW              -40   01/13/1916
HIGHEST            90   07/11        MM      MM       93  08/29
                                                          08/27
LOWEST            -27   01/02        MM      MM      -23  12/07
AVG. MAXIMUM     50.9              53.6    -2.7     50.6
AVG. MINIMUM     30.1              32.5    -2.4     30.8
MEAN             40.5              43.0    -2.5     40.7
DAYS MAX >= 90      1               9.1    -8.1       10
DAYS MAX <= 32     94              80.5    13.5      107
DAYS MIN <= 32    177             174.9     2.1      193
DAYS MIN <= 0      55              34.9    20.1       47

PRECIPITATION (INCHES)
RECORD
 MAXIMUM        40.04   1977
 MINIMUM        10.53   1976
TOTALS          16.43             22.08   -5.65    24.76
DAILY AVG.       0.04              0.06   -0.02        T
DAYS >= .01        99              93.8     5.2       99
DAYS >= .10        42              48.0    -6.0       48
DAYS >= .50         7              13.7    -6.7       13
DAYS >= 1.00        1               3.7    -2.7        7

SNOWFALL (INCHES)
RECORDS
 TOTAL             MM   MM
TOTALS           31.0              35.9    -4.9     47.8
SINCE 7/1        14.2              13.7     0.5     11.4

DEGREE_DAYS
HEATING TOTAL    9151              8523     628     9346
 SINCE 7/1         MM              3459      MM       MM
COOLING TOTAL     369               514    -145      618
 SINCE 1/1        369               515    -146      618
.................................................................

WIND (MPH)
AVERAGE WIND SPEED              11.4
HIGHEST WIND SPEED/DIRECTION    46/340    DATE  01/16
HIGHEST GUST SPEED/DIRECTION    56/330    DATE  03/31



-  INDICATES NEGATIVE NUMBERS.
R  INDICATES RECORD WAS SET OR TIED.
MM INDICATES DATA IS MISSING.
T  INDICATES TRACE AMOUNT.

$$
