000
CXUS53 KGJT 021313
CLADRO


CLIMATE REPORT
NATIONAL WEATHER SERVICE GRAND JUNCTION CO
528 AM MST THU JAN 2 2014

...................................

...THE DURANGO AIRPORT CO CLIMATE SUMMARY FOR THE YEAR OF 2013...

CLIMATE NORMAL PERIOD 1981 TO 2010
CLIMATE RECORD PERIOD 9999 TO 9999

WEATHER         OBSERVED          NORMAL  DEPART  LAST YEAR`S
                 VALUE   DATE(S)  VALUE   FROM    VALUE  DATE(S)
                                          NORMAL
................................................................
TEMPERATURE (F)
RECORD
 HIGH              MM   MM
 LOW               MM   MM
HIGHEST            96   06/27        MM      MM       95  07/01
LOWEST            -21   01/15        MM      MM      -14  12/20
                        01/12
AVG. MAXIMUM     61.2              61.8    -0.6     65.2
AVG. MINIMUM     29.8              30.5    -0.7     31.1
MEAN             45.5              46.1    -0.6     48.2
DAYS MAX >= 90     19              11.0     8.0       25
DAYS MAX <= 32     30              16.8    13.2       16
DAYS MIN <= 32    209             197.7    11.3      204
DAYS MIN <= 0      24              12.2    11.8        6

PRECIPITATION (INCHES)
RECORD
 MAXIMUM           MM   MM
 MINIMUM           MM   MM
TOTALS          15.83             16.07   -0.24     7.84
DAILY AVG.       0.04              0.04    0.00     0.02
DAYS >= .01        80                MM      MM       63
DAYS >= .10        37                MM      MM       23
DAYS >= .50        11                MM      MM        2
DAYS >= 1.00        1                MM      MM        0
GREATEST
 24 HR. TOTAL    1.72   MM                            MM
 STORM TOTAL       MM                                 MM

SNOWFALL (INCHES)
RECORDS
 TOTAL             MM   MM
 24 HR TOTAL       MM
 SNOW DEPTH        MM   MM
TOTALS             MM                MM      MM       MM
 LIQUID EQUIV      MM                MM      MM       MM
SINCE 7/1          MM                MM      MM       MM
 LIQUID 7/1        MM                MM      MM       MM
SNOWDEPTH AVG.     MM                MM      MM       MM
DAYS >= TRACE      MM                MM      MM       MM
DAYS >= 1.0        MM                MM      MM       MM
GREATEST
 SNOW DEPTH        MM                                 MM  MM
 24 HR TOTAL       MM                                 MM
 STORM TOTAL       MM                                 MM

DEGREE_DAYS
HEATING TOTAL    7366              7124     242     6533
 SINCE 7/1       2958              2874      84     2738
COOLING TOTAL     388               242     146      477
 SINCE 1/1        388               243     145      477

FREEZE DATES
RECORD
 EARLIEST     MM
 LATEST       MM
EARLIEST                        MM
LATEST                          MM
..................................................

WIND (MPH)
AVERAGE WIND SPEED              5.5
RESULTANT WIND SPEED/DIRECTION   1/277
HIGHEST WIND SPEED/DIRECTION    45/290    DATE  09/22
HIGHEST GUST SPEED/DIRECTION    63/270    DATE  08/10

SKY COVER
POSSIBLE SUNSHINE (PERCENT)   MM
AVERAGE SKY COVER           0.20
NUMBER OF DAYS FAIR          280
NUMBER OF DAYS PC             59
NUMBER OF DAYS CLOUDY         26

AVERAGE RH (PERCENT)     56

WEATHER CONDITIONS. NUMBER OF DAYS WITH
THUNDERSTORM             68     MIXED PRECIP               0
HEAVY RAIN               18     RAIN                      31
LIGHT RAIN              105     FREEZING RAIN              0
LT FREEZING RAIN          0     HAIL                       0
HEAVY SNOW                7     SNOW                      12
LIGHT SNOW               32     SLEET                      0
FOG                      75     FOG W/VIS <= 1/4 MILE     14
HAZE                     21

-  INDICATES NEGATIVE NUMBERS.
R  INDICATES RECORD WAS SET OR TIED.
MM INDICATES DATA IS MISSING.
T  INDICATES TRACE AMOUNT.

$$
