000
CDUS41 KBTV 260541
CLI1V4


CLIMATE REPORT
NATIONAL WEATHER SERVICE BURLINGTON VT
137 AM EDT WED JUL 26 2017


...................................

...THE ST. JOHNSBURY VT CLIMATE SUMMARY FOR JULY 25 2017...

CLIMATE NORMAL PERIOD 1981 TO 2010
CLIMATE RECORD PERIOD 1894 TO 2017


WEATHER ITEM   OBSERVED TIME   RECORD YEAR NORMAL DEPARTURE LAST
                VALUE   (LST)  VALUE       VALUE  FROM      YEAR
                                                  NORMAL
..................................................................
TEMPERATURE (F)
 YESTERDAY
  MAXIMUM         72        MM  96    1963  81     -9       82
  MINIMUM         53        MM  41    1912  59     -6       58
  AVERAGE         63                        70     -7       70

PRECIPITATION (IN)
  YESTERDAY        0.08          1.25 1900   0.13  -0.05     0.01
  MONTH TO DATE    3.93                      3.25   0.68     5.12
  SINCE JUN 1     10.03                      7.26   2.77     9.75
  SINCE JAN 1     26.93                     20.67   6.26    22.33

DEGREE DAYS
 HEATING
  YESTERDAY        2                         0      2        0
  MONTH TO DATE   20                        10     10       16
  SINCE JUN 1    125                        82     43      107
  SINCE JUL 1     20                        10     10       16

 COOLING
  YESTERDAY        0                         5     -5        5
  MONTH TO DATE  103                       140    -37      122
  SINCE JUN 1    175                       230    -55      183
  SINCE JAN 1    188                       248    -60      226
..................................................................


WIND (MPH)
  HIGHEST WIND SPEED    MM   HIGHEST WIND DIRECTION    MM
  HIGHEST GUST SPEED    MM   HIGHEST GUST DIRECTION    MM
  AVERAGE WIND SPEED    MM


SKY COVER
  AVERAGE SKY COVER 0.0


WEATHER CONDITIONS
 THE FOLLOWING WEATHER WAS RECORDED YESTERDAY.
  NO SIGNIFICANT WEATHER WAS OBSERVED.


RELATIVE HUMIDITY (PERCENT)
 HIGHEST   100           100 AM
 LOWEST     57           200 PM
 AVERAGE    79

..........................................................


THE ST. JOHNSBURY VT CLIMATE NORMALS FOR TODAY
                         NORMAL    RECORD    YEAR
 MAXIMUM TEMPERATURE (F)   81        95      1963
 MINIMUM TEMPERATURE (F)   59        42      1926


SUNRISE AND SUNSET
JULY 26 2017..........SUNRISE   529 AM EDT   SUNSET   820 PM EDT
JULY 27 2017..........SUNRISE   530 AM EDT   SUNSET   819 PM EDT


-  INDICATES NEGATIVE NUMBERS.
R  INDICATES RECORD WAS SET OR TIED.
MM INDICATES DATA IS MISSING.
T  INDICATES TRACE AMOUNT.




$$
