000
CDUS41 KBTV 300531
CLI1V4


CLIMATE REPORT
NATIONAL WEATHER SERVICE BURLINGTON VT
126 AM EDT SAT APR 30 2016


...................................

...THE ST. JOHNSBURY VT CLIMATE SUMMARY FOR APRIL 29 2016...

CLIMATE NORMAL PERIOD 1981 TO 2010
CLIMATE RECORD PERIOD 1894 TO 2016


WEATHER ITEM   OBSERVED TIME   RECORD YEAR NORMAL DEPARTURE LAST
                VALUE   (LST)  VALUE       VALUE  FROM      YEAR
                                                  NORMAL
..................................................................
TEMPERATURE (F)
 YESTERDAY
  MAXIMUM         60        MM  90    1990  63     -3       56
  MINIMUM         24        MM  20    1909  38    -14       35
  AVERAGE         42                        50     -8       46

PRECIPITATION (IN)
  YESTERDAY        0.00          1.23 1988   0.11  -0.11     0.00
  MONTH TO DATE    2.32                      2.76  -0.44     2.42
  SINCE MAR 1      4.80                      5.27  -0.47     3.79
  SINCE JAN 1      9.54                      9.95  -0.41     8.35

DEGREE DAYS
 HEATING
  YESTERDAY       23                        15      8       19
  MONTH TO DATE  719                       604    115      691
  SINCE MAR 1   1646                      1680    -34     1965
  SINCE JUL 1   6531                      7404   -873     8030

 COOLING
  YESTERDAY        0                         0      0        0
  MONTH TO DATE    0                         0      0        0
  SINCE MAR 1      0                         0      0        0
  SINCE JAN 1      0                         0      0        0
..................................................................


WIND (MPH)
  HIGHEST WIND SPEED    MM   HIGHEST WIND DIRECTION    MM
  HIGHEST GUST SPEED    MM   HIGHEST GUST DIRECTION    MM
  AVERAGE WIND SPEED    MM


SKY COVER
  AVERAGE SKY COVER 0.0


WEATHER CONDITIONS
 THE FOLLOWING WEATHER WAS RECORDED YESTERDAY.
  NO SIGNIFICANT WEATHER WAS OBSERVED.


RELATIVE HUMIDITY (PERCENT)
 HIGHEST    75           300 AM
 LOWEST     25           400 PM
 AVERAGE    50

..........................................................


THE ST. JOHNSBURY VT CLIMATE NORMALS FOR TODAY
                         NORMAL    RECORD    YEAR
 MAXIMUM TEMPERATURE (F)   63        86      1903
 MINIMUM TEMPERATURE (F)   38        24      1978


SUNRISE AND SUNSET
APRIL 30 2016.........SUNRISE   540 AM EDT   SUNSET   752 PM EDT
MAY  1 2016...........SUNRISE   538 AM EDT   SUNSET   753 PM EDT


-  INDICATES NEGATIVE NUMBERS.
R  INDICATES RECORD WAS SET OR TIED.
MM INDICATES DATA IS MISSING.
T  INDICATES TRACE AMOUNT.




$$
