000
CDUS41 KBTV 050545
CLI1V4


CLIMATE REPORT
NATIONAL WEATHER SERVICE BURLINGTON VT
1245 AM EST THU MAR 5 2015


...................................

...THE ST. JOHNSBURY VT CLIMATE SUMMARY FOR MARCH 4 2015...

CLIMATE NORMAL PERIOD 1981 TO 2010
CLIMATE RECORD PERIOD 1894 TO 2015


WEATHER ITEM   OBSERVED TIME   RECORD YEAR NORMAL DEPARTURE LAST
                VALUE   (LST)  VALUE       VALUE  FROM      YEAR
                                                  NORMAL
..................................................................
TEMPERATURE (F)
 YESTERDAY
  MAXIMUM         41    325 PM  54    1965  36      5       20
  MINIMUM         25    122 AM -27    1950  13     12      -15
  AVERAGE         33                        25      8        3

PRECIPITATION (IN)
  YESTERDAY        0.00          0.81 1971   0.07  -0.07     0.01
  MONTH TO DATE    0.19                      0.29  -0.10     0.01
  SINCE MAR 1      0.19                      0.29  -0.10     0.01
  SINCE JAN 1      4.75                      4.97  -0.22     5.14

DEGREE DAYS
 HEATING
  YESTERDAY       32                        40     -8       62
  MONTH TO DATE  184                       162     22      230
  SINCE MAR 1    184                       162     22      230
  SINCE JUL 1   6249                      5886    363     6262

 COOLING
  YESTERDAY        0                         0      0        0
  MONTH TO DATE    0                         0      0        0
  SINCE MAR 1      0                         0      0        0
  SINCE JAN 1      0                         0      0        0
..................................................................


WIND (MPH)
  HIGHEST WIND SPEED    MM   HIGHEST WIND DIRECTION    MM
  HIGHEST GUST SPEED    MM   HIGHEST GUST DIRECTION    MM
  AVERAGE WIND SPEED    MM


SKY COVER
  AVERAGE SKY COVER 0.0


WEATHER CONDITIONS
 THE FOLLOWING WEATHER WAS RECORDED YESTERDAY.
  NO SIGNIFICANT WEATHER WAS OBSERVED.


RELATIVE HUMIDITY (PERCENT)
 HIGHEST    92           500 AM
 LOWEST     43          1100 PM
 AVERAGE    68

..........................................................


THE ST. JOHNSBURY VT CLIMATE NORMALS FOR TODAY
                         NORMAL    RECORD    YEAR
 MAXIMUM TEMPERATURE (F)   37        54      1976
 MINIMUM TEMPERATURE (F)   14       -18      1944


SUNRISE AND SUNSET
MARCH  5 2015.........SUNRISE   619 AM EST   SUNSET   541 PM EST
MARCH  6 2015.........SUNRISE   617 AM EST   SUNSET   542 PM EST


-  INDICATES NEGATIVE NUMBERS.
R  INDICATES RECORD WAS SET OR TIED.
MM INDICATES DATA IS MISSING.
T  INDICATES TRACE AMOUNT.




$$
