000
CDUS41 KBTV 130533
CLI1V4


CLIMATE REPORT
NATIONAL WEATHER SERVICE BURLINGTON VT
132 AM EDT SUN JUL 13 2014


...................................

...THE ST. JOHNSBURY VT CLIMATE SUMMARY FOR JULY 12 2014...

CLIMATE NORMAL PERIOD 1981 TO 2010
CLIMATE RECORD PERIOD 1894 TO 2014


WEATHER ITEM   OBSERVED TIME   RECORD YEAR NORMAL DEPARTURE LAST
                VALUE   (LST)  VALUE       VALUE  FROM      YEAR
                                                  NORMAL
..................................................................
TEMPERATURE (F)
 YESTERDAY
  MAXIMUM         82        MM  94    1987  82      0       82
  MINIMUM         50        MM  36    1898  59     -9       56
  AVERAGE         66                        70     -4       69

PRECIPITATION (IN)
  YESTERDAY        0.00          3.48 1941   0.13  -0.13     0.00
  MONTH TO DATE    2.51                      1.53   0.98     3.43
  SINCE JUN 1      5.78                      5.54   0.24     7.90
  SINCE JAN 1     21.48                     18.95   2.53    20.28

DEGREE DAYS
 COOLING
  YESTERDAY        1                         6     -5        4
  MONTH TO DATE   66                        66      0       86
  SINCE JUN 1    113                       156    -43      166
  SINCE JAN 1    117                       174    -57      182
..................................................................


WIND (MPH)
  HIGHEST WIND SPEED    MM   HIGHEST WIND DIRECTION    MM
  HIGHEST GUST SPEED    MM   HIGHEST GUST DIRECTION    MM
  AVERAGE WIND SPEED    MM


SKY COVER
  AVERAGE SKY COVER 0.0


WEATHER CONDITIONS
 THE FOLLOWING WEATHER WAS RECORDED YESTERDAY.
  NO SIGNIFICANT WEATHER WAS OBSERVED.


RELATIVE HUMIDITY (PERCENT)
 HIGHEST   100           400 AM
 LOWEST     45           200 PM
 AVERAGE    73

..........................................................


THE ST. JOHNSBURY VT CLIMATE NORMALS FOR TODAY
                         NORMAL    RECORD    YEAR
 MAXIMUM TEMPERATURE (F)   82        95      1909
 MINIMUM TEMPERATURE (F)   59        40      1971


SUNRISE AND SUNSET
JULY 13 2014..........SUNRISE   516 AM EDT   SUNSET   831 PM EDT
JULY 14 2014..........SUNRISE   517 AM EDT   SUNSET   831 PM EDT


-  INDICATES NEGATIVE NUMBERS.
R  INDICATES RECORD WAS SET OR TIED.
MM INDICATES DATA IS MISSING.
T  INDICATES TRACE AMOUNT.




$$
