000
CDUS41 KBTV 260637
CLI1V4


CLIMATE REPORT
NATIONAL WEATHER SERVICE BURLINGTON VT
234 AM EDT MON SEP 26 2016


...................................

...THE ST. JOHNSBURY VT CLIMATE SUMMARY FOR SEPTEMBER 25 2016...

CLIMATE NORMAL PERIOD 1981 TO 2010
CLIMATE RECORD PERIOD 1894 TO 2016


WEATHER ITEM   OBSERVED TIME   RECORD YEAR NORMAL DEPARTURE LAST
                VALUE   (LST)  VALUE       VALUE  FROM      YEAR
                                                  NORMAL
..................................................................
TEMPERATURE (F)
 YESTERDAY
  MAXIMUM         60        MM  88    1920  67     -7       65
  MINIMUM         34        MM  25    1950  45    -11       41
  AVERAGE         47                        56     -9       53

PRECIPITATION (IN)
  YESTERDAY        0.00          1.26 1965   0.13  -0.13     0.00
  MONTH TO DATE    1.36                      2.76  -1.40     2.20
  SINCE SEP 1      1.36                      2.76  -1.40     2.20
  SINCE JAN 1     29.30                     28.52   0.78    30.69

DEGREE DAYS
 HEATING
  YESTERDAY       18                         9      9       12
  MONTH TO DATE   93                       132    -39       59
  SINCE SEP 1     93                       132    -39       59
  SINCE JUL 1    120                       182    -62       95

 COOLING
  YESTERDAY        0                         0      0        0
  MONTH TO DATE   49                        33     16       79
  SINCE SEP 1     49                        33     16       79
  SINCE JAN 1    457                       431     26      437
..................................................................


WIND (MPH)
  HIGHEST WIND SPEED    MM   HIGHEST WIND DIRECTION    MM
  HIGHEST GUST SPEED    MM   HIGHEST GUST DIRECTION    MM
  AVERAGE WIND SPEED    MM


SKY COVER
  AVERAGE SKY COVER 0.0


WEATHER CONDITIONS
 THE FOLLOWING WEATHER WAS RECORDED YESTERDAY.
  NO SIGNIFICANT WEATHER WAS OBSERVED.


RELATIVE HUMIDITY (PERCENT)
 HIGHEST    92           500 AM
 LOWEST     89           900 PM
 AVERAGE    91

..........................................................


THE ST. JOHNSBURY VT CLIMATE NORMALS FOR TODAY
                         NORMAL    RECORD    YEAR
 MAXIMUM TEMPERATURE (F)   66        88      1920
 MINIMUM TEMPERATURE (F)   45        25      1947


SUNRISE AND SUNSET
SEPTEMBER 26 2016.....SUNRISE   640 AM EDT   SUNSET   637 PM EDT
SEPTEMBER 27 2016.....SUNRISE   642 AM EDT   SUNSET   635 PM EDT


-  INDICATES NEGATIVE NUMBERS.
R  INDICATES RECORD WAS SET OR TIED.
MM INDICATES DATA IS MISSING.
T  INDICATES TRACE AMOUNT.




$$
