000
CDUS41 KBTV 240537
CLI1V4


CLIMATE REPORT
NATIONAL WEATHER SERVICE BURLINGTON VT
1234 AM EST FRI NOV 24 2017


...................................

...THE ST. JOHNSBURY VT CLIMATE SUMMARY FOR NOVEMBER 23 2017...

CLIMATE NORMAL PERIOD 1981 TO 2010
CLIMATE RECORD PERIOD 1894 TO 2017


WEATHER ITEM   OBSERVED TIME   RECORD YEAR NORMAL DEPARTURE LAST
                VALUE   (LST)  VALUE       VALUE  FROM      YEAR
                                                  NORMAL
..................................................................
TEMPERATURE (F)
 YESTERDAY
  MAXIMUM         29        MM  64    1953  41    -12       33
  MINIMUM         20        MM  -3    1914  25     -5       29
  AVERAGE         25                        33     -8       31

PRECIPITATION (IN)
  YESTERDAY        0.00          2.22 1924   0.11  -0.11     0.00
  MONTH TO DATE    1.55                      2.63  -1.08     1.89
  SINCE SEP 1     10.03                      9.89   0.14     6.73
  SINCE JAN 1     39.57                     35.65   3.92    34.67

DEGREE DAYS
 HEATING
  YESTERDAY       40                        32      8       34
  MONTH TO DATE  707                       633     74      580
  SINCE SEP 1   1177                      1370   -193     1212
  SINCE JUL 1   1268                      1420   -152     1239

 COOLING
  YESTERDAY        0                         0      0        0
  MONTH TO DATE    0                         0      0        0
  SINCE SEP 1     69                        35     34       49
  SINCE JAN 1    331                       433   -102      457
..................................................................


WIND (MPH)
  HIGHEST WIND SPEED    MM   HIGHEST WIND DIRECTION    MM
  HIGHEST GUST SPEED    MM   HIGHEST GUST DIRECTION    MM
  AVERAGE WIND SPEED    MM


SKY COVER
  AVERAGE SKY COVER 0.0


WEATHER CONDITIONS
 THE FOLLOWING WEATHER WAS RECORDED YESTERDAY.
  NO SIGNIFICANT WEATHER WAS OBSERVED.


RELATIVE HUMIDITY (PERCENT)
 HIGHEST    81          1200 AM
 LOWEST     53           200 PM
 AVERAGE    67

..........................................................


THE ST. JOHNSBURY VT CLIMATE NORMALS FOR TODAY
                         NORMAL    RECORD    YEAR
 MAXIMUM TEMPERATURE (F)   40        66      1931
 MINIMUM TEMPERATURE (F)   25        -6      1989


SUNRISE AND SUNSET
NOVEMBER 24 2017......SUNRISE   656 AM EST   SUNSET   413 PM EST
NOVEMBER 25 2017......SUNRISE   657 AM EST   SUNSET   413 PM EST


-  INDICATES NEGATIVE NUMBERS.
R  INDICATES RECORD WAS SET OR TIED.
MM INDICATES DATA IS MISSING.
T  INDICATES TRACE AMOUNT.




$$
