000
CDUS41 KBTV 250708
CLI1V4


CLIMATE REPORT
NATIONAL WEATHER SERVICE BURLINGTON VT
307 AM EDT MON SEP 25 2017


...................................

...THE ST. JOHNSBURY VT CLIMATE SUMMARY FOR SEPTEMBER 24 2017...

CLIMATE NORMAL PERIOD 1981 TO 2010
CLIMATE RECORD PERIOD 1894 TO 2017


WEATHER ITEM   OBSERVED TIME   RECORD YEAR NORMAL DEPARTURE LAST
                VALUE   (LST)  VALUE       VALUE  FROM      YEAR
                                                  NORMAL
..................................................................
TEMPERATURE (F)
 YESTERDAY
  MAXIMUM         89R       MM  89    1961  67     22       60
  MINIMUM         57        MM  23    1963  46     11       42
  AVERAGE         73                        57     16       51

PRECIPITATION (IN)
  YESTERDAY        0.07          1.15 1898   0.12  -0.05     0.00
  MONTH TO DATE    3.00                      2.63   0.37     1.36
  SINCE SEP 1      3.00                      2.63   0.37     1.36
  SINCE JAN 1     32.54                     28.39   4.15    29.30

DEGREE DAYS
 HEATING
  YESTERDAY        0                         9     -9       14
  MONTH TO DATE   91                       123    -32       75
  SINCE SEP 1     91                       123    -32       75
  SINCE JUL 1    182                       173      9      102

 COOLING
  YESTERDAY        8                         0      8        0
  MONTH TO DATE   36                        33      3       49
  SINCE SEP 1     36                        33      3       49
  SINCE JAN 1    298                       431   -133      457
..................................................................


WIND (MPH)
  HIGHEST WIND SPEED    MM   HIGHEST WIND DIRECTION    MM
  HIGHEST GUST SPEED    MM   HIGHEST GUST DIRECTION    MM
  AVERAGE WIND SPEED    MM


SKY COVER
  AVERAGE SKY COVER 0.0


WEATHER CONDITIONS
 THE FOLLOWING WEATHER WAS RECORDED YESTERDAY.
  NO SIGNIFICANT WEATHER WAS OBSERVED.


RELATIVE HUMIDITY (PERCENT)
 HIGHEST   100          1200 AM
 LOWEST     50           300 PM
 AVERAGE    75

..........................................................


THE ST. JOHNSBURY VT CLIMATE NORMALS FOR TODAY
                         NORMAL    RECORD    YEAR
 MAXIMUM TEMPERATURE (F)   67        88      1920
 MINIMUM TEMPERATURE (F)   45        25      1950


SUNRISE AND SUNSET
SEPTEMBER 25 2017.....SUNRISE   639 AM EDT   SUNSET   639 PM EDT
SEPTEMBER 26 2017.....SUNRISE   640 AM EDT   SUNSET   638 PM EDT


-  INDICATES NEGATIVE NUMBERS.
R  INDICATES RECORD WAS SET OR TIED.
MM INDICATES DATA IS MISSING.
T  INDICATES TRACE AMOUNT.




$$
