000
CDUS41 KBTV 300526
CLI1V4


CLIMATE REPORT
NATIONAL WEATHER SERVICE BURLINGTON VT
125 AM EDT TUE AUG 30 2016


...................................

...THE ST. JOHNSBURY VT CLIMATE SUMMARY FOR AUGUST 29 2016...

CLIMATE NORMAL PERIOD 1981 TO 2010
CLIMATE RECORD PERIOD 1894 TO 2016


WEATHER ITEM   OBSERVED TIME   RECORD YEAR NORMAL DEPARTURE LAST
                VALUE   (LST)  VALUE       VALUE  FROM      YEAR
                                                  NORMAL
..................................................................
TEMPERATURE (F)
 YESTERDAY
  MAXIMUM         73        MM  95    1952  77     -4       77
  MINIMUM         56        MM  34    1982  55      1       52
  AVERAGE         65                        66     -1       65

PRECIPITATION (IN)
  YESTERDAY        0.00          1.92 1911   0.10  -0.10     0.00
  MONTH TO DATE    5.33                      4.02   1.31     3.74
  SINCE JUN 1     15.15                     12.15   3.00    17.12
  SINCE JAN 1     27.73                     25.56   2.17    28.49

DEGREE DAYS
 HEATING
  YESTERDAY        0                         2     -2        0
  MONTH TO DATE   10                        33    -23        7
  SINCE JUN 1    117                       120     -3      145
  SINCE JUL 1     26                        48    -22       36

 COOLING
  YESTERDAY        0                         3     -3        0
  MONTH TO DATE  143                       116     27      136
  SINCE JUN 1    362                       375    -13      310
  SINCE JAN 1    405                       393     12      348
..................................................................


WIND (MPH)
  HIGHEST WIND SPEED    MM   HIGHEST WIND DIRECTION    MM
  HIGHEST GUST SPEED    MM   HIGHEST GUST DIRECTION    MM
  AVERAGE WIND SPEED    MM


SKY COVER
  AVERAGE SKY COVER 0.0


WEATHER CONDITIONS
 THE FOLLOWING WEATHER WAS RECORDED YESTERDAY.
  NO SIGNIFICANT WEATHER WAS OBSERVED.


RELATIVE HUMIDITY (PERCENT)
 HIGHEST    93           200 AM
 LOWEST     53           200 PM
 AVERAGE    73

..........................................................


THE ST. JOHNSBURY VT CLIMATE NORMALS FOR TODAY
                         NORMAL    RECORD    YEAR
 MAXIMUM TEMPERATURE (F)   76        95      1953
 MINIMUM TEMPERATURE (F)   55        36      1986


SUNRISE AND SUNSET
AUGUST 30 2016........SUNRISE   609 AM EDT   SUNSET   727 PM EDT
AUGUST 31 2016........SUNRISE   610 AM EDT   SUNSET   725 PM EDT


-  INDICATES NEGATIVE NUMBERS.
R  INDICATES RECORD WAS SET OR TIED.
MM INDICATES DATA IS MISSING.
T  INDICATES TRACE AMOUNT.




$$
