000
CDUS43 KUNR 250834
CLI2WX


CLIMATE REPORT
NATIONAL WEATHER SERVICE RAPID CITY SD
233 AM MDT MON JUL 25 2016


...................................

...THE BUFFALO SD CLIMATE SUMMARY FOR JULY 24 2016...

CLIMATE NORMAL PERIOD 1981 TO 2010
CLIMATE RECORD PERIOD 9999 TO 9999


WEATHER ITEM   OBSERVED TIME   NORMAL DEPARTURE LAST
                VALUE   (LST)  VALUE  FROM      YEAR
                                      NORMAL
......................................................
TEMPERATURE (F)
 YESTERDAY
  MAXIMUM         90    525 PM  86      4       94
  MINIMUM         57   1229 AM  59     -2       57
  AVERAGE         74            72      2       76

PRECIPITATION (IN)
  YESTERDAY       MM             0.06  MM        0.00
  MONTH TO DATE    0.22          1.63  -1.41     0.08
  SINCE JUN 1      0.87          4.26  -3.39     2.81
  SINCE JAN 1      4.63         10.30  -5.67     7.37

DEGREE DAYS
 HEATING
  YESTERDAY        0             0      0        0
  MONTH TO DATE    0            21    -21        3
  SINCE JUN 1      9           135   -126       46
  SINCE JUL 1      0            21    -21        3

 COOLING
  YESTERDAY        9             8      1       11
  MONTH TO DATE  234           153     81      181
  SINCE JUN 1    416           215    201      272
  SINCE JAN 1    418           221    197      272
......................................................


WIND (MPH)
  HIGHEST WIND SPEED    21   HIGHEST WIND DIRECTION    SE (150)
  HIGHEST GUST SPEED    26   HIGHEST GUST DIRECTION     S (160)
  AVERAGE WIND SPEED     8.9




RELATIVE HUMIDITY (PERCENT)
 HIGHEST    65           400 AM
 LOWEST     19           400 PM
 AVERAGE    42

..........................................................




SUNRISE AND SUNSET
JULY 25 2016..........SUNRISE   530 AM MDT   SUNSET   830 PM MDT
JULY 26 2016..........SUNRISE   532 AM MDT   SUNSET   829 PM MDT


-  INDICATES NEGATIVE NUMBERS.
R  INDICATES RECORD WAS SET OR TIED.
MM INDICATES DATA IS MISSING.
T  INDICATES TRACE AMOUNT.




$$
