000
CDUS43 KUNR 270854
CLI2WX


CLIMATE REPORT
NATIONAL WEATHER SERVICE RAPID CITY SD
247 AM MDT MON MAR 27 2017


...................................

...THE BUFFALO SD CLIMATE SUMMARY FOR MARCH 26 2017...

CLIMATE NORMAL PERIOD 1981 TO 2010
CLIMATE RECORD PERIOD 9999 TO 9999


WEATHER ITEM   OBSERVED TIME   NORMAL DEPARTURE LAST
                VALUE   (LST)  VALUE  FROM      YEAR
                                      NORMAL
......................................................
TEMPERATURE (F)
 YESTERDAY
  MAXIMUM         59    344 PM  47     12       43
  MINIMUM         38   1034 PM  25     13       14
  AVERAGE         49            36     13       29

PRECIPITATION (IN)
  YESTERDAY        0.00          0.03  -0.03     0.00
  MONTH TO DATE    0.82          0.65   0.17     0.22
  SINCE MAR 1      0.82          0.65   0.17     0.22
  SINCE JAN 1      1.12          1.22  -0.10     0.88

DEGREE DAYS
 HEATING
  YESTERDAY       16            29    -13       36
  MONTH TO DATE  759           867   -108      631
  SINCE MAR 1    759           867   -108      631
  SINCE JUL 1   6110          6664   -554     5409

 COOLING
  YESTERDAY        0             0      0        0
  MONTH TO DATE    0             0      0        0
  SINCE MAR 1      0             0      0        0
  SINCE JAN 1      0             0      0        0
......................................................


WIND (MPH)
  HIGHEST WIND SPEED    20   HIGHEST WIND DIRECTION     N (10)
  HIGHEST GUST SPEED    23   HIGHEST GUST DIRECTION     N (10)
  AVERAGE WIND SPEED     8.5




RELATIVE HUMIDITY (PERCENT)
 HIGHEST    85          1100 PM
 LOWEST     47           300 PM
 AVERAGE    66

..........................................................




SUNRISE AND SUNSET
MARCH 27 2017.........SUNRISE   643 AM MDT   SUNSET   716 PM MDT
MARCH 28 2017.........SUNRISE   641 AM MDT   SUNSET   718 PM MDT


-  INDICATES NEGATIVE NUMBERS.
R  INDICATES RECORD WAS SET OR TIED.
MM INDICATES DATA IS MISSING.
T  INDICATES TRACE AMOUNT.




$$
