000
CDUS43 KUNR 280832
CLI2WX


CLIMATE REPORT
NATIONAL WEATHER SERVICE RAPID CITY SD
231 AM MDT THU APR 28 2016


...................................

...THE BUFFALO SD CLIMATE SUMMARY FOR APRIL 27 2016...

CLIMATE NORMAL PERIOD 1981 TO 2010
CLIMATE RECORD PERIOD 9999 TO 9999


WEATHER ITEM   OBSERVED TIME   NORMAL DEPARTURE LAST
                VALUE   (LST)  VALUE  FROM      YEAR
                                      NORMAL
......................................................
TEMPERATURE (F)
 YESTERDAY
  MAXIMUM         37    140 AM  60    -23       47
  MINIMUM         33   1025 PM  35     -2       37
  AVERAGE         35            48    -13       42

PRECIPITATION (IN)
  YESTERDAY        0.72          0.08   0.64     0.03
  MONTH TO DATE    2.13          1.30   0.83     0.84
  SINCE MAR 1      2.38          2.07   0.31     1.25
  SINCE JAN 1      3.04          2.64   0.40     1.72

DEGREE DAYS
 HEATING
  YESTERDAY       30            18     12       23
  MONTH TO DATE  492           600   -108      551
  SINCE MAR 1   1233          1606   -373     1268
  SINCE JUL 1   6011          7403  -1392     6726

 COOLING
  YESTERDAY        0             0      0        0
  MONTH TO DATE    0             0      0        0
  SINCE MAR 1      0             0      0        0
  SINCE JAN 1      0             0      0        0
......................................................


WIND (MPH)
  HIGHEST WIND SPEED    20   HIGHEST WIND DIRECTION     N (10)
  HIGHEST GUST SPEED    25   HIGHEST GUST DIRECTION     N (10)
  AVERAGE WIND SPEED    10.7




RELATIVE HUMIDITY (PERCENT)
 HIGHEST   100           100 AM
 LOWEST     89           100 PM
 AVERAGE    95

..........................................................




SUNRISE AND SUNSET
APRIL 28 2016.........SUNRISE   546 AM MDT   SUNSET   758 PM MDT
APRIL 29 2016.........SUNRISE   544 AM MDT   SUNSET   759 PM MDT


-  INDICATES NEGATIVE NUMBERS.
R  INDICATES RECORD WAS SET OR TIED.
MM INDICATES DATA IS MISSING.
T  INDICATES TRACE AMOUNT.




$$
