000
CDUS43 KUNR 250835
CLI2WX


CLIMATE REPORT
NATIONAL WEATHER SERVICE RAPID CITY SD
132 AM MST SAT NOV 25 2017


...................................

...THE BUFFALO SD CLIMATE SUMMARY FOR NOVEMBER 24 2017...

CLIMATE NORMAL PERIOD 1981 TO 2010
CLIMATE RECORD PERIOD 9999 TO 9999


WEATHER ITEM   OBSERVED TIME   NORMAL DEPARTURE LAST
                VALUE   (LST)  VALUE  FROM      YEAR
                                      NORMAL
......................................................
TEMPERATURE (F)
 YESTERDAY
  MAXIMUM         61    351 AM  38     23       47
  MINIMUM         29    907 PM  17     12       26
  AVERAGE         45            27     18       37

PRECIPITATION (IN)
  YESTERDAY        0.02          0.00   0.02     0.00
  MONTH TO DATE    0.15          0.30  -0.15     0.07
  SINCE SEP 1      2.97          2.08   0.89     2.28
  SINCE JAN 1     14.49         14.22   0.27     9.96

DEGREE DAYS
 HEATING
  YESTERDAY       20            38    -18       28
  MONTH TO DATE  752           761     -9      494
  SINCE SEP 1   1516          1610    -94     1071
  SINCE JUL 1   1527          1662   -135     1101

 COOLING
  YESTERDAY        0             0      0        0
  MONTH TO DATE    0             0      0        0
  SINCE SEP 1     93            42     51       42
  SINCE JAN 1    743           513    230      734
......................................................


WIND (MPH)
  HIGHEST WIND SPEED    48   HIGHEST WIND DIRECTION    NW (320)
  HIGHEST GUST SPEED    56   HIGHEST GUST DIRECTION    NW (320)
  AVERAGE WIND SPEED    18.0




RELATIVE HUMIDITY (PERCENT)
 HIGHEST    78           900 PM
 LOWEST     52           200 PM
 AVERAGE    65

..........................................................




SUNRISE AND SUNSET
NOVEMBER 25 2017......SUNRISE   707 AM MST   SUNSET   415 PM MST
NOVEMBER 26 2017......SUNRISE   708 AM MST   SUNSET   414 PM MST


-  INDICATES NEGATIVE NUMBERS.
R  INDICATES RECORD WAS SET OR TIED.
MM INDICATES DATA IS MISSING.
T  INDICATES TRACE AMOUNT.




$$
