000
CDUS43 KUNR 270831
CLI2WX


CLIMATE REPORT
NATIONAL WEATHER SERVICE RAPID CITY SD
231 AM MDT SAT AUG 27 2016


...................................

...THE BUFFALO SD CLIMATE SUMMARY FOR AUGUST 26 2016...

CLIMATE NORMAL PERIOD 1981 TO 2010
CLIMATE RECORD PERIOD 9999 TO 9999


WEATHER ITEM   OBSERVED TIME   NORMAL DEPARTURE LAST
                VALUE   (LST)  VALUE  FROM      YEAR
                                      NORMAL
......................................................
TEMPERATURE (F)
 YESTERDAY
  MAXIMUM         74   1018 AM  83     -9       89
  MINIMUM         48    206 AM  53     -5       54
  AVERAGE         61            68     -7       72

PRECIPITATION (IN)
  YESTERDAY        0.21          0.03   0.18     0.00
  MONTH TO DATE    1.07          1.16  -0.09     3.08
  SINCE JUN 1      3.92          5.85  -1.93     6.02
  SINCE JAN 1      7.68         11.89  -4.21    10.58

DEGREE DAYS
 HEATING
  YESTERDAY        4             2      2        0
  MONTH TO DATE   29            22      7       41
  SINCE JUN 1     38           156   -118       90
  SINCE JUL 1     29            42    -13       47

 COOLING
  YESTERDAY        0             5     -5        7
  MONTH TO DATE  172           177     -5      166
  SINCE JUN 1    654           446    208      491
  SINCE JAN 1    656           452    204      491
......................................................


WIND (MPH)
  HIGHEST WIND SPEED    43   HIGHEST WIND DIRECTION    NW (320)
  HIGHEST GUST SPEED    48   HIGHEST GUST DIRECTION    NW (310)
  AVERAGE WIND SPEED     8.6




RELATIVE HUMIDITY (PERCENT)
 HIGHEST    93          1200 PM
 LOWEST     38          1000 AM
 AVERAGE    66

..........................................................




SUNRISE AND SUNSET
AUGUST 27 2016........SUNRISE   610 AM MDT   SUNSET   740 PM MDT
AUGUST 28 2016........SUNRISE   611 AM MDT   SUNSET   738 PM MDT


-  INDICATES NEGATIVE NUMBERS.
R  INDICATES RECORD WAS SET OR TIED.
MM INDICATES DATA IS MISSING.
T  INDICATES TRACE AMOUNT.




$$
