000
CDUS43 KUNR 300835
CLI2WX


CLIMATE REPORT
NATIONAL WEATHER SERVICE RAPID CITY SD
235 AM MDT MON MAY 30 2016


...................................

...THE BUFFALO SD CLIMATE SUMMARY FOR MAY 29 2016...

CLIMATE NORMAL PERIOD 1981 TO 2010
CLIMATE RECORD PERIOD 9999 TO 9999


WEATHER ITEM   OBSERVED TIME   NORMAL DEPARTURE LAST
                VALUE   (LST)  VALUE  FROM      YEAR
                                      NORMAL
......................................................
TEMPERATURE (F)
 YESTERDAY
  MAXIMUM         78    430 PM  69      9       58
  MINIMUM         44    328 AM  46     -2       40
  AVERAGE         61            58      3       49

PRECIPITATION (IN)
  YESTERDAY        0.01          0.15  -0.14     0.06
  MONTH TO DATE    0.58          2.83  -2.25     2.72
  SINCE MAR 1      2.98          5.15  -2.17     3.97
  SINCE JAN 1      3.64          5.72  -2.08     4.44

DEGREE DAYS
 HEATING
  YESTERDAY        4             8     -4       16
  MONTH TO DATE  278           347    -69      392
  SINCE MAR 1   1577          2003   -426     1695
  SINCE JUL 1   6355          7800  -1445     7153

 COOLING
  YESTERDAY        0             0      0        0
  MONTH TO DATE    2             0      2        0
  SINCE MAR 1      2             0      2        0
  SINCE JAN 1      2             0      2        0
......................................................


WIND (MPH)
  HIGHEST WIND SPEED    21   HIGHEST WIND DIRECTION     S (160)
  HIGHEST GUST SPEED    25   HIGHEST GUST DIRECTION    SE (150)
  AVERAGE WIND SPEED     7.8




RELATIVE HUMIDITY (PERCENT)
 HIGHEST    86           400 AM
 LOWEST     25          1000 AM
 AVERAGE    56

..........................................................




SUNRISE AND SUNSET
MAY 30 2016...........SUNRISE   509 AM MDT   SUNSET   835 PM MDT
MAY 31 2016...........SUNRISE   509 AM MDT   SUNSET   836 PM MDT


-  INDICATES NEGATIVE NUMBERS.
R  INDICATES RECORD WAS SET OR TIED.
MM INDICATES DATA IS MISSING.
T  INDICATES TRACE AMOUNT.




$$
