000
CDUS43 KUNR 170847
CLI2WX


CLIMATE REPORT
NATIONAL WEATHER SERVICE RAPID CITY SD
244 AM MDT WED SEP 17 2014


...................................

...THE BUFFALO SD CLIMATE SUMMARY FOR SEPTEMBER 16 2014...

CLIMATE NORMAL PERIOD 1981 TO 2010
CLIMATE RECORD PERIOD 9999 TO 9999


WEATHER ITEM   OBSERVED TIME   RECORD YEAR NORMAL DEPARTURE LAST
                VALUE   (LST)  VALUE       VALUE  FROM      YEAR
                                                  NORMAL
..................................................................
TEMPERATURE (F)
 YESTERDAY
  MAXIMUM         80    313 PM              73      7       75
  MINIMUM         41    506 AM              44     -3       50
  AVERAGE         61                        58      3       63

PRECIPITATION (IN)
  YESTERDAY        0.00         MM      MM   0.04  -0.04     0.00
  MONTH TO DATE    0.33                      0.68  -0.35     1.84
  SINCE SEP 1      0.33                      0.68  -0.35     1.84
  SINCE JAN 1     14.70                     12.82   1.88    11.32

DEGREE DAYS
 HEATING
  YESTERDAY        4                         8     -4        2
  MONTH TO DATE  171                        85     86       10
  SINCE SEP 1    171                        85     86       10
  SINCE JUL 1    222                       137     85       22

 COOLING
  YESTERDAY        0                         1     -1        0
  MONTH TO DATE    9                        36    -27       90
  SINCE SEP 1      9                        36    -27       90
  SINCE JAN 1    374                       507   -133      577
..................................................................


WIND (MPH)
  HIGHEST WIND SPEED    13   HIGHEST WIND DIRECTION    NW (310)
  HIGHEST GUST SPEED    17   HIGHEST GUST DIRECTION     W (280)
  AVERAGE WIND SPEED     5.0




RELATIVE HUMIDITY (PERCENT)
 HIGHEST    89           400 AM
 LOWEST     30           200 PM
 AVERAGE    60

..........................................................




SUNRISE AND SUNSET
SEPTEMBER 17 2014.....SUNRISE   635 AM MDT   SUNSET   701 PM MDT
SEPTEMBER 18 2014.....SUNRISE   636 AM MDT   SUNSET   659 PM MDT


-  INDICATES NEGATIVE NUMBERS.
R  INDICATES RECORD WAS SET OR TIED.
MM INDICATES DATA IS MISSING.
T  INDICATES TRACE AMOUNT.




$$
