000
CDUS43 KUNR 180832
CLI2WX


CLIMATE REPORT
NATIONAL WEATHER SERVICE RAPID CITY SD
231 AM MDT FRI AUG 18 2017


...................................

...THE BUFFALO SD CLIMATE SUMMARY FOR AUGUST 17 2017...

CLIMATE NORMAL PERIOD 1981 TO 2010
CLIMATE RECORD PERIOD 9999 TO 9999


WEATHER ITEM   OBSERVED TIME   NORMAL DEPARTURE LAST
                VALUE   (LST)  VALUE  FROM      YEAR
                                      NORMAL
......................................................
TEMPERATURE (F)
 YESTERDAY
  MAXIMUM         83    438 PM  85     -2       96
  MINIMUM         52    534 AM  56     -4       61
  AVERAGE         68            71     -3       79

PRECIPITATION (IN)
  YESTERDAY        0.00          0.05  -0.05     0.00
  MONTH TO DATE    0.38          0.90  -0.52     0.21
  SINCE JUN 1      4.81          5.59  -0.78     3.06
  SINCE JAN 1     11.48         11.63  -0.15     6.82

DEGREE DAYS
 HEATING
  YESTERDAY        0             1     -1        0
  MONTH TO DATE   11            12     -1        0
  SINCE JUN 1     44           146   -102        9
  SINCE JUL 1     11            32    -21        0

 COOLING
  YESTERDAY        3             7     -4       14
  MONTH TO DATE   36           128    -92      148
  SINCE JUN 1    538           397    141      630
  SINCE JAN 1    551           403    148      632
......................................................


WIND (MPH)
  HIGHEST WIND SPEED    46   HIGHEST WIND DIRECTION     W (260)
  HIGHEST GUST SPEED    63   HIGHEST GUST DIRECTION     W (260)
  AVERAGE WIND SPEED     8.8




RELATIVE HUMIDITY (PERCENT)
 HIGHEST    83           400 AM
 LOWEST     24           400 PM
 AVERAGE    54

..........................................................




SUNRISE AND SUNSET
AUGUST 18 2017........SUNRISE   559 AM MDT   SUNSET   756 PM MDT
AUGUST 19 2017........SUNRISE   600 AM MDT   SUNSET   755 PM MDT


-  INDICATES NEGATIVE NUMBERS.
R  INDICATES RECORD WAS SET OR TIED.
MM INDICATES DATA IS MISSING.
T  INDICATES TRACE AMOUNT.




$$
