000
CDUS43 KABR 231028
CLI8D3


CLIMATE REPORT
NATIONAL WEATHER SERVICE ABERDEEN SD
528 AM CDT TUE SEP 23 2014


...................................

...THE SISSETON SD CLIMATE SUMMARY FOR SEPTEMBER 22 2014...

CLIMATE NORMAL PERIOD 1981 TO 2010
CLIMATE RECORD PERIOD 1900 TO 2014


WEATHER ITEM   OBSERVED TIME   RECORD YEAR NORMAL DEPARTURE LAST
                VALUE   (LST)  VALUE       VALUE  FROM      YEAR
                                                  NORMAL
..................................................................
TEMPERATURE (F)
 YESTERDAY
  MAXIMUM         77    335 PM 101    1936  70      7       87
  MINIMUM         44    148 AM  23    1974  44      0       43
  AVERAGE         61                        57      4       65

PRECIPITATION (IN)
  YESTERDAY        0.00          1.72 1968   0.10  -0.10     0.00
  MONTH TO DATE    0.59                      1.83  -1.24     0.95
  SINCE SEP 1      0.59                      1.83  -1.24     0.95
  SINCE JAN 1     21.55                     18.57   2.98    19.62

DEGREE DAYS
 HEATING
  YESTERDAY        4                         9     -5        0
  MONTH TO DATE  136                       120     16       83
  SINCE SEP 1    136                       120     16       83
  SINCE JUL 1    173                       163     10      132

 COOLING
  YESTERDAY        0                         1     -1        0
  MONTH TO DATE   28                        41    -13       76
  SINCE SEP 1     28                        41    -13       76
  SINCE JAN 1    428                       520    -92      611
..................................................................


WIND (MPH)
  HIGHEST WIND SPEED    16   HIGHEST WIND DIRECTION     W (250)
  HIGHEST GUST SPEED    20   HIGHEST GUST DIRECTION     W (260)
  AVERAGE WIND SPEED     8.8


SKY COVER
  POSSIBLE SUNSHINE  MM
  AVERAGE SKY COVER 0.0


WEATHER CONDITIONS
 THE FOLLOWING WEATHER WAS RECORDED YESTERDAY.
  NO SIGNIFICANT WEATHER WAS OBSERVED.


RELATIVE HUMIDITY (PERCENT)
 HIGHEST   100           100 AM
 LOWEST     33           200 PM
 AVERAGE    67

..........................................................


THE SISSETON SD CLIMATE NORMALS FOR TODAY
                         NORMAL    RECORD    YEAR
 MAXIMUM TEMPERATURE (F)   69        92      2007
 MINIMUM TEMPERATURE (F)   44        25      2012


SUNRISE AND SUNSET
SEPTEMBER 23 2014.....SUNRISE   716 AM CDT   SUNSET   723 PM CDT
SEPTEMBER 24 2014.....SUNRISE   717 AM CDT   SUNSET   722 PM CDT


-  INDICATES NEGATIVE NUMBERS.
R  INDICATES RECORD WAS SET OR TIED.
MM INDICATES DATA IS MISSING.
T  INDICATES TRACE AMOUNT.




$$
