000
CDUS43 KABR 290907
CLI8D3


CLIMATE REPORT
NATIONAL WEATHER SERVICE ABERDEEN SD
406 AM CDT MON AUG 29 2016


...................................

...THE SISSETON SD CLIMATE SUMMARY FOR AUGUST 28 2016...

CLIMATE NORMAL PERIOD 1981 TO 2010
CLIMATE RECORD PERIOD 1900 TO 2016


WEATHER ITEM   OBSERVED TIME   RECORD YEAR NORMAL DEPARTURE LAST
                VALUE   (LST)  VALUE       VALUE  FROM      YEAR
                                                  NORMAL
..................................................................
TEMPERATURE (F)
 YESTERDAY
  MAXIMUM         90    338 PM 101    1973  79     11       81
  MINIMUM         59    621 AM  36    1965  55      4       60
  AVERAGE         75                        67      8       71

PRECIPITATION (IN)
  YESTERDAY        0.17          1.03 1999   0.08   0.09     0.00
  MONTH TO DATE    4.28                      2.18   2.10     2.19
  SINCE JUN 1     10.40                      9.50   0.90     6.74
  SINCE JAN 1     15.44                     16.48  -1.04    14.39

DEGREE DAYS
 HEATING
  YESTERDAY        0                         2     -2        0
  MONTH TO DATE   14                        22     -8       45
  SINCE JUN 1     54                        97    -43       72
  SINCE JUL 1     27                        35     -8       58

 COOLING
  YESTERDAY       10                         4      6        6
  MONTH TO DATE  158                       147     11      126
  SINCE JUN 1    528                       446     82      458
  SINCE JAN 1    565                       469     96      475
..................................................................


WIND (MPH)
  HIGHEST WIND SPEED    26   HIGHEST WIND DIRECTION     S (180)
  HIGHEST GUST SPEED    34   HIGHEST GUST DIRECTION     S (180)
  AVERAGE WIND SPEED    12.7


SKY COVER
  POSSIBLE SUNSHINE  MM
  AVERAGE SKY COVER 0.0


WEATHER CONDITIONS
 THE FOLLOWING WEATHER WAS RECORDED YESTERDAY.
  NO SIGNIFICANT WEATHER WAS OBSERVED.


RELATIVE HUMIDITY (PERCENT)
 HIGHEST    93          1200 AM
 LOWEST     56           400 PM
 AVERAGE    75

..........................................................


THE SISSETON SD CLIMATE NORMALS FOR TODAY
                         NORMAL    RECORD    YEAR
 MAXIMUM TEMPERATURE (F)   78        99      1961
 MINIMUM TEMPERATURE (F)   55        40      1988


SUNRISE AND SUNSET
AUGUST 29 2016........SUNRISE   646 AM CDT   SUNSET   810 PM CDT
AUGUST 30 2016........SUNRISE   647 AM CDT   SUNSET   809 PM CDT


-  INDICATES NEGATIVE NUMBERS.
R  INDICATES RECORD WAS SET OR TIED.
MM INDICATES DATA IS MISSING.
T  INDICATES TRACE AMOUNT.




$$
