000
CDUS43 KABR 261029
CLI8D3


CLIMATE REPORT
NATIONAL WEATHER SERVICE ABERDEEN SD
429 AM CST MON JAN 26 2015


...................................

...THE SISSETON SD CLIMATE SUMMARY FOR JANUARY 25 2015...

CLIMATE NORMAL PERIOD 1981 TO 2010
CLIMATE RECORD PERIOD 1900 TO 2015


WEATHER ITEM   OBSERVED TIME   RECORD YEAR NORMAL DEPARTURE LAST
                VALUE   (LST)  VALUE       VALUE  FROM      YEAR
                                                  NORMAL
..................................................................
TEMPERATURE (F)
 YESTERDAY
  MAXIMUM         33   1159 PM  56    1981  24      9       19
  MINIMUM         22    549 PM -30    1904   3     19        4
  AVERAGE         28                        13     15       12

PRECIPITATION (IN)
  YESTERDAY        0.01          0.25 2004   0.01   0.00     0.13
                                      1971
  MONTH TO DATE    0.47                      0.36   0.11     0.40
  SINCE DEC 1      1.07                      0.75   0.32     1.54
  SINCE JAN 1      0.47                      0.36   0.11     0.40

SNOWFALL (IN)
  YESTERDAY        0.1
  MONTH TO DATE    4.4
  SINCE OCT 1     17.5
  SINCE JUL 1     17.5
  SNOW DEPTH       2

DEGREE DAYS
 HEATING
  YESTERDAY       37                        52    -15       53
  MONTH TO DATE 1203                      1300    -97     1323
  SINCE DEC 1   2533                      2788   -255     3070
  SINCE JUL 1   4513                      4639   -126     4902

 COOLING
  YESTERDAY        0                         0      0        0
  MONTH TO DATE    0                         0      0        0
  SINCE DEC 1      0                         0      0        0
  SINCE JAN 1      0                         0      0        0
..................................................................


WIND (MPH)
  HIGHEST WIND SPEED    20   HIGHEST WIND DIRECTION     N (360)
  HIGHEST GUST SPEED    22   HIGHEST GUST DIRECTION     N (10)
  AVERAGE WIND SPEED     9.8


SKY COVER
  POSSIBLE SUNSHINE  MM
  AVERAGE SKY COVER 0.0


WEATHER CONDITIONS
 THE FOLLOWING WEATHER WAS RECORDED YESTERDAY.
  NO SIGNIFICANT WEATHER WAS OBSERVED.


RELATIVE HUMIDITY (PERCENT)
 HIGHEST   100          1200 AM
 LOWEST     75           200 PM
 AVERAGE    88

..........................................................


THE SISSETON SD CLIMATE NORMALS FOR TODAY
                         NORMAL    RECORD    YEAR
 MAXIMUM TEMPERATURE (F)   24        54      1947
 MINIMUM TEMPERATURE (F)    3       -25      1950


SUNRISE AND SUNSET
JANUARY 26 2015.......SUNRISE   756 AM CST   SUNSET   525 PM CST
JANUARY 27 2015.......SUNRISE   755 AM CST   SUNSET   527 PM CST


-  INDICATES NEGATIVE NUMBERS.
R  INDICATES RECORD WAS SET OR TIED.
MM INDICATES DATA IS MISSING.
T  INDICATES TRACE AMOUNT.




$$
