000
CDUS43 KABR 251033
CLI8D3


CLIMATE REPORT
NATIONAL WEATHER SERVICE ABERDEEN SD
533 AM CDT MON MAY 25 2015


...................................

...THE SISSETON SD CLIMATE SUMMARY FOR MAY 24 2015...

CLIMATE NORMAL PERIOD 1981 TO 2010
CLIMATE RECORD PERIOD 1900 TO 2015


WEATHER ITEM   OBSERVED TIME   RECORD YEAR NORMAL DEPARTURE LAST
                VALUE   (LST)  VALUE       VALUE  FROM      YEAR
                                                  NORMAL
..................................................................
TEMPERATURE (F)
 YESTERDAY
  MAXIMUM         65    228 PM  90    2010  72     -7       88
  MINIMUM         53    218 AM  26    2002  48      5       55
  AVERAGE         59                        60     -1       72

PRECIPITATION (IN)
  YESTERDAY        0.40          2.73 1973   0.08   0.32     0.00
  MONTH TO DATE    3.81                      2.10   1.71     1.53
  SINCE MAR 1      5.39                      5.50  -0.11     5.55
  SINCE JAN 1      6.27                      6.36  -0.09     6.17

DEGREE DAYS
 HEATING
  YESTERDAY        6                         6      0        0
  MONTH TO DATE  271                       225     46      311
  SINCE MAR 1   1707                      1925   -218     2238
  SINCE JUL 1   7976                      8184   -208     9055

 COOLING
  YESTERDAY        0                         1     -1        7
  MONTH TO DATE    2                        15    -13       11
  SINCE MAR 1      2                        16    -14       11
  SINCE JAN 1      2                        16    -14       11
..................................................................


WIND (MPH)
  HIGHEST WIND SPEED    17   HIGHEST WIND DIRECTION    SE (130)
  HIGHEST GUST SPEED    21   HIGHEST GUST DIRECTION    SE (130)
  AVERAGE WIND SPEED     6.8


SKY COVER
  POSSIBLE SUNSHINE  MM
  AVERAGE SKY COVER 0.0


WEATHER CONDITIONS
 THE FOLLOWING WEATHER WAS RECORDED YESTERDAY.
  RAIN
  LIGHT RAIN


RELATIVE HUMIDITY (PERCENT)
 HIGHEST   100           600 PM
 LOWEST     69           800 AM
 AVERAGE    85

..........................................................


THE SISSETON SD CLIMATE NORMALS FOR TODAY
                         NORMAL    RECORD    YEAR
 MAXIMUM TEMPERATURE (F)   72        92      1959
 MINIMUM TEMPERATURE (F)   48        32      1905


SUNRISE AND SUNSET
MAY 25 2015...........SUNRISE   547 AM CDT   SUNSET   903 PM CDT
MAY 26 2015...........SUNRISE   546 AM CDT   SUNSET   904 PM CDT


-  INDICATES NEGATIVE NUMBERS.
R  INDICATES RECORD WAS SET OR TIED.
MM INDICATES DATA IS MISSING.
T  INDICATES TRACE AMOUNT.




$$
