000
CDUS43 KABR 241036
CLI8D3


CLIMATE REPORT
NATIONAL WEATHER SERVICE ABERDEEN SD
536 AM CDT THU APR 24 2014


...................................

...THE SISSETON SD CLIMATE SUMMARY FOR APRIL 23 2014...

CLIMATE NORMAL PERIOD 1981 TO 2010
CLIMATE RECORD PERIOD 1900 TO 2014


WEATHER ITEM   OBSERVED TIME   RECORD YEAR NORMAL DEPARTURE LAST
                VALUE   (LST)  VALUE       VALUE  FROM      YEAR
                                                  NORMAL
..................................................................
TEMPERATURE (F)
 YESTERDAY
  MAXIMUM         50   1207 AM  89    1990  61    -11       39
  MINIMUM         40   1122 PM  16    1956  36      4       20
  AVERAGE         45                        48     -3       30

PRECIPITATION (IN)
  YESTERDAY        0.37          1.13 1960   0.10   0.27     0.00
  MONTH TO DATE    1.02                      1.38  -0.36     2.23
  SINCE MAR 1      1.86                      2.50  -0.64     3.20
  SINCE JAN 1      2.48                      3.36  -0.88     5.58

SNOWFALL (IN)
  YESTERDAY        0.0
  MONTH TO DATE    6.4
  SINCE OCT 1     37.8
  SINCE JUL 1     37.8
  SNOW DEPTH       0

DEGREE DAYS
 HEATING
  YESTERDAY       20                        17      3       35
  MONTH TO DATE  577                       512     65      810
  SINCE MAR 1   1776                      1595    181     2253
  SINCE JUL 1   8593                      7854    739     8638

 COOLING
  YESTERDAY        0                         0      0        0
  MONTH TO DATE    0                         0      0        0
  SINCE MAR 1      0                         0      0        0
  SINCE JAN 1      0                         0      0        0
..................................................................


WIND (MPH)
  HIGHEST WIND SPEED    35   HIGHEST WIND DIRECTION    SE (150)
  HIGHEST GUST SPEED    43   HIGHEST GUST DIRECTION    SE (150)
  AVERAGE WIND SPEED    20.2


SKY COVER
  POSSIBLE SUNSHINE  MM
  AVERAGE SKY COVER 0.0


WEATHER CONDITIONS
 THE FOLLOWING WEATHER WAS RECORDED YESTERDAY.
  NO SIGNIFICANT WEATHER WAS OBSERVED.


RELATIVE HUMIDITY (PERCENT)
 HIGHEST    89           500 AM
 LOWEST     66          1200 AM
 AVERAGE    78

..........................................................


THE SISSETON SD CLIMATE NORMALS FOR TODAY
                         NORMAL    RECORD    YEAR
 MAXIMUM TEMPERATURE (F)   61        91      1962
 MINIMUM TEMPERATURE (F)   36        19      1956


SUNRISE AND SUNSET
APRIL 24 2014.........SUNRISE   627 AM CDT   SUNSET   826 PM CDT
APRIL 25 2014.........SUNRISE   625 AM CDT   SUNSET   828 PM CDT


-  INDICATES NEGATIVE NUMBERS.
R  INDICATES RECORD WAS SET OR TIED.
MM INDICATES DATA IS MISSING.
T  INDICATES TRACE AMOUNT.




$$
