000
CDUS43 KABR 191034
CLI8D3


CLIMATE REPORT
NATIONAL WEATHER SERVICE ABERDEEN SD
434 AM CST SUN NOV 19 2017


...................................

...THE SISSETON SD CLIMATE SUMMARY FOR NOVEMBER 18 2017...

CLIMATE NORMAL PERIOD 1981 TO 2010
CLIMATE RECORD PERIOD 1900 TO 2017


WEATHER ITEM   OBSERVED TIME   RECORD YEAR NORMAL DEPARTURE LAST
                VALUE   (LST)  VALUE       VALUE  FROM      YEAR
                                                  NORMAL
..................................................................
TEMPERATURE (F)
 YESTERDAY
  MAXIMUM         30    228 PM  67    1904  39     -9       33
                                      1953
  MINIMUM         13   1129 PM  -5    1986  20     -7       26
  AVERAGE         22                        29     -7       30

PRECIPITATION (IN)
  YESTERDAY        0.00          0.97 1952   0.01  -0.01     0.32
  MONTH TO DATE    0.20                      0.45  -0.25     0.39
  SINCE SEP 1      5.96                      5.07   0.89     5.26
  SINCE JAN 1     18.68                     21.81  -3.13    20.70

SNOWFALL (IN)
  YESTERDAY        0.0
  MONTH TO DATE    0.5
  SINCE OCT 1      0.5
  SINCE JUL 1      0.5
  SNOW DEPTH       0

DEGREE DAYS
 HEATING
  YESTERDAY       43                        36      7       35
  MONTH TO DATE  650                       554     96      273
  SINCE SEP 1   1288                      1338    -50      858
  SINCE JUL 1   1302                      1381    -79      885

 COOLING
  YESTERDAY        0                         0      0        0
  MONTH TO DATE    0                         0      0        0
  SINCE SEP 1     86                        48     38       44
  SINCE JAN 1    554                       527     27      625
..................................................................


WIND (MPH)
  HIGHEST WIND SPEED    29   HIGHEST WIND DIRECTION    NW (320)
  HIGHEST GUST SPEED    34   HIGHEST GUST DIRECTION    NW (320)
  AVERAGE WIND SPEED    14.4


SKY COVER
  POSSIBLE SUNSHINE  MM
  AVERAGE SKY COVER 0.0


WEATHER CONDITIONS
 THE FOLLOWING WEATHER WAS RECORDED YESTERDAY.
  NO SIGNIFICANT WEATHER WAS OBSERVED.


RELATIVE HUMIDITY (PERCENT)
 HIGHEST    84           400 AM
 LOWEST     47           200 PM
 AVERAGE    66

..........................................................


THE SISSETON SD CLIMATE NORMALS FOR TODAY
                         NORMAL    RECORD    YEAR
 MAXIMUM TEMPERATURE (F)   38        64      1989
 MINIMUM TEMPERATURE (F)   20       -10      1932


SUNRISE AND SUNSET
NOVEMBER 19 2017......SUNRISE   733 AM CST   SUNSET   453 PM CST
NOVEMBER 20 2017......SUNRISE   735 AM CST   SUNSET   452 PM CST


-  INDICATES NEGATIVE NUMBERS.
R  INDICATES RECORD WAS SET OR TIED.
MM INDICATES DATA IS MISSING.
T  INDICATES TRACE AMOUNT.




$$
