000
CDUS43 KABR 052241
CLI8D3


CLIMATE REPORT
NATIONAL WEATHER SERVICE ABERDEEN SD
540 PM CDT SUN JUL 5 2015


...................................

...THE SISSETON SD CLIMATE SUMMARY FOR JULY 5 2015...
VALID TODAY AS OF 0500 PM LOCAL TIME.

CLIMATE NORMAL PERIOD 1981 TO 2010
CLIMATE RECORD PERIOD 1900 TO 2015


WEATHER ITEM   OBSERVED TIME   RECORD YEAR NORMAL DEPARTURE LAST
                VALUE   (LST)  VALUE       VALUE  FROM      YEAR
                                                  NORMAL
..................................................................
TEMPERATURE (F)
 TODAY
  MAXIMUM         90   1224 PM 103    1988  82      8       89
  MINIMUM         68    603 AM  44    1950  59              67
  AVERAGE         79                        70      9       78

PRECIPITATION (IN)
  TODAY            0.00          1.40 1998   0.11  -0.11     0.00
  MONTH TO DATE    0.09                      0.56  -0.47     0.48
  SINCE JUN 1      1.47                      4.30  -2.83     9.15
  SINCE JAN 1      9.12                     11.28  -2.16    17.52

DEGREE DAYS
 COOLING
  TODAY           14                         6      8       13
  MONTH TO DATE   29                        29      0       18
  SINCE JUN 1    153                       123     30      106
  SINCE JAN 1    170                       146     24      167
..................................................................


WIND (MPH)
  HIGHEST WIND SPEED    22   HIGHEST WIND DIRECTION     W (270)
  HIGHEST GUST SPEED    28   HIGHEST GUST DIRECTION    SW (210)
  AVERAGE WIND SPEED    10.5


SKY COVER
  POSSIBLE SUNSHINE  MM
  AVERAGE SKY COVER 0.0


WEATHER CONDITIONS
 THE FOLLOWING WEATHER WAS RECORDED TODAY.
  NO SIGNIFICANT WEATHER WAS OBSERVED.


RELATIVE HUMIDITY (PERCENT)
 HIGHEST    84           100 AM
 LOWEST     48          1100 AM
 AVERAGE    66

..........................................................


THE SISSETON SD CLIMATE NORMALS FOR TOMORROW
                         NORMAL    RECORD    YEAR
 MAXIMUM TEMPERATURE (F)   82       113      1936
 MINIMUM TEMPERATURE (F)   59        45      1997


SUNRISE AND SUNSET
JULY  5 2015..........SUNRISE   545 AM CDT   SUNSET   920 PM CDT
JULY  6 2015..........SUNRISE   545 AM CDT   SUNSET   920 PM CDT


-  INDICATES NEGATIVE NUMBERS.
R  INDICATES RECORD WAS SET OR TIED.
MM INDICATES DATA IS MISSING.
T  INDICATES TRACE AMOUNT.




$$
