000
CDUS43 KABR 012234
CLI8D3


CLIMATE REPORT
NATIONAL WEATHER SERVICE ABERDEEN SD
533 PM CDT SAT OCT 1 2016


...................................

...THE SISSETON SD CLIMATE SUMMARY FOR OCTOBER 1 2016...
VALID TODAY AS OF 0500 PM LOCAL TIME.

CLIMATE NORMAL PERIOD 1981 TO 2010
CLIMATE RECORD PERIOD 1900 TO 2016


WEATHER ITEM   OBSERVED TIME   RECORD YEAR NORMAL DEPARTURE LAST
                VALUE   (LST)  VALUE       VALUE  FROM      YEAR
                                                  NORMAL
..................................................................
TEMPERATURE (F)
 TODAY
  MAXIMUM         76    241 PM  90    1992  65     11       67
  MINIMUM         43    458 AM  22    2003  41              42
  AVERAGE         60                        53      7       55

PRECIPITATION (IN)
  TODAY            0.00          2.32 2009   0.10  -0.10     0.00
  MONTH TO DATE    0.00                      0.10  -0.10     0.00
  SINCE SEP 1      2.20                      2.64  -0.44     0.34
  SINCE JAN 1     17.64                     19.38  -1.74    14.73

SNOWFALL (IN)
  TODAY            0.0
  MONTH TO DATE    0.0
  SINCE OCT 1      0.0
  SINCE JUL 1      0.0
  SNOW DEPTH       0

DEGREE DAYS
 HEATING
  TODAY            5                        12     -7       10
  MONTH TO DATE    5                        12     -7       10
  SINCE SEP 1    123                       214    -91      102
  SINCE JUL 1    150                       257   -107      160

 COOLING
  TODAY            0                         0      0        0
  MONTH TO DATE    0                         0      0        0
  SINCE SEP 1     44                        44      0      118
  SINCE JAN 1    625                       523    102      619
..................................................................


WIND (MPH)
  HIGHEST WIND SPEED    17   HIGHEST WIND DIRECTION     S (170)
  HIGHEST GUST SPEED    24   HIGHEST GUST DIRECTION    SE (150)
  AVERAGE WIND SPEED     7.8


SKY COVER
  POSSIBLE SUNSHINE  MM
  AVERAGE SKY COVER 0.0


WEATHER CONDITIONS
 THE FOLLOWING WEATHER WAS RECORDED TODAY.
  NO SIGNIFICANT WEATHER WAS OBSERVED.


RELATIVE HUMIDITY (PERCENT)
 HIGHEST   100           500 AM
 LOWEST     43           200 PM
 AVERAGE    72

..........................................................


THE SISSETON SD CLIMATE NORMALS FOR TOMORROW
                         NORMAL    RECORD    YEAR
 MAXIMUM TEMPERATURE (F)   65        93      1953
 MINIMUM TEMPERATURE (F)   40        14      1974


SUNRISE AND SUNSET
OCTOBER  1 2016.......SUNRISE   727 AM CDT   SUNSET   707 PM CDT
OCTOBER  2 2016.......SUNRISE   728 AM CDT   SUNSET   705 PM CDT


-  INDICATES NEGATIVE NUMBERS.
R  INDICATES RECORD WAS SET OR TIED.
MM INDICATES DATA IS MISSING.
T  INDICATES TRACE AMOUNT.




$$
