188
CDUS46 KMFR 300840
CLIAAT


CLIMATE REPORT
NATIONAL WEATHER SERVICE MEDFORD, OR
139 AM PDT TUE AUG 30 2016


...................................

...THE ALTURAS CA CLIMATE SUMMARY FOR AUGUST 29 2016...

CLIMATE NORMAL PERIOD 1981 TO 2010
CLIMATE RECORD PERIOD 1905 TO 2016


WEATHER ITEM   OBSERVED TIME   RECORD YEAR NORMAL DEPARTURE LAST
                VALUE   (LST)  VALUE       VALUE  FROM      YEAR
                                                  NORMAL
..................................................................
TEMPERATURE (F)
 YESTERDAY
  MAXIMUM         86    345 PM 103    1915  83      3       78
  MINIMUM         41    525 AM  25    1910  40      1       50
  AVERAGE         64                        62      2       64

PRECIPITATION (IN)
  YESTERDAY        0.00          0.45 1979   0.01  -0.01      T
  MONTH TO DATE    T                         0.33  -0.33     0.27
  SINCE OCT 1     13.42                     13.62  -0.20    11.35
  SINCE JAN 1      7.44                      9.11  -1.67     6.84

SNOWFALL (IN)
  YESTERDAY       MM                        MM     MM       MM
  MONTH TO DATE   MM                        MM     MM       MM
  SINCE JUL 1     MM                        MM     MM       MM
  SNOW DEPTH      MM

DEGREE DAYS
 HEATING
  YESTERDAY        1                         4     -3        1
  MONTH TO DATE   16                        61    -45        6
  SINCE JUN 1    174                       282   -108       59
  SINCE JUL 1     56                       102    -46       29

 COOLING
  YESTERDAY        0                         1     -1        0
  MONTH TO DATE   92                        54     38       80
  SINCE JUN 1    252                       149    103      314
  SINCE JAN 1    252                       149    103      314
..................................................................


WIND (MPH)
  HIGHEST WIND SPEED    15   HIGHEST WIND DIRECTION     W (270)
  HIGHEST GUST SPEED    18   HIGHEST GUST DIRECTION     W (290)
  AVERAGE WIND SPEED     3.4


SKY COVER
  POSSIBLE SUNSHINE  MM
  AVERAGE SKY COVER 0.0


WEATHER CONDITIONS
 THE FOLLOWING WEATHER WAS RECORDED YESTERDAY.
  NO SIGNIFICANT WEATHER WAS OBSERVED.


RELATIVE HUMIDITY (PERCENT)
 HIGHEST    53           600 AM
 LOWEST      8           200 PM
 AVERAGE    31

..........................................................


THE ALTURAS CA CLIMATE NORMALS FOR TODAY
                         NORMAL    RECORD    YEAR
 MAXIMUM TEMPERATURE (F)   83        98      1950
 MINIMUM TEMPERATURE (F)   40        25      1908


SUNRISE AND SUNSET
AUGUST 30 2016........SUNRISE   627 AM PDT   SUNSET   738 PM PDT
AUGUST 31 2016........SUNRISE   628 AM PDT   SUNSET   736 PM PDT


-  INDICATES NEGATIVE NUMBERS.
R  INDICATES RECORD WAS SET OR TIED.
MM INDICATES DATA IS MISSING.
T  INDICATES TRACE AMOUNT.




$$
