000
CDUS46 KMFR 010838
CLIAAT


CLIMATE REPORT
NATIONAL WEATHER SERVICE MEDFORD, OR
137 AM PDT WED JUL 1 2015


...................................

...THE ALTURAS CA CLIMATE SUMMARY FOR JUNE 30 2015...

CLIMATE NORMAL PERIOD 1981 TO 2010
CLIMATE RECORD PERIOD 1905 TO 2015


WEATHER ITEM   OBSERVED TIME   RECORD YEAR NORMAL DEPARTURE LAST
                VALUE   (LST)  VALUE       VALUE  FROM      YEAR
                                                  NORMAL
..................................................................
TEMPERATURE (F)
 YESTERDAY
  MAXIMUM         99    416 PM 101    2013  83     16       94
  MINIMUM         48    449 AM  26    1931  43      5       45
  AVERAGE         74                        63     11       70

PRECIPITATION (IN)
  YESTERDAY        0.00          0.26 1992   0.01  -0.01     0.00
  MONTH TO DATE    0.59                      0.90  -0.31     0.42
  SINCE OCT 1      9.91                     12.95  -3.04     6.04
  SINCE JAN 1      5.40                      8.44  -3.04     5.41

SNOWFALL (IN)
  YESTERDAY       MM                        MM     MM       MM
  MONTH TO DATE   MM                        MM     MM       MM
  SINCE JUL 1     MM                        MM     MM        0.0
  SNOW DEPTH      MM

DEGREE DAYS
 HEATING
  YESTERDAY        0                         3     -3        0
  MONTH TO DATE   30                       180   -150       89
  SINCE JUN 1     30                       180   -150       89
  SINCE JUL 1   5235                      6937  -1702     6479

 COOLING
  YESTERDAY        9                         1      8        5
  MONTH TO DATE  103                        11     92       20
  SINCE JUN 1    103                        11     92       20
  SINCE JAN 1    103                        11     92       20
..................................................................


WIND (MPH)
  HIGHEST WIND SPEED    18   HIGHEST WIND DIRECTION     W (280)
  HIGHEST GUST SPEED    24   HIGHEST GUST DIRECTION     W (280)
  AVERAGE WIND SPEED     4.2


SKY COVER
  POSSIBLE SUNSHINE  MM
  AVERAGE SKY COVER 0.0


WEATHER CONDITIONS
 THE FOLLOWING WEATHER WAS RECORDED YESTERDAY.
  NO SIGNIFICANT WEATHER WAS OBSERVED.


RELATIVE HUMIDITY (PERCENT)
 HIGHEST    56           500 AM
 LOWEST     12           100 PM
 AVERAGE    34

..........................................................


THE ALTURAS CA CLIMATE NORMALS FOR TODAY
                         NORMAL    RECORD    YEAR
 MAXIMUM TEMPERATURE (F)   84       101      2014
 MINIMUM TEMPERATURE (F)   44        28      1976


SUNRISE AND SUNSET
JULY  1 2015..........SUNRISE   532 AM PDT   SUNSET   840 PM PDT
JULY  2 2015..........SUNRISE   533 AM PDT   SUNSET   840 PM PDT


-  INDICATES NEGATIVE NUMBERS.
R  INDICATES RECORD WAS SET OR TIED.
MM INDICATES DATA IS MISSING.
T  INDICATES TRACE AMOUNT.




$$
