000
CDUS46 KMFR 300837
CLIAAT


CLIMATE REPORT
NATIONAL WEATHER SERVICE MEDFORD, OR
136 AM PDT THU JUL 30 2015


...................................

...THE ALTURAS CA CLIMATE SUMMARY FOR JULY 29 2015...

CLIMATE NORMAL PERIOD 1981 TO 2010
CLIMATE RECORD PERIOD 1905 TO 2015


WEATHER ITEM   OBSERVED TIME   RECORD YEAR NORMAL DEPARTURE LAST
                VALUE   (LST)  VALUE       VALUE  FROM      YEAR
                                                  NORMAL
..................................................................
TEMPERATURE (F)
 YESTERDAY
  MAXIMUM         93    439 PM 104    1968  90      3       93
  MINIMUM         42    501 AM  33    1916  45     -3       58
  AVERAGE         68                        67      1       76

PRECIPITATION (IN)
  YESTERDAY        0.00          0.47 1974   0.02  -0.02     0.00
  MONTH TO DATE    1.17                      0.31   0.86     0.41
  SINCE OCT 1     11.08                     13.26  -2.18     6.45
  SINCE JAN 1      6.57                      8.75  -2.18     5.82

SNOWFALL (IN)
  YESTERDAY       MM                        MM     MM       MM
  MONTH TO DATE   MM                        MM     MM       MM
  SINCE JUL 1     MM                        MM     MM       MM
  SNOW DEPTH      MM

DEGREE DAYS
 HEATING
  YESTERDAY        0                         1     -1        0
  MONTH TO DATE   23                        39    -16        6
  SINCE JUN 1     53                       219   -166       95
  SINCE JUL 1     23                        39    -16        6

 COOLING
  YESTERDAY        3                         3      0       11
  MONTH TO DATE  116                        73     43      238
  SINCE JUN 1    219                        84    135      258
  SINCE JAN 1    219                        84    135      258
..................................................................


WIND (MPH)
  HIGHEST WIND SPEED    12   HIGHEST WIND DIRECTION     E (80)
  HIGHEST GUST SPEED    16   HIGHEST GUST DIRECTION    SE (140)
  AVERAGE WIND SPEED     2.5


SKY COVER
  POSSIBLE SUNSHINE  MM
  AVERAGE SKY COVER 0.0


WEATHER CONDITIONS
 THE FOLLOWING WEATHER WAS RECORDED YESTERDAY.
  NO SIGNIFICANT WEATHER WAS OBSERVED.


RELATIVE HUMIDITY (PERCENT)
 HIGHEST    58           400 AM
 LOWEST      8           300 PM
 AVERAGE    33

..........................................................


THE ALTURAS CA CLIMATE NORMALS FOR TODAY
                         NORMAL    RECORD    YEAR
 MAXIMUM TEMPERATURE (F)   90       104      1966
 MINIMUM TEMPERATURE (F)   45        34      1993


SUNRISE AND SUNSET
JULY 30 2015..........SUNRISE   555 AM PDT   SUNSET   822 PM PDT
JULY 31 2015..........SUNRISE   556 AM PDT   SUNSET   821 PM PDT


-  INDICATES NEGATIVE NUMBERS.
R  INDICATES RECORD WAS SET OR TIED.
MM INDICATES DATA IS MISSING.
T  INDICATES TRACE AMOUNT.




$$
