000
CDUS46 KMFR 020837
CLIAAT


CLIMATE REPORT
NATIONAL WEATHER SERVICE MEDFORD, OR
136 AM PDT TUE JUN 2 2015


...................................

...THE ALTURAS CA CLIMATE SUMMARY FOR JUNE 1 2015...

CLIMATE NORMAL PERIOD 1981 TO 2010
CLIMATE RECORD PERIOD 1905 TO 2015


WEATHER ITEM   OBSERVED TIME   RECORD YEAR NORMAL DEPARTURE LAST
                VALUE   (LST)  VALUE       VALUE  FROM      YEAR
                                                  NORMAL
..................................................................
TEMPERATURE (F)
 YESTERDAY
  MAXIMUM         73   1251 PM  93    1910  73      0       84
  MINIMUM         38    422 AM  24    1987  39     -1       35
  AVERAGE         56                        56      0       60

PRECIPITATION (IN)
  YESTERDAY        0.04          0.63 1971   0.06  -0.02     0.00
  MONTH TO DATE    0.04                      0.06  -0.02     0.00
  SINCE OCT 1      9.36                     12.11  -2.75     5.62
  SINCE JAN 1      4.85                      7.60  -2.75     4.99

SNOWFALL (IN)
  YESTERDAY       MM                        MM     MM       MM
  MONTH TO DATE   MM                        MM     MM       MM
  SINCE JUL 1     MM                        MM     MM        0.0
  SNOW DEPTH      MM

DEGREE DAYS
 HEATING
  YESTERDAY        9                         9      0        5
  MONTH TO DATE    9                         9      0        5
  SINCE JUN 1      9                         9      0        5
  SINCE JUL 1   5214                      6766  -1552     6395

 COOLING
  YESTERDAY        0                         0      0        0
  MONTH TO DATE    0                         0      0        0
  SINCE JUN 1      0                         0      0        0
  SINCE JAN 1      0                         0      0        0
..................................................................


WIND (MPH)
  HIGHEST WIND SPEED    23   HIGHEST WIND DIRECTION    SW (240)
  HIGHEST GUST SPEED    30   HIGHEST GUST DIRECTION     W (250)
  AVERAGE WIND SPEED     8.1


SKY COVER
  POSSIBLE SUNSHINE  MM
  AVERAGE SKY COVER 0.5


WEATHER CONDITIONS
 THE FOLLOWING WEATHER WAS RECORDED YESTERDAY.
  LIGHT RAIN
  FOG


RELATIVE HUMIDITY (PERCENT)
 HIGHEST    92           400 AM
 LOWEST     27           100 PM
 AVERAGE    60

..........................................................


THE ALTURAS CA CLIMATE NORMALS FOR TODAY
                         NORMAL    RECORD    YEAR
 MAXIMUM TEMPERATURE (F)   73        92      1960
 MINIMUM TEMPERATURE (F)   39        24      1976


SUNRISE AND SUNSET
JUNE  2 2015..........SUNRISE   530 AM PDT   SUNSET   830 PM PDT
JUNE  3 2015..........SUNRISE   530 AM PDT   SUNSET   831 PM PDT


-  INDICATES NEGATIVE NUMBERS.
R  INDICATES RECORD WAS SET OR TIED.
MM INDICATES DATA IS MISSING.
T  INDICATES TRACE AMOUNT.




$$
