000
CDUS46 KMFR 290838
CLIAAT


CLIMATE REPORT
NATIONAL WEATHER SERVICE MEDFORD, OR
137 AM PDT FRI JUL 29 2016


...................................

...THE ALTURAS CA CLIMATE SUMMARY FOR JULY 28 2016...

CLIMATE NORMAL PERIOD 1981 TO 2010
CLIMATE RECORD PERIOD 1905 TO 2016


WEATHER ITEM   OBSERVED TIME   RECORD YEAR NORMAL DEPARTURE LAST
                VALUE   (LST)  VALUE       VALUE  FROM      YEAR
                                                  NORMAL
..................................................................
TEMPERATURE (F)
 YESTERDAY
  MAXIMUM        100    355 PM 103    1968  90     10       85
  MINIMUM         51    534 AM  32    1965  45      6       38
  AVERAGE         76                        68      8       62

PRECIPITATION (IN)
  YESTERDAY        0.00          0.46 1952   0.01  -0.01     0.00
  MONTH TO DATE    0.05                      0.29  -0.24     1.17
  SINCE OCT 1     13.42                     13.24   0.18    11.08
  SINCE JAN 1      7.44                      8.73  -1.29     6.57

SNOWFALL (IN)
  YESTERDAY       MM                        MM     MM       MM
  MONTH TO DATE   MM                        MM     MM       MM
  SINCE JUL 1     MM                        MM     MM       MM
  SNOW DEPTH      MM

DEGREE DAYS
 HEATING
  YESTERDAY        0                         1     -1        3
  MONTH TO DATE   40                        38      2       23
  SINCE JUN 1    158                       218    -60       53
  SINCE JUL 1     40                        38      2       23

 COOLING
  YESTERDAY       11                         3      8        0
  MONTH TO DATE   80                        70     10      113
  SINCE JUN 1    128                        81     47      216
  SINCE JAN 1    128                        81     47      216
..................................................................


WIND (MPH)
  HIGHEST WIND SPEED    20   HIGHEST WIND DIRECTION     W (270)
  HIGHEST GUST SPEED    24   HIGHEST GUST DIRECTION     W (280)
  AVERAGE WIND SPEED     5.3


SKY COVER
  POSSIBLE SUNSHINE  MM
  AVERAGE SKY COVER 0.0


WEATHER CONDITIONS
 THE FOLLOWING WEATHER WAS RECORDED YESTERDAY.
  NO SIGNIFICANT WEATHER WAS OBSERVED.


RELATIVE HUMIDITY (PERCENT)
 HIGHEST    55           600 AM
 LOWEST      8           300 PM
 AVERAGE    32

..........................................................


THE ALTURAS CA CLIMATE NORMALS FOR TODAY
                         NORMAL    RECORD    YEAR
 MAXIMUM TEMPERATURE (F)   90       104      1968
 MINIMUM TEMPERATURE (F)   45        33      1916


SUNRISE AND SUNSET
JULY 29 2016..........SUNRISE   555 AM PDT   SUNSET   822 PM PDT
JULY 30 2016..........SUNRISE   556 AM PDT   SUNSET   821 PM PDT


-  INDICATES NEGATIVE NUMBERS.
R  INDICATES RECORD WAS SET OR TIED.
MM INDICATES DATA IS MISSING.
T  INDICATES TRACE AMOUNT.




$$
