000
CDUS46 KMFR 290846
CLIAAT


CLIMATE REPORT
NATIONAL WEATHER SERVICE MEDFORD, OR
1246 AM PST MON DEC 29 2014


...................................

...THE ALTURAS CA CLIMATE SUMMARY FOR DECEMBER 28 2014...

CLIMATE NORMAL PERIOD 1981 TO 2010
CLIMATE RECORD PERIOD 1905 TO 2014


WEATHER ITEM   OBSERVED TIME   RECORD YEAR NORMAL DEPARTURE LAST
                VALUE   (LST)  VALUE       VALUE  FROM      YEAR
                                                  NORMAL
..................................................................
TEMPERATURE (F)
 YESTERDAY
  MAXIMUM         44    230 PM  61    1917  40      4       49
  MINIMUM         26   1102 PM  -4    1983  18      8        8
  AVERAGE         35                        29      6       29

PRECIPITATION (IN)
  YESTERDAY        T             0.50 1934   0.06  -0.06     0.00
  MONTH TO DATE    2.07                      1.56   0.51     0.17
  SINCE SEP 1      4.81                      4.88  -0.07     1.14
  SINCE JAN 1     11.09                     14.02  -2.93     6.29

SNOWFALL (IN)
  YESTERDAY       MM                        MM     MM       MM
  MONTH TO DATE   MM                        MM     MM       MM
  SINCE JUL 1     MM                        MM     MM        0.0
  SNOW DEPTH      MM

DEGREE DAYS
 HEATING
  YESTERDAY       30                        36     -6       36
  MONTH TO DATE  722                       991   -269     1172
  SINCE DEC 1    722                       991   -269     1172
  SINCE JUL 1   2013                      2801   -788     2917

 COOLING
  YESTERDAY        0                         0      0        0
  MONTH TO DATE    0                         0      0        0
  SINCE DEC 1      0                         0      0        0
  SINCE JAN 1    380                       156    224      280
..................................................................


WIND (MPH)
  HIGHEST WIND SPEED    22   HIGHEST WIND DIRECTION    NW (310)
  HIGHEST GUST SPEED    27   HIGHEST GUST DIRECTION    NW (330)
  AVERAGE WIND SPEED     5.5


SKY COVER
  POSSIBLE SUNSHINE  MM
  AVERAGE SKY COVER 0.7


WEATHER CONDITIONS
 THE FOLLOWING WEATHER WAS RECORDED YESTERDAY.
  LIGHT SNOW


RELATIVE HUMIDITY (PERCENT)
 HIGHEST    81          1000 PM
 LOWEST     53           200 PM
 AVERAGE    67

..........................................................


THE ALTURAS CA CLIMATE NORMALS FOR TODAY
                         NORMAL    RECORD    YEAR
 MAXIMUM TEMPERATURE (F)   40        67      1917
 MINIMUM TEMPERATURE (F)   18       -15      1916


SUNRISE AND SUNSET
DECEMBER 29 2014......SUNRISE   728 AM PST   SUNSET   441 PM PST
DECEMBER 30 2014......SUNRISE   728 AM PST   SUNSET   441 PM PST


-  INDICATES NEGATIVE NUMBERS.
R  INDICATES RECORD WAS SET OR TIED.
MM INDICATES DATA IS MISSING.
T  INDICATES TRACE AMOUNT.




$$
