000
CDUS46 KMFR 010836
CLIAAT


CLIMATE REPORT
NATIONAL WEATHER SERVICE MEDFORD, OR
136 AM PDT SUN MAY 1 2016


...................................

...THE ALTURAS CA CLIMATE SUMMARY FOR APRIL 30 2016...

CLIMATE NORMAL PERIOD 1981 TO 2010
CLIMATE RECORD PERIOD 1905 TO 2016


WEATHER ITEM   OBSERVED TIME   RECORD YEAR NORMAL DEPARTURE LAST
                VALUE   (LST)  VALUE       VALUE  FROM      YEAR
                                                  NORMAL
..................................................................
TEMPERATURE (F)
 YESTERDAY
  MAXIMUM         61    529 PM  83    1981  62     -1       73
  MINIMUM         38    553 AM  18    2011  32      6       35
                                      1946
  AVERAGE         50                        47      3       54

PRECIPITATION (IN)
  YESTERDAY        0.00          0.50 1987   0.05  -0.05     0.00
  MONTH TO DATE    1.32                      1.56  -0.24     0.55
  SINCE OCT 1     11.64                     10.69   0.95     6.72
  SINCE JAN 1      5.66                      6.18  -0.52     2.21

SNOWFALL (IN)
  YESTERDAY       MM                        MM     MM       MM
  MONTH TO DATE   MM                        MM     MM       MM
  SINCE JUL 1     MM                        MM     MM       MM
  SNOW DEPTH      MM

DEGREE DAYS
 HEATING
  YESTERDAY       15                        18     -3       11
  MONTH TO DATE  437                       652   -215      614
  SINCE MAR 1   1144                      1477   -333     1226
  SINCE JUL 1   5531                      6344   -813     4853

 COOLING
  YESTERDAY        0                         0      0        0
  MONTH TO DATE    0                         0      0        0
  SINCE MAR 1      0                         0      0        0
  SINCE JAN 1      0                         0      0        0
..................................................................


WIND (MPH)
  HIGHEST WIND SPEED    20   HIGHEST WIND DIRECTION     N (10)
  HIGHEST GUST SPEED    27   HIGHEST GUST DIRECTION     N (350)
  AVERAGE WIND SPEED    12.0


SKY COVER
  POSSIBLE SUNSHINE  MM
  AVERAGE SKY COVER 0.6


WEATHER CONDITIONS
 THE FOLLOWING WEATHER WAS RECORDED YESTERDAY.
  NO SIGNIFICANT WEATHER WAS OBSERVED.


RELATIVE HUMIDITY (PERCENT)
 HIGHEST    79          1200 AM
 LOWEST     35           400 PM
 AVERAGE    57

..........................................................


THE ALTURAS CA CLIMATE NORMALS FOR TODAY
                         NORMAL    RECORD    YEAR
 MAXIMUM TEMPERATURE (F)   63        85      1981
 MINIMUM TEMPERATURE (F)   32        17      2008


SUNRISE AND SUNSET
MAY  1 2016...........SUNRISE   558 AM PDT   SUNSET   801 PM PDT
MAY  2 2016...........SUNRISE   557 AM PDT   SUNSET   802 PM PDT


-  INDICATES NEGATIVE NUMBERS.
R  INDICATES RECORD WAS SET OR TIED.
MM INDICATES DATA IS MISSING.
T  INDICATES TRACE AMOUNT.




$$
