000
CDUS46 KMFR 290836
CLIAAT


CLIMATE REPORT
NATIONAL WEATHER SERVICE MEDFORD, OR
1235 AM PST THU JAN 29 2015


...................................

...THE ALTURAS CA CLIMATE SUMMARY FOR JANUARY 28 2015...

CLIMATE NORMAL PERIOD 1981 TO 2010
CLIMATE RECORD PERIOD 1905 TO 2015


WEATHER ITEM   OBSERVED TIME   RECORD YEAR NORMAL DEPARTURE LAST
                VALUE   (LST)  VALUE       VALUE  FROM      YEAR
                                                  NORMAL
..................................................................
TEMPERATURE (F)
 YESTERDAY
  MAXIMUM         57    342 PM  66    1934  43     14       53
  MINIMUM         24    746 AM  -9    1949  19      5       34
  AVERAGE         41                        31     10       44

PRECIPITATION (IN)
  YESTERDAY        0.00          0.51 1933   0.04  -0.04     0.02
  MONTH TO DATE    0.11                      1.52  -1.41     0.04
  SINCE OCT 1      4.62                      6.03  -1.41     0.67
  SINCE JAN 1      0.11                      1.52  -1.41     0.04

SNOWFALL (IN)
  YESTERDAY       MM                        MM     MM       MM
  MONTH TO DATE   MM                        MM     MM       MM
  SINCE JUL 1     MM                        MM     MM        0.0
  SNOW DEPTH      MM

DEGREE DAYS
 HEATING
  YESTERDAY       24                        34    -10       21
  MONTH TO DATE  754                       988   -234      871
  SINCE DEC 1   1607                      2088   -481     2143
  SINCE JUL 1   2898                      3898  -1000     3888

 COOLING
  YESTERDAY        0                         0      0        0
  MONTH TO DATE    0                         0      0        0
  SINCE DEC 1      0                         0      0        0
  SINCE JAN 1      0                         0      0        0
..................................................................


WIND (MPH)
  HIGHEST WIND SPEED     7   HIGHEST WIND DIRECTION    SE (140)
  HIGHEST GUST SPEED    10   HIGHEST GUST DIRECTION    SE (130)
  AVERAGE WIND SPEED     0.6


SKY COVER
  POSSIBLE SUNSHINE  MM
  AVERAGE SKY COVER 0.1


WEATHER CONDITIONS
 THE FOLLOWING WEATHER WAS RECORDED YESTERDAY.
  FOG
  FOG W/VISIBILITY <= 1/4 MILE
  HAZE


RELATIVE HUMIDITY (PERCENT)
 HIGHEST    92           500 AM
 LOWEST     25           300 PM
 AVERAGE    59

..........................................................


THE ALTURAS CA CLIMATE NORMALS FOR TODAY
                         NORMAL    RECORD    YEAR
 MAXIMUM TEMPERATURE (F)   43        67      1976
 MINIMUM TEMPERATURE (F)   19       -25      1977


SUNRISE AND SUNSET
JANUARY 29 2015.......SUNRISE   717 AM PST   SUNSET   514 PM PST
JANUARY 30 2015.......SUNRISE   716 AM PST   SUNSET   516 PM PST


-  INDICATES NEGATIVE NUMBERS.
R  INDICATES RECORD WAS SET OR TIED.
MM INDICATES DATA IS MISSING.
T  INDICATES TRACE AMOUNT.




$$
