000
CDUS46 KMFR 090837
CLIAAT


CLIMATE REPORT
NATIONAL WEATHER SERVICE MEDFORD, OR
1237 AM PST TUE FEB 9 2016


...................................

...THE ALTURAS CA CLIMATE SUMMARY FOR FEBRUARY 8 2016...

CLIMATE NORMAL PERIOD 1981 TO 2010
CLIMATE RECORD PERIOD 1905 TO 2016


WEATHER ITEM   OBSERVED TIME   RECORD YEAR NORMAL DEPARTURE LAST
                VALUE   (LST)  VALUE       VALUE  FROM      YEAR
                                                  NORMAL
..................................................................
TEMPERATURE (F)
 YESTERDAY
  MAXIMUM         60    321 PM  68    1963  45     15       55
  MINIMUM         25    650 AM -22    1989  21      4       36
  AVERAGE         43                        33     10       46

PRECIPITATION (IN)
  YESTERDAY        0.00          0.60 1985   0.05  -0.05     0.06
  MONTH TO DATE    0.09                      0.38  -0.29     0.76
  SINCE OCT 1      8.07                      6.54   1.53     5.38
  SINCE JAN 1      2.09                      2.03   0.06     0.87

SNOWFALL (IN)
  YESTERDAY       MM                        MM     MM       MM
  MONTH TO DATE   MM                        MM     MM       MM
  SINCE JUL 1     MM                        MM     MM       MM
  SNOW DEPTH      MM

DEGREE DAYS
 HEATING
  YESTERDAY       22                        32    -10       19
  MONTH TO DATE  280                       262     18      155
  SINCE DEC 1   2396                      2450    -54     1846
  SINCE JUL 1   3923                      4260   -337     3137

 COOLING
  YESTERDAY        0                         0      0        0
  MONTH TO DATE    0                         0      0        0
  SINCE DEC 1      0                         0      0        0
  SINCE JAN 1      0                         0      0        0
..................................................................


WIND (MPH)
  HIGHEST WIND SPEED    10   HIGHEST WIND DIRECTION     S (190)
  HIGHEST GUST SPEED    13   HIGHEST GUST DIRECTION     S (180)
  AVERAGE WIND SPEED     2.5


SKY COVER
  POSSIBLE SUNSHINE  MM
  AVERAGE SKY COVER 0.0


WEATHER CONDITIONS
 THE FOLLOWING WEATHER WAS RECORDED YESTERDAY.
  FOG


RELATIVE HUMIDITY (PERCENT)
 HIGHEST   100           100 AM
 LOWEST     43           100 PM
 AVERAGE    72

..........................................................


THE ALTURAS CA CLIMATE NORMALS FOR TODAY
                         NORMAL    RECORD    YEAR
 MAXIMUM TEMPERATURE (F)   45        67      1954
 MINIMUM TEMPERATURE (F)   21       -14      1989


SUNRISE AND SUNSET
FEBRUARY  9 2016......SUNRISE   705 AM PST   SUNSET   528 PM PST
FEBRUARY 10 2016......SUNRISE   704 AM PST   SUNSET   529 PM PST


-  INDICATES NEGATIVE NUMBERS.
R  INDICATES RECORD WAS SET OR TIED.
MM INDICATES DATA IS MISSING.
T  INDICATES TRACE AMOUNT.




$$
