472
CDUS46 KMFR 200840
CLIAAT


CLIMATE REPORT
NATIONAL WEATHER SERVICE MEDFORD, OR
140 AM PDT SUN AUG 20 2017


...................................

...THE ALTURAS CA CLIMATE SUMMARY FOR AUGUST 19 2017...

CLIMATE NORMAL PERIOD 1981 TO 2010
CLIMATE RECORD PERIOD 1905 TO 2017


WEATHER ITEM   OBSERVED TIME   RECORD YEAR NORMAL DEPARTURE LAST
                VALUE   (LST)  VALUE       VALUE  FROM      YEAR
                                                  NORMAL
..................................................................
TEMPERATURE (F)
 YESTERDAY
  MAXIMUM         90    308 PM 105    1967  86      4       98
  MINIMUM         45    530 AM  29    1973  42      3       50
  AVERAGE         68                        64      4       74

PRECIPITATION (IN)
  YESTERDAY        0.00          0.36 1990   0.00   0.00     0.00
  MONTH TO DATE    0.13                      0.21  -0.08     0.00
  SINCE OCT 1     15.23                     13.50   1.73    13.42
  SINCE JAN 1     11.48                      8.99   2.49     7.44

SNOWFALL (IN)
  YESTERDAY       MM                        MM     MM       MM
  MONTH TO DATE   MM                        MM     MM       MM
  SINCE JUL 1     MM                        MM     MM       MM
  SNOW DEPTH      MM

DEGREE DAYS
 HEATING
  YESTERDAY        0                         2     -2        0
  MONTH TO DATE    0                        28    -28        7
  SINCE JUN 1    110                       249   -139      165
  SINCE JUL 1      1                        69    -68       47

 COOLING
  YESTERDAY        3                         1      2        9
  MONTH TO DATE  110                        44     66       74
  SINCE JUN 1    371                       139    232      234
  SINCE JAN 1    371                       139    232      234
..................................................................


WIND (MPH)
  HIGHEST WIND SPEED    16   HIGHEST WIND DIRECTION     N (10)
  HIGHEST GUST SPEED    21   HIGHEST GUST DIRECTION     N (10)
  AVERAGE WIND SPEED     4.6


SKY COVER
  POSSIBLE SUNSHINE  MM
  AVERAGE SKY COVER 0.1


WEATHER CONDITIONS
 THE FOLLOWING WEATHER WAS RECORDED YESTERDAY.
  HAZE


RELATIVE HUMIDITY (PERCENT)
 HIGHEST    66           500 AM
 LOWEST     12           400 PM
 AVERAGE    39

..........................................................


THE ALTURAS CA CLIMATE NORMALS FOR TODAY
                         NORMAL    RECORD    YEAR
 MAXIMUM TEMPERATURE (F)   86       104      1967
 MINIMUM TEMPERATURE (F)   42        29      1918


SUNRISE AND SUNSET
AUGUST 20 2017........SUNRISE   617 AM PDT   SUNSET   754 PM PDT
AUGUST 21 2017........SUNRISE   618 AM PDT   SUNSET   752 PM PDT


-  INDICATES NEGATIVE NUMBERS.
R  INDICATES RECORD WAS SET OR TIED.
MM INDICATES DATA IS MISSING.
T  INDICATES TRACE AMOUNT.




$$
