668
CDUS46 KMFR 190856
CLIAAT


CLIMATE REPORT
NATIONAL WEATHER SERVICE MEDFORD, OR
1252 AM PST FRI JAN 19 2018


...................................

...THE ALTURAS CA CLIMATE SUMMARY FOR JANUARY 18 2018...

CLIMATE NORMAL PERIOD 1981 TO 2010
CLIMATE RECORD PERIOD 1905 TO 2018


WEATHER ITEM   OBSERVED TIME   RECORD YEAR NORMAL DEPARTURE LAST
                VALUE   (LST)  VALUE       VALUE  FROM      YEAR
                                                  NORMAL
..................................................................
TEMPERATURE (F)
 YESTERDAY
  MAXIMUM         52   1027 AM  64    1961  42     10       42
  MINIMUM         32   1155 PM -26    1917  18     14       33
  AVERAGE         42                        30     12       38

PRECIPITATION (IN)
  YESTERDAY        0.53R         0.35 2006   0.04   0.49     0.08
                                      1952
  MONTH TO DATE    1.15                      1.09   0.06     3.05
  SINCE OCT 1      4.15                      5.60  -1.45     6.80
  SINCE JAN 1      1.15                      1.09   0.06     3.05

SNOWFALL (IN)
  YESTERDAY       MM                        MM     MM       MM
  MONTH TO DATE   MM                        MM     MM       MM
  SINCE JUL 1     MM                        MM     MM       MM
  SNOW DEPTH      MM

DEGREE DAYS
 HEATING
  YESTERDAY       23                        35    -12       27
  MONTH TO DATE  448                       642   -194      757
  SINCE DEC 1   1496                      1742   -246     1916
  SINCE JUL 1   3050                      3552   -502     3424

 COOLING
  YESTERDAY        0                         0      0        0
  MONTH TO DATE    0                         0      0        0
  SINCE DEC 1      0                         0      0        0
  SINCE JAN 1      0                         0      0        0
..................................................................


WIND (MPH)
  HIGHEST WIND SPEED    26   HIGHEST WIND DIRECTION     S (180)
  HIGHEST GUST SPEED    34   HIGHEST GUST DIRECTION     S (180)
  AVERAGE WIND SPEED    11.4


SKY COVER
  POSSIBLE SUNSHINE  MM
  AVERAGE SKY COVER 0.8


WEATHER CONDITIONS
 THE FOLLOWING WEATHER WAS RECORDED YESTERDAY.
  LIGHT RAIN
  SNOW
  LIGHT SNOW
  FOG


RELATIVE HUMIDITY (PERCENT)
 HIGHEST   100           900 PM
 LOWEST     59          1000 AM
 AVERAGE    80

..........................................................


THE ALTURAS CA CLIMATE NORMALS FOR TODAY
                         NORMAL    RECORD    YEAR
 MAXIMUM TEMPERATURE (F)   42        63      1961
 MINIMUM TEMPERATURE (F)   18       -12      1917


SUNRISE AND SUNSET
JANUARY 19 2018.......SUNRISE   724 AM PST   SUNSET   502 PM PST
JANUARY 20 2018.......SUNRISE   724 AM PST   SUNSET   504 PM PST


-  INDICATES NEGATIVE NUMBERS.
R  INDICATES RECORD WAS SET OR TIED.
MM INDICATES DATA IS MISSING.
T  INDICATES TRACE AMOUNT.




$$
