000
CDUS46 KMFR 300835
CLIAAT


CLIMATE REPORT
NATIONAL WEATHER SERVICE MEDFORD, OR
135 AM PDT MON MAY 30 2016


...................................

...THE ALTURAS CA CLIMATE SUMMARY FOR MAY 29 2016...

CLIMATE NORMAL PERIOD 1981 TO 2010
CLIMATE RECORD PERIOD 1905 TO 2016


WEATHER ITEM   OBSERVED TIME   RECORD YEAR NORMAL DEPARTURE LAST
                VALUE   (LST)  VALUE       VALUE  FROM      YEAR
                                                  NORMAL
..................................................................
TEMPERATURE (F)
 YESTERDAY
  MAXIMUM         77    330 PM  95    1983  72      5       84
  MINIMUM         35    438 AM  24    1976  38     -3       43
  AVERAGE         56                        55      1       64

PRECIPITATION (IN)
  YESTERDAY        0.00          0.56 1934   0.04  -0.04     0.00
  MONTH TO DATE    1.17                      1.28  -0.11     2.60
  SINCE OCT 1     12.81                     11.97   0.84     9.32
  SINCE JAN 1      6.83                      7.46  -0.63     4.81

SNOWFALL (IN)
  YESTERDAY       MM                        MM     MM       MM
  MONTH TO DATE   MM                        MM     MM       MM
  SINCE JUL 1     MM                        MM     MM       MM
  SNOW DEPTH      MM

DEGREE DAYS
 HEATING
  YESTERDAY        9                        10     -1        1
  MONTH TO DATE  334                       392    -58      347
  SINCE MAR 1   1478                      1869   -391     1573
  SINCE JUL 1   5865                      6736   -871     5200

 COOLING
  YESTERDAY        0                         0      0        0
  MONTH TO DATE    0                         0      0        0
  SINCE MAR 1      0                         0      0        0
  SINCE JAN 1      0                         0      0        0
..................................................................


WIND (MPH)
  HIGHEST WIND SPEED    20   HIGHEST WIND DIRECTION    NW (320)
  HIGHEST GUST SPEED    24   HIGHEST GUST DIRECTION    NW (320)
  AVERAGE WIND SPEED     4.5


SKY COVER
  POSSIBLE SUNSHINE  MM
  AVERAGE SKY COVER 0.0


WEATHER CONDITIONS
 THE FOLLOWING WEATHER WAS RECORDED YESTERDAY.
  NO SIGNIFICANT WEATHER WAS OBSERVED.


RELATIVE HUMIDITY (PERCENT)
 HIGHEST    92           400 AM
 LOWEST     23           300 PM
 AVERAGE    58

..........................................................


THE ALTURAS CA CLIMATE NORMALS FOR TODAY
                         NORMAL    RECORD    YEAR
 MAXIMUM TEMPERATURE (F)   72        98      1910
 MINIMUM TEMPERATURE (F)   38        27      1982


SUNRISE AND SUNSET
MAY 30 2016...........SUNRISE   532 AM PDT   SUNSET   829 PM PDT
MAY 31 2016...........SUNRISE   531 AM PDT   SUNSET   829 PM PDT


-  INDICATES NEGATIVE NUMBERS.
R  INDICATES RECORD WAS SET OR TIED.
MM INDICATES DATA IS MISSING.
T  INDICATES TRACE AMOUNT.




$$
