000
CDUS44 KSJT 180750
CLIABI


CLIMATE REPORT
NATIONAL WEATHER SERVICE SAN ANGELO TX
250 AM CDT FRI AUG 18 2017


...................................

...THE ABILENE CLIMATE SUMMARY FOR AUGUST 17 2017...

CLIMATE NORMAL PERIOD 1981 TO 2010
CLIMATE RECORD PERIOD 1886 TO 2017


WEATHER ITEM   OBSERVED TIME   RECORD YEAR NORMAL DEPARTURE LAST
                VALUE   (LST)  VALUE       VALUE  FROM      YEAR
                                                  NORMAL
..................................................................
TEMPERATURE (F)
 YESTERDAY
  MAXIMUM         95    129 PM 104    1969  94      1       89
                                      1952
  MINIMUM         71   1159 PM  61    2004  72     -1       70
  AVERAGE         83                        83      0       80

PRECIPITATION (IN)
  YESTERDAY        T             3.94 2007   0.08  -0.08      T
  MONTH TO DATE    3.36                      1.36   2.00     0.65
  SINCE JUN 1      6.08                      6.79  -0.71     4.42
  SINCE JAN 1     13.95                     15.73  -1.78    22.22

DEGREE DAYS
 HEATING
  YESTERDAY        0                         0      0        0
  MONTH TO DATE    0                         0      0        0
  SINCE JUN 1      0                         1     -1        0
  SINCE JUL 1      0                         0      0        0

 COOLING
  YESTERDAY       18                        18      0       15
  MONTH TO DATE  276                       318    -42      359
  SINCE JUN 1   1311                      1314     -3     1490
  SINCE JAN 1   1730                      1711     19     1799
..................................................................


WIND (MPH)
  HIGHEST WIND SPEED    24   HIGHEST WIND DIRECTION    SE (120)
  HIGHEST GUST SPEED    29   HIGHEST GUST DIRECTION     S (170)
  AVERAGE WIND SPEED     8.4


SKY COVER
  POSSIBLE SUNSHINE  MM
  AVERAGE SKY COVER 0.1


WEATHER CONDITIONS
 THE FOLLOWING WEATHER WAS RECORDED YESTERDAY.
  THUNDERSTORM
  LIGHT RAIN


RELATIVE HUMIDITY (PERCENT)
 HIGHEST    84           900 PM
 LOWEST     46           100 PM
 AVERAGE    65

..........................................................


THE ABILENE CLIMATE NORMALS FOR TODAY
                         NORMAL    RECORD    YEAR
 MAXIMUM TEMPERATURE (F)   94       104      1945
                                             1909
                                             1899
 MINIMUM TEMPERATURE (F)   72        62      1967


SUNRISE AND SUNSET
AUGUST 18 2017........SUNRISE   705 AM CDT   SUNSET   820 PM CDT
AUGUST 19 2017........SUNRISE   706 AM CDT   SUNSET   818 PM CDT


-  INDICATES NEGATIVE NUMBERS.
R  INDICATES RECORD WAS SET OR TIED.
MM INDICATES DATA IS MISSING.
T  INDICATES TRACE AMOUNT.




$$
