546
CDUS44 KSJT 020658
CLIABI


CLIMATE REPORT
NATIONAL WEATHER SERVICE SAN ANGELO TX
158 AM CDT MON MAY 2 2016


...................................

...THE ABILENE CLIMATE SUMMARY FOR MAY 1 2016...

CLIMATE NORMAL PERIOD 1981 TO 2010
CLIMATE RECORD PERIOD 1886 TO 2016


WEATHER ITEM   OBSERVED TIME   RECORD YEAR NORMAL DEPARTURE LAST
                VALUE   (LST)  VALUE       VALUE  FROM      YEAR
                                                  NORMAL
..................................................................
TEMPERATURE (F)
 YESTERDAY
  MAXIMUM         68    307 PM 100    2002  81    -13       84
  MINIMUM         50    713 AM  36    1909  57     -7       52
                                      1903
  AVERAGE         59                        69    -10       68

PRECIPITATION (IN)
  YESTERDAY        0.00          1.56 1944   0.08  -0.08     0.00
  MONTH TO DATE    0.00                      0.08  -0.08     0.00
  SINCE MAR 1      8.55                      3.46   5.09     3.78
  SINCE JAN 1      9.27                      5.84   3.43     7.29

DEGREE DAYS
 HEATING
  YESTERDAY        6                         1      5        0
  MONTH TO DATE    6                         1      5        0
  SINCE MAR 1    273                       410   -137      389
  SINCE JUL 1   2027                      2543   -516     2466

 COOLING
  YESTERDAY        0                         5     -5        3
  MONTH TO DATE    0                         5     -5        3
  SINCE MAR 1     81                       133    -52      170
  SINCE JAN 1     95                       138    -43      174
..................................................................


WIND (MPH)
  HIGHEST WIND SPEED    23   HIGHEST WIND DIRECTION     N (10)
  HIGHEST GUST SPEED    29   HIGHEST GUST DIRECTION     N (10)
  AVERAGE WIND SPEED    14.6


SKY COVER
  POSSIBLE SUNSHINE  MM
  AVERAGE SKY COVER 0.6


WEATHER CONDITIONS
 THE FOLLOWING WEATHER WAS RECORDED YESTERDAY.
  THUNDERSTORM


RELATIVE HUMIDITY (PERCENT)
 HIGHEST    83           400 AM
 LOWEST     42           200 PM
 AVERAGE    63

..........................................................


THE ABILENE CLIMATE NORMALS FOR TODAY
                         NORMAL    RECORD    YEAR
 MAXIMUM TEMPERATURE (F)   81       100      1927
 MINIMUM TEMPERATURE (F)   57        37      1967


SUNRISE AND SUNSET
MAY  2 2016...........SUNRISE   651 AM CDT   SUNSET   821 PM CDT
MAY  3 2016...........SUNRISE   650 AM CDT   SUNSET   822 PM CDT


-  INDICATES NEGATIVE NUMBERS.
R  INDICATES RECORD WAS SET OR TIED.
MM INDICATES DATA IS MISSING.
T  INDICATES TRACE AMOUNT.




$$
