000
CDUS44 KSJT 232228
CLIABI


CLIMATE REPORT
NATIONAL WEATHER SERVICE SAN ANGELO TX
528 PM CDT TUE SEP 23 2014


...................................

...THE ABILENE CLIMATE SUMMARY FOR SEPTEMBER 23 2014...
VALID TODAY AS OF 0500 PM LOCAL TIME.

CLIMATE NORMAL PERIOD 1981 TO 2010
CLIMATE RECORD PERIOD 1886 TO 2014


WEATHER ITEM   OBSERVED TIME   RECORD YEAR NORMAL DEPARTURE LAST
                VALUE   (LST)  VALUE       VALUE  FROM      YEAR
                                                  NORMAL
..................................................................
TEMPERATURE (F)
 TODAY
  MAXIMUM         87    331 PM  99    1926  84      3       87
  MINIMUM         65    654 AM  44    1989  62      3       55
  AVERAGE         76                        73      3       71

PRECIPITATION (IN)
  TODAY            0.00          1.50 1971   0.07  -0.07     0.00
  MONTH TO DATE    0.75                      1.73  -0.98     1.18
  SINCE SEP 1      0.75                      1.73  -0.98     1.18
  SINCE JAN 1     11.25                     18.69  -7.44    17.51

DEGREE DAYS
 HEATING
  TODAY            0                         1     -1        0
  MONTH TO DATE    5                         4      1        0
  SINCE SEP 1      5                         4      1        0
  SINCE JUL 1      5                         4      1        0

 COOLING
  TODAY           11                         9      2        6
  MONTH TO DATE  332                       274     58      348
  SINCE SEP 1    332                       274     58      348
  SINCE JAN 1   2516                      2219    297     2502
..................................................................


WIND (MPH)
  HIGHEST WIND SPEED    16   HIGHEST WIND DIRECTION     S (180)
  HIGHEST GUST SPEED    19   HIGHEST GUST DIRECTION     S (160)
  AVERAGE WIND SPEED     8.7


SKY COVER
  POSSIBLE SUNSHINE  MM
  AVERAGE SKY COVER 0.1


WEATHER CONDITIONS
 THE FOLLOWING WEATHER WAS RECORDED TODAY.
  NO SIGNIFICANT WEATHER WAS OBSERVED.


RELATIVE HUMIDITY (PERCENT)
 HIGHEST    67           600 AM
 LOWEST     43           300 PM
 AVERAGE    55

..........................................................


THE ABILENE CLIMATE NORMALS FOR TOMORROW
                         NORMAL    RECORD    YEAR
 MAXIMUM TEMPERATURE (F)   84        99      2011
                                             1979
 MINIMUM TEMPERATURE (F)   61        38      1989


SUNRISE AND SUNSET
SEPTEMBER 23 2014.....SUNRISE   728 AM CDT   SUNSET   734 PM CDT
SEPTEMBER 24 2014.....SUNRISE   728 AM CDT   SUNSET   733 PM CDT


-  INDICATES NEGATIVE NUMBERS.
R  INDICATES RECORD WAS SET OR TIED.
MM INDICATES DATA IS MISSING.
T  INDICATES TRACE AMOUNT.




$$
