000
CDUS44 KSJT 160751
CLIABI


CLIMATE REPORT
NATIONAL WEATHER SERVICE SAN ANGELO TX
150 AM CST SAT DEC 16 2017


...................................

...THE ABILENE CLIMATE SUMMARY FOR DECEMBER 15 2017...

CLIMATE NORMAL PERIOD 1981 TO 2010
CLIMATE RECORD PERIOD 1886 TO 2017


WEATHER ITEM   OBSERVED TIME   RECORD YEAR NORMAL DEPARTURE LAST
                VALUE   (LST)  VALUE       VALUE  FROM      YEAR
                                                  NORMAL
..................................................................
TEMPERATURE (F)
 YESTERDAY
  MAXIMUM         54    432 PM  83    2010  57     -3       49
  MINIMUM         25    505 AM  10    1901  33     -8       31
  AVERAGE         40                        45     -5       40

PRECIPITATION (IN)
  YESTERDAY        0.00          1.17 1967   0.04  -0.04     0.00
  MONTH TO DATE    T                         0.60  -0.60     1.39
  SINCE DEC 1      T                         0.60  -0.60     1.39
  SINCE JAN 1     19.89                     24.19  -4.30    37.00

SNOWFALL (IN)
  YESTERDAY        0.0           0.2  1983   0.0    0.0      0.0
  MONTH TO DATE    0.0                       0.4   -0.4       T
  SINCE NOV 1      0.0                       1.1   -1.1       T
  SINCE JUL 1      T                         1.1   -1.1       T

DEGREE DAYS
 HEATING
  YESTERDAY       25                        20      5       25
  MONTH TO DATE  237                       279    -42      312
  SINCE DEC 1    237                       279    -42      312
  SINCE JUL 1    632                       712    -80      503

 COOLING
  YESTERDAY        0                         0      0        0
  MONTH TO DATE    1                         0      1        0
  SINCE DEC 1      1                         0      1        0
  SINCE JAN 1   2425                      2408     17     2601
..................................................................


WIND (MPH)
  HIGHEST WIND SPEED    10   HIGHEST WIND DIRECTION     S (170)
  HIGHEST GUST SPEED    12   HIGHEST GUST DIRECTION    NW (320)
  AVERAGE WIND SPEED     4.4


SKY COVER
  POSSIBLE SUNSHINE  MM
  AVERAGE SKY COVER 0.0


WEATHER CONDITIONS
 THE FOLLOWING WEATHER WAS RECORDED YESTERDAY.
  NO SIGNIFICANT WEATHER WAS OBSERVED.


RELATIVE HUMIDITY (PERCENT)
 HIGHEST    88           500 AM
 LOWEST     28           300 PM
 AVERAGE    58

..........................................................


THE ABILENE CLIMATE NORMALS FOR TODAY
                         NORMAL    RECORD    YEAR
 MAXIMUM TEMPERATURE (F)   56        83      1908
 MINIMUM TEMPERATURE (F)   33         9      1989


SUNRISE AND SUNSET
DECEMBER 16 2017......SUNRISE   734 AM CST   SUNSET   535 PM CST
DECEMBER 17 2017......SUNRISE   734 AM CST   SUNSET   536 PM CST


-  INDICATES NEGATIVE NUMBERS.
R  INDICATES RECORD WAS SET OR TIED.
MM INDICATES DATA IS MISSING.
T  INDICATES TRACE AMOUNT.




$$
