000
CDUS44 KSJT 170811
CLIABI


CLIMATE REPORT
NATIONAL WEATHER SERVICE SAN ANGELO TX
310 AM CDT TUE OCT 17 2017


...................................

...THE ABILENE CLIMATE SUMMARY FOR OCTOBER 16 2017...

CLIMATE NORMAL PERIOD 1981 TO 2010
CLIMATE RECORD PERIOD 1886 TO 2017


WEATHER ITEM   OBSERVED TIME   RECORD YEAR NORMAL DEPARTURE LAST
                VALUE   (LST)  VALUE       VALUE  FROM      YEAR
                                                  NORMAL
..................................................................
TEMPERATURE (F)
 YESTERDAY
  MAXIMUM         72    438 PM  94    1917  77     -5       92
  MINIMUM         37    650 AM  34    2001  54    -17       69
                                      1977
  AVERAGE         55                        66    -11       81

PRECIPITATION (IN)
  YESTERDAY        0.00          3.38 1942   0.12  -0.12     0.00
  MONTH TO DATE    0.02                      1.54  -1.52     0.40
  SINCE SEP 1      4.45                      3.78   0.67     5.99
  SINCE JAN 1     18.90                     20.74  -1.84    33.10

SNOWFALL (IN)
  YESTERDAY        0.0           0.0  2002   0.0    0.0      0.0
  MONTH TO DATE    0.0                       0.0    0.0      0.0
  SINCE NOV 1      T                         4.7   -4.7      5.1
  SINCE JUL 1      0.0                       0.0    0.0      0.0

DEGREE DAYS
 HEATING
  YESTERDAY       10                         3      7        0
  MONTH TO DATE   29                        30     -1        9
  SINCE SEP 1     35                        41     -6       10
  SINCE JUL 1     35                        41     -6       10

 COOLING
  YESTERDAY        0                         4     -4       16
  MONTH TO DATE  112                        80     32      117
  SINCE SEP 1    445                       406     39      467
  SINCE JAN 1   2361                      2351     10     2466
..................................................................


WIND (MPH)
  HIGHEST WIND SPEED    12   HIGHEST WIND DIRECTION    NE (30)
  HIGHEST GUST SPEED    18   HIGHEST GUST DIRECTION    NE (40)
  AVERAGE WIND SPEED     3.9


SKY COVER
  POSSIBLE SUNSHINE  MM
  AVERAGE SKY COVER 0.0


WEATHER CONDITIONS
 THE FOLLOWING WEATHER WAS RECORDED YESTERDAY.
  NO SIGNIFICANT WEATHER WAS OBSERVED.


RELATIVE HUMIDITY (PERCENT)
 HIGHEST    92           500 AM
 LOWEST     23           200 PM
 AVERAGE    58

..........................................................


THE ABILENE CLIMATE NORMALS FOR TODAY
                         NORMAL    RECORD    YEAR
 MAXIMUM TEMPERATURE (F)   77        95      2011
 MINIMUM TEMPERATURE (F)   54        39      1922


SUNRISE AND SUNSET
OCTOBER 17 2017.......SUNRISE   744 AM CDT   SUNSET   703 PM CDT
OCTOBER 18 2017.......SUNRISE   745 AM CDT   SUNSET   702 PM CDT


-  INDICATES NEGATIVE NUMBERS.
R  INDICATES RECORD WAS SET OR TIED.
MM INDICATES DATA IS MISSING.
T  INDICATES TRACE AMOUNT.




$$
