000
CDUS44 KSJT 280654
CLIABI


CLIMATE REPORT
NATIONAL WEATHER SERVICE SAN ANGELO TX
153 AM CDT THU AUG 28 2014


...................................

...THE ABILENE CLIMATE SUMMARY FOR AUGUST 27 2014...

CLIMATE NORMAL PERIOD 1981 TO 2010
CLIMATE RECORD PERIOD 1886 TO 2014


WEATHER ITEM   OBSERVED TIME   RECORD YEAR NORMAL DEPARTURE LAST
                VALUE   (LST)  VALUE       VALUE  FROM      YEAR
                                                  NORMAL
..................................................................
TEMPERATURE (F)
 YESTERDAY
  MAXIMUM         98    355 PM 104    2011  93      5       85
  MINIMUM         74    551 AM  59    1906  70      4       71
  AVERAGE         86                        81      5       78

PRECIPITATION (IN)
  YESTERDAY        0.00          1.18 1923   0.09  -0.09     0.09
  MONTH TO DATE    0.07                      2.23  -2.16     0.54
  SINCE JUN 1      6.28                      7.66  -1.38    10.11
  SINCE JAN 1     10.27                     16.60  -6.33    16.33

DEGREE DAYS
 HEATING
  YESTERDAY        0                         0      0        0
  MONTH TO DATE    0                         0      0        0
  SINCE JUN 1      0                         1     -1        0
  SINCE JUL 1      0                         0      0        0

 COOLING
  YESTERDAY       21                        16      5       13
  MONTH TO DATE  545                       490     55      529
  SINCE JUN 1   1593                      1486    107     1594
  SINCE JAN 1   2107                      1883    224     2075
..................................................................


WIND (MPH)
  HIGHEST WIND SPEED    17   HIGHEST WIND DIRECTION    SE (120)
  HIGHEST GUST SPEED    24   HIGHEST GUST DIRECTION    SE (150)
  AVERAGE WIND SPEED     9.3


SKY COVER
  POSSIBLE SUNSHINE  MM
  AVERAGE SKY COVER 0.2


WEATHER CONDITIONS
 THE FOLLOWING WEATHER WAS RECORDED YESTERDAY.
  NO SIGNIFICANT WEATHER WAS OBSERVED.


RELATIVE HUMIDITY (PERCENT)
 HIGHEST    74           600 AM
 LOWEST     26           400 PM
 AVERAGE    50

..........................................................


THE ABILENE CLIMATE NORMALS FOR TODAY
                         NORMAL    RECORD    YEAR
 MAXIMUM TEMPERATURE (F)   92       107      2011
 MINIMUM TEMPERATURE (F)   70        50      1992


SUNRISE AND SUNSET
AUGUST 28 2014........SUNRISE   711 AM CDT   SUNSET   808 PM CDT
AUGUST 29 2014........SUNRISE   712 AM CDT   SUNSET   807 PM CDT


-  INDICATES NEGATIVE NUMBERS.
R  INDICATES RECORD WAS SET OR TIED.
MM INDICATES DATA IS MISSING.
T  INDICATES TRACE AMOUNT.


$$
