000
CDUS44 KSJT 312226
CLIABI


CLIMATE REPORT
NATIONAL WEATHER SERVICE SAN ANGELO TX
526 PM CDT TUE MAY 31 2016


...................................

...THE ABILENE CLIMATE SUMMARY FOR MAY 31 2016...
VALID TODAY AS OF 0500 PM LOCAL TIME.

CLIMATE NORMAL PERIOD 1981 TO 2010
CLIMATE RECORD PERIOD 1886 TO 2016


WEATHER ITEM   OBSERVED TIME   RECORD YEAR NORMAL DEPARTURE LAST
                VALUE   (LST)  VALUE       VALUE  FROM      YEAR
                                                  NORMAL
..................................................................
TEMPERATURE (F)
 TODAY
  MAXIMUM         84    134 PM 103    1998  88     -4       82
  MINIMUM         67    359 PM  50    1983  66      1       58
                                      1975
  AVERAGE         76                        77     -1       70

PRECIPITATION (IN)
  TODAY            0.28          2.24 1894   0.13   0.15     0.00
  MONTH TO DATE    8.53                      3.18   5.35     5.34
  SINCE MAR 1     17.08                      6.56  10.52     9.12
  SINCE JAN 1     17.80                      8.94   8.86    12.63

DEGREE DAYS
 HEATING
  TODAY            0                         0      0        0
  MONTH TO DATE   37                        13     24       12
  SINCE MAR 1    304                       425   -121      401
  SINCE JUL 1   2058                      2558   -500     2478

 COOLING
  TODAY           11                        12     -1        5
  MONTH TO DATE  216                       264    -48      218
  SINCE MAR 1    297                       392    -95      385
  SINCE JAN 1    311                       397    -86      389
..................................................................


WIND (MPH)
  HIGHEST WIND SPEED    23   HIGHEST WIND DIRECTION     E (80)
  HIGHEST GUST SPEED    30   HIGHEST GUST DIRECTION     E (90)
  AVERAGE WIND SPEED     7.4


SKY COVER
  POSSIBLE SUNSHINE  MM
  AVERAGE SKY COVER 0.4


WEATHER CONDITIONS
 THE FOLLOWING WEATHER WAS RECORDED TODAY.
  THUNDERSTORM
  RAIN
  LIGHT RAIN
  FOG


RELATIVE HUMIDITY (PERCENT)
 HIGHEST    84           300 AM
 LOWEST     58           100 PM
 AVERAGE    71

..........................................................


THE ABILENE CLIMATE NORMALS FOR TOMORROW
                         NORMAL    RECORD    YEAR
 MAXIMUM TEMPERATURE (F)   88       106      1998
 MINIMUM TEMPERATURE (F)   66        47      1964


SUNRISE AND SUNSET
MAY 31 2016...........SUNRISE   633 AM CDT   SUNSET   841 PM CDT
JUNE  1 2016..........SUNRISE   632 AM CDT   SUNSET   841 PM CDT


-  INDICATES NEGATIVE NUMBERS.
R  INDICATES RECORD WAS SET OR TIED.
MM INDICATES DATA IS MISSING.
T  INDICATES TRACE AMOUNT.




$$
