000
CDUS44 KSJT 050711
CLIABI


CLIMATE REPORT
NATIONAL WEATHER SERVICE SAN ANGELO TX
111 AM CST MON DEC 5 2016


...................................

...THE ABILENE CLIMATE SUMMARY FOR DECEMBER 4 2016...

CLIMATE NORMAL PERIOD 1981 TO 2010
CLIMATE RECORD PERIOD 1886 TO 2016


WEATHER ITEM   OBSERVED TIME   RECORD YEAR NORMAL DEPARTURE LAST
                VALUE   (LST)  VALUE       VALUE  FROM      YEAR
                                                  NORMAL
..................................................................
TEMPERATURE (F)
 YESTERDAY
  MAXIMUM         47    527 PM  89    1954  59    -12       61
  MINIMUM         40   1139 PM  15    1897  36      4       35
  AVERAGE         44                        47     -3       48

PRECIPITATION (IN)
  YESTERDAY        T             1.86 1930   0.04  -0.04     0.00
  MONTH TO DATE    1.19                      0.15   1.04     0.00
  SINCE DEC 1      1.19                      0.15   1.04     0.00
  SINCE JAN 1     36.80                     23.74  13.06    38.21

SNOWFALL (IN)
  YESTERDAY        0.0           T    2009   0.0    0.0      0.0
  MONTH TO DATE    0.0                       0.1   -0.1      0.0
  SINCE NOV 1      0.0                       0.8   -0.8       T
  SINCE JUL 1      0.0                       0.8   -0.8       T

DEGREE DAYS
 HEATING
  YESTERDAY       21                        18      3       17
  MONTH TO DATE   65                        69     -4       73
  SINCE DEC 1     65                        69     -4       73
  SINCE JUL 1    256                       502   -246      416

 COOLING
  YESTERDAY        0                         0      0        0
  MONTH TO DATE    0                         0      0        0
  SINCE DEC 1      0                         0      0        0
  SINCE JAN 1   2601                      2408    193     2739
..................................................................


WIND (MPH)
  HIGHEST WIND SPEED    17   HIGHEST WIND DIRECTION     N (340)
  HIGHEST GUST SPEED    21   HIGHEST GUST DIRECTION     N (360)
  AVERAGE WIND SPEED     8.8


SKY COVER
  POSSIBLE SUNSHINE  MM
  AVERAGE SKY COVER 0.9


WEATHER CONDITIONS
 THE FOLLOWING WEATHER WAS RECORDED YESTERDAY.
  LIGHT RAIN


RELATIVE HUMIDITY (PERCENT)
 HIGHEST   100          1200 AM
 LOWEST     82           100 PM
 AVERAGE    91

..........................................................


THE ABILENE CLIMATE NORMALS FOR TODAY
                         NORMAL    RECORD    YEAR
 MAXIMUM TEMPERATURE (F)   59        81      1951
 MINIMUM TEMPERATURE (F)   35         9      1886


SUNRISE AND SUNSET
DECEMBER  5 2016......SUNRISE   726 AM CST   SUNSET   533 PM CST
DECEMBER  6 2016......SUNRISE   727 AM CST   SUNSET   533 PM CST


-  INDICATES NEGATIVE NUMBERS.
R  INDICATES RECORD WAS SET OR TIED.
MM INDICATES DATA IS MISSING.
T  INDICATES TRACE AMOUNT.




$$
