000
CDUS45 KABQ 270834
CLIABQ


CLIMATE REPORT
NATIONAL WEATHER SERVICE ALBUQUERQUE NM
134 AM MST THU NOV 27 2014


...................................

...THE ALBUQUERQUE  NM CLIMATE SUMMARY FOR NOVEMBER 26 2014...

CLIMATE NORMAL PERIOD 1981 TO 2010
CLIMATE RECORD PERIOD 1897 TO 2014


WEATHER ITEM   OBSERVED TIME   RECORD YEAR NORMAL DEPARTURE LAST
                VALUE   (LST)  VALUE       VALUE  FROM      YEAR
                                                  NORMAL
..................................................................
TEMPERATURE (F)
 YESTERDAY
  MAXIMUM         61    336 PM  74    1995  51     10       47
  MINIMUM         29    553 AM  10    1975  30     -1       27
  AVERAGE         45                        40      5       37

PRECIPITATION (IN)
  YESTERDAY        0.00          0.56 1935   0.02  -0.02
  MONTH TO DATE    0.25                      0.50  -0.25
  SINCE SEP 1      1.61                      2.60  -0.99
  SINCE JAN 1      7.67                      8.88  -1.21

SNOWFALL (IN)
  YESTERDAY        0.0
  MONTH TO DATE    T
  SINCE SEP 1      T
  SINCE JUL 1      T
  SNOW DEPTH       0

DEGREE DAYS
 HEATING
  YESTERDAY       20                        24     -4       28
  MONTH TO DATE  498                       501     -3      491
  SINCE SEP 1    611                       767   -156      788
  SINCE JUL 1    611                       767   -156      788

 COOLING
  YESTERDAY        0                         0      0        0
  MONTH TO DATE    0                         0      0        0
  SINCE SEP 1    214                       165     49      190
  SINCE JAN 1   1444                      1322    122     1565
..................................................................


WIND (MPH)
  HIGHEST WIND SPEED    18   HIGHEST WIND DIRECTION    NW (330)
  HIGHEST GUST SPEED    23   HIGHEST GUST DIRECTION    NW (330)
  AVERAGE WIND SPEED     4.3


SKY COVER
  POSSIBLE SUNSHINE  MM
  AVERAGE SKY COVER 0.2


WEATHER CONDITIONS
 THE FOLLOWING WEATHER WAS RECORDED YESTERDAY.
  NO SIGNIFICANT WEATHER WAS OBSERVED.


RELATIVE HUMIDITY (PERCENT)
 HIGHEST    40          1100 PM
 LOWEST     23           400 PM
 AVERAGE    32

..........................................................


THE ALBUQUERQUE  NM CLIMATE NORMALS FOR TODAY
                         NORMAL    RECORD    YEAR
 MAXIMUM TEMPERATURE (F)   51        69      1954
                                             1949
 MINIMUM TEMPERATURE (F)   30         1      1976


SUNRISE AND SUNSET
NOVEMBER 27 2014......SUNRISE   653 AM MST   SUNSET   455 PM MST
NOVEMBER 28 2014......SUNRISE   654 AM MST   SUNSET   455 PM MST


-  INDICATES NEGATIVE NUMBERS.
R  INDICATES RECORD WAS SET OR TIED.
MM INDICATES DATA IS MISSING.
T  INDICATES TRACE AMOUNT.




$$
