000
CDUS45 KABQ 180013
CLIABQ


CLIMATE REPORT
NATIONAL WEATHER SERVICE ALBUQUERQUE NM
613 PM MDT THU APR 17 2014


...................................

...THE ALBUQUERQUE  NM CLIMATE SUMMARY FOR APRIL 17 2014...
VALID TODAY AS OF 0500 PM LOCAL TIME.

CLIMATE NORMAL PERIOD 1981 TO 2010
CLIMATE RECORD PERIOD 1897 TO 2014


WEATHER ITEM   OBSERVED TIME   RECORD YEAR NORMAL DEPARTURE LAST
                VALUE   (LST)  VALUE       VALUE  FROM      YEAR
                                                  NORMAL
..................................................................
TEMPERATURE (F)
 TODAY
  MAXIMUM         69    459 PM  86    1948  69      0       63
  MINIMUM         47    624 AM  24    1976  43      4       40
  AVERAGE         58                        56      2       52

PRECIPITATION (IN)
  TODAY            0.00          0.91 1931   0.03  -0.03
  MONTH TO DATE    0.00                      0.37  -0.37
  SINCE MAR 1      0.22                      0.94  -0.72
  SINCE JAN 1      0.40                      1.80  -1.40

SNOWFALL (IN)
  TODAY            0.0
  MONTH TO DATE    0.0
  SINCE MAR 1      T
  SINCE JUL 1      6.6
  SNOW DEPTH       0

DEGREE DAYS
 HEATING
  TODAY            7                         9     -2       13
  MONTH TO DATE  163                       189    -26      129
  SINCE MAR 1    633                       713    -80      536
  SINCE JUL 1   3776                      4016   -240     3734

 COOLING
  TODAY            0                         0      0        0
  MONTH TO DATE    0                         0      0        2
  SINCE MAR 1      0                         0      0        2
  SINCE JAN 1      0                         0      0        2
..................................................................


WIND (MPH)
  HIGHEST WIND SPEED    21   HIGHEST WIND DIRECTION     E (80)
  HIGHEST GUST SPEED    25   HIGHEST GUST DIRECTION     E (70)
  AVERAGE WIND SPEED     8.7


SKY COVER
  POSSIBLE SUNSHINE  MM
  AVERAGE SKY COVER 0.5



RELATIVE HUMIDITY (PERCENT)
 HIGHEST    53           600 AM
 LOWEST     17           300 PM
 AVERAGE    35

..........................................................


THE ALBUQUERQUE  NM CLIMATE NORMALS FOR TOMORROW
                         NORMAL    RECORD    YEAR
 MAXIMUM TEMPERATURE (F)   70        87      1994
 MINIMUM TEMPERATURE (F)   44        28      1896


SUNRISE AND SUNSET
APRIL 17 2014.........SUNRISE   632 AM MDT   SUNSET   741 PM MDT
APRIL 18 2014.........SUNRISE   631 AM MDT   SUNSET   742 PM MDT


-  INDICATES NEGATIVE NUMBERS.
R  INDICATES RECORD WAS SET OR TIED.
MM INDICATES DATA IS MISSING.
T  INDICATES TRACE AMOUNT.




$$
