000
CDUS45 KABQ 290834
CLIABQ


CLIMATE REPORT
NATIONAL WEATHER SERVICE ALBUQUERQUE NM
233 AM MDT SUN MAR 29 2015


...................................

...THE ALBUQUERQUE  NM CLIMATE SUMMARY FOR MARCH 28 2015...

CLIMATE NORMAL PERIOD 1981 TO 2010
CLIMATE RECORD PERIOD 1891 TO 2015


WEATHER ITEM   OBSERVED TIME   RECORD YEAR NORMAL DEPARTURE LAST
                VALUE   (LST)  VALUE       VALUE  FROM      YEAR
                                                  NORMAL
..................................................................
TEMPERATURE (F)
 YESTERDAY
  MAXIMUM         81R   430 PM  80    1967  64     17       63
                                      1963
  MINIMUM         44    335 AM  18    1913  38      6       42
  AVERAGE         63                        51     12       53

PRECIPITATION (IN)
  YESTERDAY        0.00          0.33 1937   0.02  -0.02
  MONTH TO DATE    0.11                      0.51  -0.40
  SINCE MAR 1      0.11                      0.51  -0.40
  SINCE JAN 1      1.42                      1.37   0.05

SNOWFALL (IN)
  YESTERDAY        0.0
  MONTH TO DATE    0.0
  SINCE MAR 1      0.0
  SINCE JUL 1     15.2
  SNOW DEPTH       0

DEGREE DAYS
 HEATING
  YESTERDAY        2                        14    -12       12
  MONTH TO DATE  361                       483   -122      441
  SINCE MAR 1    361                       483   -122      441
  SINCE JUL 1   3282                      3786   -504     3584

 COOLING
  YESTERDAY        0                         0      0        0
  MONTH TO DATE    0                         0      0        0
  SINCE MAR 1      0                         0      0        0
  SINCE JAN 1      0                         0      0        0
..................................................................


WIND (MPH)
  HIGHEST WIND SPEED    17   HIGHEST WIND DIRECTION     W (290)
  HIGHEST GUST SPEED    22   HIGHEST GUST DIRECTION     W (280)
  AVERAGE WIND SPEED     5.9


SKY COVER
  POSSIBLE SUNSHINE  MM
  AVERAGE SKY COVER 0.0


WEATHER CONDITIONS
 THE FOLLOWING WEATHER WAS RECORDED YESTERDAY.
  HAZE


RELATIVE HUMIDITY (PERCENT)
 HIGHEST    37           400 AM
 LOWEST      8           600 PM
 AVERAGE    23

..........................................................


THE ALBUQUERQUE  NM CLIMATE NORMALS FOR TODAY
                         NORMAL    RECORD    YEAR
 MAXIMUM TEMPERATURE (F)   64        81      1943
 MINIMUM TEMPERATURE (F)   38        18      1987


SUNRISE AND SUNSET
MARCH 29 2015.........SUNRISE   658 AM MDT   SUNSET   725 PM MDT
MARCH 30 2015.........SUNRISE   656 AM MDT   SUNSET   726 PM MDT


-  INDICATES NEGATIVE NUMBERS.
R  INDICATES RECORD WAS SET OR TIED.
MM INDICATES DATA IS MISSING.
T  INDICATES TRACE AMOUNT.




$$
