054
CDUS45 KABQ 230022
CLIABQ


CLIMATE REPORT
NATIONAL WEATHER SERVICE ALBUQUERQUE NM
622 PM MDT SUN OCT 22 2017


...................................

...THE ALBUQUERQUE  NM CLIMATE SUMMARY FOR OCTOBER 22 2017...
VALID TODAY AS OF 0500 PM LOCAL TIME.

CLIMATE NORMAL PERIOD 1981 TO 2010
CLIMATE RECORD PERIOD 1891 TO 2017


WEATHER ITEM   OBSERVED TIME   RECORD YEAR NORMAL DEPARTURE LAST
                VALUE   (LST)  VALUE       VALUE  FROM      YEAR
                                                  NORMAL
..................................................................
TEMPERATURE (F)
 TODAY
  MAXIMUM         70    439 PM  82    1915  67      3       77
  MINIMUM         37    641 AM  21    1911  44     -7       47
  AVERAGE         54                        55     -1       62

PRECIPITATION (IN)
  TODAY            0.00          1.74 1969   0.03  -0.03
  MONTH TO DATE    0.04                      0.80  -0.76
  SINCE SEP 1      2.24                      1.88   0.36
  SINCE JAN 1      7.67                      8.16  -0.49

SNOWFALL (IN)
  TODAY            0.0
  MONTH TO DATE    0.0
  SINCE SEP 1      0.0
  SINCE JUL 1      0.0
  SNOW DEPTH       0

DEGREE DAYS
 HEATING
  TODAY           11                        10      1        3
  MONTH TO DATE   93                       135    -42       63
  SINCE SEP 1    114                       161    -47       77
  SINCE JUL 1    114                       161    -47       77

 COOLING
  TODAY            0                         0      0        0
  MONTH TO DATE   27                         7     20       17
  SINCE SEP 1    247                       162     85      212
  SINCE JAN 1   1557                      1319    238     1524
..................................................................


WIND (MPH)
  HIGHEST WIND SPEED    18   HIGHEST WIND DIRECTION    NW (330)
  HIGHEST GUST SPEED    24   HIGHEST GUST DIRECTION    NW (310)
  AVERAGE WIND SPEED     5.4


SKY COVER
  POSSIBLE SUNSHINE  MM
  AVERAGE SKY COVER 0.1



RELATIVE HUMIDITY (PERCENT)
 HIGHEST    29           600 AM
 LOWEST     13          1200 AM
 AVERAGE    21

..........................................................


THE ALBUQUERQUE  NM CLIMATE NORMALS FOR TOMORROW
                         NORMAL    RECORD    YEAR
 MAXIMUM TEMPERATURE (F)   66        80      2016
                                             2003
                                             1959
 MINIMUM TEMPERATURE (F)   43        19      1908


SUNRISE AND SUNSET
OCTOBER 22 2017.......SUNRISE   719 AM MDT   SUNSET   623 PM MDT
OCTOBER 23 2017.......SUNRISE   720 AM MDT   SUNSET   621 PM MDT


-  INDICATES NEGATIVE NUMBERS.
R  INDICATES RECORD WAS SET OR TIED.
MM INDICATES DATA IS MISSING.
T  INDICATES TRACE AMOUNT.




$$
