000
CDUS45 KABQ 280827
CLIABQ


CLIMATE REPORT
NATIONAL WEATHER SERVICE ALBUQUERQUE NM
226 AM MDT FRI APR 28 2017


...................................

...THE ALBUQUERQUE  NM CLIMATE SUMMARY FOR APRIL 27 2017...

CLIMATE NORMAL PERIOD 1981 TO 2010
CLIMATE RECORD PERIOD 1891 TO 2017


WEATHER ITEM   OBSERVED TIME   RECORD YEAR NORMAL DEPARTURE LAST
                VALUE   (LST)  VALUE       VALUE  FROM      YEAR
                                                  NORMAL
..................................................................
TEMPERATURE (F)
 YESTERDAY
  MAXIMUM         74    252 PM  88    1910  73      1       70
  MINIMUM         50    243 AM  29    1984  47      3       41
  AVERAGE         62                        60      2       56

PRECIPITATION (IN)
  YESTERDAY        0.00          0.29 2001   0.02  -0.02
  MONTH TO DATE    0.42                      0.56  -0.14
  SINCE MAR 1      0.62                      1.13  -0.51
  SINCE JAN 1      2.01                      1.99   0.02

SNOWFALL (IN)
  YESTERDAY        0.0
  MONTH TO DATE    T
  SINCE MAR 1      T
  SINCE JUL 1      2.9
  SNOW DEPTH       0

DEGREE DAYS
 HEATING
  YESTERDAY        3                         6     -3        9
  MONTH TO DATE  179                       261    -82      246
  SINCE MAR 1    487                       785   -298      658
  SINCE JUL 1   3169                      4088   -919     3668

 COOLING
  YESTERDAY        0                         1     -1        0
  MONTH TO DATE    4                         3      1        4
  SINCE MAR 1      5                         3      2        4
  SINCE JAN 1      5                         3      2        4
..................................................................


WIND (MPH)
  HIGHEST WIND SPEED    39   HIGHEST WIND DIRECTION     W (280)
  HIGHEST GUST SPEED    65   HIGHEST GUST DIRECTION    NW (300)
  AVERAGE WIND SPEED    14.8


SKY COVER
  POSSIBLE SUNSHINE  MM
  AVERAGE SKY COVER 0.6


WEATHER CONDITIONS
 THE FOLLOWING WEATHER WAS RECORDED YESTERDAY.
  HAZE


RELATIVE HUMIDITY (PERCENT)
 HIGHEST    48          1200 AM
 LOWEST     16           300 PM
 AVERAGE    32

..........................................................


THE ALBUQUERQUE  NM CLIMATE NORMALS FOR TODAY
                         NORMAL    RECORD    YEAR
 MAXIMUM TEMPERATURE (F)   73        87      1992
                                             1981
                                             1910
 MINIMUM TEMPERATURE (F)   47        27      1918


SUNRISE AND SUNSET
APRIL 28 2017.........SUNRISE   618 AM MDT   SUNSET   750 PM MDT
APRIL 29 2017.........SUNRISE   617 AM MDT   SUNSET   751 PM MDT


-  INDICATES NEGATIVE NUMBERS.
R  INDICATES RECORD WAS SET OR TIED.
MM INDICATES DATA IS MISSING.
T  INDICATES TRACE AMOUNT.

$$
