000
CDUS43 KABR 031039
CLIABR


CLIMATE REPORT
NATIONAL WEATHER SERVICE ABERDEEN SD
438 AM CST TUE MAR 3 2015


...................................

...THE ABERDEEN SD CLIMATE SUMMARY FOR MARCH 2 2015...

CLIMATE NORMAL PERIOD 1981 TO 2010
CLIMATE RECORD PERIOD 1893 TO 2015


WEATHER ITEM   OBSERVED TIME   RECORD YEAR NORMAL DEPARTURE LAST
                VALUE   (LST)  VALUE       VALUE  FROM      YEAR
                                                  NORMAL
..................................................................
TEMPERATURE (F)
 YESTERDAY
  MAXIMUM         35    353 PM  72    1905  33      2        7
  MINIMUM         -3    415 AM -21    1913  14    -17      -16
  AVERAGE         16                        24     -8       -4

PRECIPITATION (IN)
  YESTERDAY        0.00          0.90 1904   0.03  -0.03     0.00
  MONTH TO DATE    0.00                      0.06  -0.06     0.00
  SINCE MAR 1      0.00                      0.06  -0.06     0.00
  SINCE JAN 1      1.05                      1.08  -0.03     0.44

SNOWFALL (IN)
  YESTERDAY        0.0
  MONTH TO DATE    0.0
  SINCE OCT 1     18.5
  SINCE JUL 1     18.5
  SNOW DEPTH       1

DEGREE DAYS
 HEATING
  YESTERDAY       49                        41      8       69
  MONTH TO DATE  100                        83     17      141
  SINCE MAR 1    100                        83     17      141
  SINCE JUL 1   6368                      6546   -178     7300

 COOLING
  YESTERDAY        0                         0      0        0
  MONTH TO DATE    0                         0      0        0
  SINCE MAR 1      0                         0      0        0
  SINCE JAN 1      0                         0      0        0
..................................................................


WIND (MPH)
  HIGHEST WIND SPEED    33   HIGHEST WIND DIRECTION     S (160)
  HIGHEST GUST SPEED    42   HIGHEST GUST DIRECTION     S (160)
  AVERAGE WIND SPEED    17.2


SKY COVER
  POSSIBLE SUNSHINE  MM
  AVERAGE SKY COVER 0.2


WEATHER CONDITIONS
 THE FOLLOWING WEATHER WAS RECORDED YESTERDAY.
  FOG
  FOG W/VISIBILITY <= 1/4 MILE
  HAZE


RELATIVE HUMIDITY (PERCENT)
 HIGHEST    87          1200 AM
 LOWEST     52           400 PM
 AVERAGE    70

..........................................................


THE ABERDEEN SD CLIMATE NORMALS FOR TODAY
                         NORMAL    RECORD    YEAR
 MAXIMUM TEMPERATURE (F)   34        73      1905
 MINIMUM TEMPERATURE (F)   14       -15      1916


SUNRISE AND SUNSET
MARCH  3 2015.........SUNRISE   709 AM CST   SUNSET   623 PM CST
MARCH  4 2015.........SUNRISE   707 AM CST   SUNSET   625 PM CST


-  INDICATES NEGATIVE NUMBERS.
R  INDICATES RECORD WAS SET OR TIED.
MM INDICATES DATA IS MISSING.
T  INDICATES TRACE AMOUNT.




$$
