000
CDUS43 KABR 301200
CLIABR


CLIMATE REPORT
NATIONAL WEATHER SERVICE ABERDEEN SD
700 AM CDT THU MAR 30 2017


...................................

...THE ABERDEEN SD CLIMATE SUMMARY FOR MARCH 29 2017...

CLIMATE NORMAL PERIOD 1981 TO 2010
CLIMATE RECORD PERIOD 1893 TO 2017


WEATHER ITEM   OBSERVED TIME   RECORD YEAR NORMAL DEPARTURE LAST
                VALUE   (LST)  VALUE       VALUE  FROM      YEAR
                                                  NORMAL
..................................................................
TEMPERATURE (F)
 YESTERDAY
  MAXIMUM         62    234 PM  78    1986  47     15       64
                                      1910
  MINIMUM         35   1132 PM  -9    1969  25     10       38
  AVERAGE         49                        36     13       51

PRECIPITATION (IN)
  YESTERDAY        0.00          1.16 1998   0.05  -0.05     0.05
  MONTH TO DATE    0.67                      1.06  -0.39     0.29
  SINCE MAR 1      0.67                      1.06  -0.39     0.29
  SINCE JAN 1      1.35                      2.08  -0.73     0.98

SNOWFALL (IN)
  YESTERDAY        0.0           9.0  1924   0.2   -0.2      0.0
  MONTH TO DATE   10.8                       6.8    4.0      0.6
  SINCE OCT 1     38.1                      34.6    3.5     26.5
  SINCE JUL 1     38.1                      34.6    3.5     26.5
  SNOW DEPTH       0

DEGREE DAYS
 HEATING
  YESTERDAY       16                        29    -13       14
  MONTH TO DATE 1001                      1031    -30      708
  SINCE MAR 1   1001                      1031    -30      708
  SINCE JUL 1   6616                      7494   -878     5945

 COOLING
  YESTERDAY        0                         0      0        0
  MONTH TO DATE    0                         0      0        0
  SINCE MAR 1      0                         0      0        0
  SINCE JAN 1      0                         0      0        0
..................................................................


WIND (MPH)
  HIGHEST WIND SPEED    22   HIGHEST WIND DIRECTION    SE (140)
  HIGHEST GUST SPEED    27   HIGHEST GUST DIRECTION    SE (140)
  AVERAGE WIND SPEED     8.7


SKY COVER
  POSSIBLE SUNSHINE  MM
  AVERAGE SKY COVER 0.0


WEATHER CONDITIONS
 THE FOLLOWING WEATHER WAS RECORDED YESTERDAY.
  NO SIGNIFICANT WEATHER WAS OBSERVED.


RELATIVE HUMIDITY (PERCENT)
 HIGHEST    89           500 AM
 LOWEST     29           400 PM
 AVERAGE    59

..........................................................


THE ABERDEEN SD CLIMATE NORMALS FOR TODAY
                         NORMAL    RECORD    YEAR
 MAXIMUM TEMPERATURE (F)   48        81      1943
 MINIMUM TEMPERATURE (F)   25       -14      1969


SUNRISE AND SUNSET
MARCH 30 2017.........SUNRISE   717 AM CDT   SUNSET   800 PM CDT
MARCH 31 2017.........SUNRISE   715 AM CDT   SUNSET   801 PM CDT


-  INDICATES NEGATIVE NUMBERS.
R  INDICATES RECORD WAS SET OR TIED.
MM INDICATES DATA IS MISSING.
T  INDICATES TRACE AMOUNT.




$$
