000
CDUS43 KABR 250905
CLIABR


CLIMATE REPORT
NATIONAL WEATHER SERVICE ABERDEEN SD
404 AM CDT TUE JUL 25 2017


...................................

...THE ABERDEEN SD CLIMATE SUMMARY FOR JULY 24 2017...

CLIMATE NORMAL PERIOD 1981 TO 2010
CLIMATE RECORD PERIOD 1893 TO 2017


WEATHER ITEM   OBSERVED TIME   RECORD YEAR NORMAL DEPARTURE LAST
                VALUE   (LST)  VALUE       VALUE  FROM      YEAR
                                                  NORMAL
..................................................................
TEMPERATURE (F)
 YESTERDAY
  MAXIMUM         80   1224 PM 108    1931  84     -4       86
  MINIMUM         57    447 AM  46    1905  60     -3       60
                                      1895
  AVERAGE         69                        72     -3       73

PRECIPITATION (IN)
  YESTERDAY        0.08          1.47 1957   0.09  -0.01     0.00
  MONTH TO DATE    2.05                      2.43  -0.38     2.82
  SINCE JUN 1      5.99                      6.13  -0.14     4.23
  SINCE JAN 1      9.37                     13.27  -3.90    11.17

DEGREE DAYS
 HEATING
  YESTERDAY        0                         0      0        0
  MONTH TO DATE    0                         8     -8        8
  SINCE JUN 1     52                        84    -32       28
  SINCE JUL 1      0                         8     -8        8

 COOLING
  YESTERDAY        4                         7     -3        8
  MONTH TO DATE  223                       159     64      174
  SINCE JUN 1    356                       251    105      366
  SINCE JAN 1    368                       274     94      399
..................................................................


WIND (MPH)
  HIGHEST WIND SPEED    18   HIGHEST WIND DIRECTION     S (160)
  HIGHEST GUST SPEED    22   HIGHEST GUST DIRECTION    SE (130)
  AVERAGE WIND SPEED    10.9


SKY COVER
  POSSIBLE SUNSHINE  MM
  AVERAGE SKY COVER 0.2


WEATHER CONDITIONS
 THE FOLLOWING WEATHER WAS RECORDED YESTERDAY.
  THUNDERSTORM
  RAIN
  LIGHT RAIN
  HAZE


RELATIVE HUMIDITY (PERCENT)
 HIGHEST   100          1200 AM
 LOWEST     64          1200 PM
 AVERAGE    82

..........................................................


THE ABERDEEN SD CLIMATE NORMALS FOR TODAY
                         NORMAL    RECORD    YEAR
 MAXIMUM TEMPERATURE (F)   84       111      1931
 MINIMUM TEMPERATURE (F)   59        44      1911


SUNRISE AND SUNSET
JULY 25 2017..........SUNRISE   610 AM CDT   SUNSET   910 PM CDT
JULY 26 2017..........SUNRISE   611 AM CDT   SUNSET   908 PM CDT


-  INDICATES NEGATIVE NUMBERS.
R  INDICATES RECORD WAS SET OR TIED.
MM INDICATES DATA IS MISSING.
T  INDICATES TRACE AMOUNT.




$$
