000
CDUS43 KABR 211508
CLIABR


CLIMATE REPORT
NATIONAL WEATHER SERVICE ABERDEEN SD
908 AM CST TUE FEB 21 2017


...................................

...THE ABERDEEN SD CLIMATE SUMMARY FOR FEBRUARY 20 2017...

CLIMATE NORMAL PERIOD 1981 TO 2010
CLIMATE RECORD PERIOD 1893 TO 2017


WEATHER ITEM   OBSERVED TIME   RECORD YEAR NORMAL DEPARTURE LAST
                VALUE   (LST)  VALUE       VALUE  FROM      YEAR
                                                  NORMAL
..................................................................
TEMPERATURE (F)
 YESTERDAY
  MAXIMUM         53    107 AM  61    1930  30     23       45
  MINIMUM         29   1102 PM -30    1918   9     20       32
  AVERAGE         41                        19     22       39

PRECIPITATION (IN)
  YESTERDAY        0.05          0.62 1955   0.02   0.03     0.00
  MONTH TO DATE    0.11                      0.35  -0.24     0.51
  SINCE DEC 1      2.40                      1.34   1.06     1.29
  SINCE JAN 1      0.62                      0.82  -0.20     0.65

SNOWFALL (IN)
  YESTERDAY        0.0          16.0  2011   0.3   -0.3      0.0
  MONTH TO DATE    0.7                       4.7   -4.0      8.3
  SINCE OCT 1     26.9                      25.7    1.2     25.7
  SINCE JUL 1     26.9                      25.7    1.2     25.7
  SNOW DEPTH       0

DEGREE DAYS
 HEATING
  YESTERDAY       24                        46    -22       26
  MONTH TO DATE  779                       979   -200      777
  SINCE DEC 1   3987                      4150   -163     3548
  SINCE JUL 1   5337                      6113   -776     4960

 COOLING
  YESTERDAY        0                         0      0        0
  MONTH TO DATE    0                         0      0        0
  SINCE DEC 1      0                         0      0        0
  SINCE JAN 1      0                         0      0        0
..................................................................


WIND (MPH)
  HIGHEST WIND SPEED    25   HIGHEST WIND DIRECTION    NW (330)
  HIGHEST GUST SPEED    32   HIGHEST GUST DIRECTION    SE (140)
  AVERAGE WIND SPEED    13.1


SKY COVER
  POSSIBLE SUNSHINE  MM
  AVERAGE SKY COVER 0.5


WEATHER CONDITIONS
 THE FOLLOWING WEATHER WAS RECORDED YESTERDAY.
  RAIN
  LIGHT RAIN
  FOG
  HAZE


RELATIVE HUMIDITY (PERCENT)
 HIGHEST    92          1000 PM
 LOWEST     63           400 PM
 AVERAGE    78

..........................................................


THE ABERDEEN SD CLIMATE NORMALS FOR TODAY
                         NORMAL    RECORD    YEAR
 MAXIMUM TEMPERATURE (F)   30        61      1977
 MINIMUM TEMPERATURE (F)   10       -30      1918


SUNRISE AND SUNSET
FEBRUARY 21 2017......SUNRISE   725 AM CST   SUNSET   610 PM CST
FEBRUARY 22 2017......SUNRISE   724 AM CST   SUNSET   611 PM CST


-  INDICATES NEGATIVE NUMBERS.
R  INDICATES RECORD WAS SET OR TIED.
MM INDICATES DATA IS MISSING.
T  INDICATES TRACE AMOUNT.




$$
