000
CDUS43 KABR 271054
CLIABR


CLIMATE REPORT
NATIONAL WEATHER SERVICE ABERDEEN SD
453 AM CST SAT DEC 27 2014


...................................

...THE ABERDEEN SD CLIMATE SUMMARY FOR DECEMBER 26 2014...

CLIMATE NORMAL PERIOD 1981 TO 2010
CLIMATE RECORD PERIOD 1893 TO 2014


WEATHER ITEM   OBSERVED TIME   RECORD YEAR NORMAL DEPARTURE LAST
                VALUE   (LST)  VALUE       VALUE  FROM      YEAR
                                                  NORMAL
..................................................................
TEMPERATURE (F)
 YESTERDAY
  MAXIMUM         27   1230 AM  54    1907  23      4       34
  MINIMUM         10   1159 PM -29    1990   3      7       10
  AVERAGE         19                        13      6       22

PRECIPITATION (IN)
  YESTERDAY        T             1.00 1916   0.02  -0.02     0.00
  MONTH TO DATE    0.25                      0.43  -0.18     0.68
  SINCE DEC 1      0.25                      0.43  -0.18     0.68
  SINCE JAN 1     17.78                     21.63  -3.85    21.70

SNOWFALL (IN)
  YESTERDAY        T
  MONTH TO DATE    0.7
  SINCE OCT 1      8.8
  SINCE JUL 1      8.8
  SNOW DEPTH       T

DEGREE DAYS
 HEATING
  YESTERDAY       46                        52     -6       43
  MONTH TO DATE 1020                      1268   -248     1510
  SINCE DEC 1   1020                      1268   -248     1510
  SINCE JUL 1   3066                      3231   -165     3501

 COOLING
  YESTERDAY        0                         0      0        0
  MONTH TO DATE    0                         0      0        0
  SINCE DEC 1      0                         0      0        0
  SINCE JAN 1    342                       525   -183      580
..................................................................


WIND (MPH)
  HIGHEST WIND SPEED    21   HIGHEST WIND DIRECTION     N (360)
  HIGHEST GUST SPEED    26   HIGHEST GUST DIRECTION     N (360)
  AVERAGE WIND SPEED    13.1


SKY COVER
  POSSIBLE SUNSHINE  MM
  AVERAGE SKY COVER 1.0


WEATHER CONDITIONS
 THE FOLLOWING WEATHER WAS RECORDED YESTERDAY.
  LT FREEZING RAIN
  LIGHT SNOW
  FOG


RELATIVE HUMIDITY (PERCENT)
 HIGHEST    92           100 AM
 LOWEST     74          1200 PM
 AVERAGE    83

..........................................................


THE ABERDEEN SD CLIMATE NORMALS FOR TODAY
                         NORMAL    RECORD    YEAR
 MAXIMUM TEMPERATURE (F)   23        54      1928
 MINIMUM TEMPERATURE (F)    3       -29      1914


SUNRISE AND SUNSET
DECEMBER 27 2014......SUNRISE   813 AM CST   SUNSET   457 PM CST
DECEMBER 28 2014......SUNRISE   813 AM CST   SUNSET   458 PM CST


-  INDICATES NEGATIVE NUMBERS.
R  INDICATES RECORD WAS SET OR TIED.
MM INDICATES DATA IS MISSING.
T  INDICATES TRACE AMOUNT.




$$
