000
CDUS43 KABR 032240
CLIABR


CLIMATE REPORT
NATIONAL WEATHER SERVICE ABERDEEN SD
539 PM CDT TUE MAY 3 2016


...................................

...THE ABERDEEN SD CLIMATE SUMMARY FOR MAY 3 2016...
VALID TODAY AS OF 0500 PM LOCAL TIME.

CLIMATE NORMAL PERIOD 1981 TO 2010
CLIMATE RECORD PERIOD 1893 TO 2016


WEATHER ITEM   OBSERVED TIME   RECORD YEAR NORMAL DEPARTURE LAST
                VALUE   (LST)  VALUE       VALUE  FROM      YEAR
                                                  NORMAL
..................................................................
TEMPERATURE (F)
 TODAY
  MAXIMUM         78    238 PM  90    1952  65     13       71
  MINIMUM         33    500 AM  13    2005  39     -6       43
  AVERAGE         56                        52      4       57

PRECIPITATION (IN)
  TODAY            0.00          1.99 1964   0.10  -0.10     0.00
  MONTH TO DATE    T                         0.30  -0.30     0.05
  SINCE MAR 1      4.12                      3.31   0.81     0.83
  SINCE JAN 1      4.81                      4.33   0.48     1.88

DEGREE DAYS
 COOLING
  TODAY            0                         0      0        0
  MONTH TO DATE    0                         0      0        0
  SINCE MAR 1      1                         2     -1        0
  SINCE JAN 1      1                         2     -1        0
..................................................................


WIND (MPH)
  HIGHEST WIND SPEED    31   HIGHEST WIND DIRECTION     N (350)
  HIGHEST GUST SPEED    41   HIGHEST GUST DIRECTION     N (350)
  AVERAGE WIND SPEED    11.7


SKY COVER
  POSSIBLE SUNSHINE  MM
  AVERAGE SKY COVER 0.0


WEATHER CONDITIONS
 THE FOLLOWING WEATHER WAS RECORDED TODAY.
  FOG


RELATIVE HUMIDITY (PERCENT)
 HIGHEST    96           500 AM
 LOWEST     19           400 PM
 AVERAGE    58

..........................................................


THE ABERDEEN SD CLIMATE NORMALS FOR TOMORROW
                         NORMAL    RECORD    YEAR
 MAXIMUM TEMPERATURE (F)   66        98      1926
 MINIMUM TEMPERATURE (F)   40        20      2005


SUNRISE AND SUNSET
MAY  3 2016...........SUNRISE   618 AM CDT   SUNSET   844 PM CDT
MAY  4 2016...........SUNRISE   617 AM CDT   SUNSET   845 PM CDT


-  INDICATES NEGATIVE NUMBERS.
R  INDICATES RECORD WAS SET OR TIED.
MM INDICATES DATA IS MISSING.
T  INDICATES TRACE AMOUNT.

&&

PEAK WIND WAS 41 MPH FROM THE NORTH AT 404 PM CDT

$$
