000
CDUS43 KABR 241033
CLIABR


CLIMATE REPORT
NATIONAL WEATHER SERVICE ABERDEEN SD
433 AM CST WED JAN 24 2018


...................................

...THE ABERDEEN SD CLIMATE SUMMARY FOR JANUARY 23 2018...

CLIMATE NORMAL PERIOD 1981 TO 2010
CLIMATE RECORD PERIOD 1893 TO 2018


WEATHER ITEM   OBSERVED TIME   RECORD YEAR NORMAL DEPARTURE LAST
                VALUE   (LST)  VALUE       VALUE  FROM      YEAR
                                                  NORMAL
..................................................................
TEMPERATURE (F)
 YESTERDAY
  MAXIMUM         35    402 PM  60    1981  23     12       31
  MINIMUM         16   1127 PM -34    1897   1     15       29
  AVERAGE         26                        12     14       30

PRECIPITATION (IN)
  YESTERDAY        T             0.30 1950   0.01  -0.01     0.01
  MONTH TO DATE    0.04                      0.36  -0.32     0.47
  SINCE DEC 1      0.39                      0.88  -0.49     2.25
  SINCE JAN 1      0.04                      0.36  -0.32     0.47

SNOWFALL (IN)
  YESTERDAY        T             2.5  1950   0.2   -0.2      0.1
  MONTH TO DATE    0.6                       5.0   -4.4      8.6
  SINCE OCT 1      5.0                      19.6  -14.6     24.6
  SINCE JUL 1      5.0                      19.6  -14.6     24.6
  SNOW DEPTH       0

DEGREE DAYS
 HEATING
  YESTERDAY       39                        53    -14       35
  MONTH TO DATE 1188                      1219    -31     1287
  SINCE DEC 1   2651                      2747    -96     2884
  SINCE JUL 1   4428                      4710   -282     4234

 COOLING
  YESTERDAY        0                         0      0        0
  MONTH TO DATE    0                         0      0        0
  SINCE DEC 1      0                         0      0        0
  SINCE JAN 1      0                         0      0        0
..................................................................


WIND (MPH)
  HIGHEST WIND SPEED    13   HIGHEST WIND DIRECTION     N (10)
  HIGHEST GUST SPEED    15   HIGHEST GUST DIRECTION     N (10)
  AVERAGE WIND SPEED     5.9


SKY COVER
  POSSIBLE SUNSHINE  MM
  AVERAGE SKY COVER 0.6


WEATHER CONDITIONS
 THE FOLLOWING WEATHER WAS RECORDED YESTERDAY.
  LIGHT SNOW
  FOG


RELATIVE HUMIDITY (PERCENT)
 HIGHEST   100          1200 AM
 LOWEST     59           400 PM
 AVERAGE    80

..........................................................


THE ABERDEEN SD CLIMATE NORMALS FOR TODAY
                         NORMAL    RECORD    YEAR
 MAXIMUM TEMPERATURE (F)   23        60      1981
 MINIMUM TEMPERATURE (F)    1       -35      1915


SUNRISE AND SUNSET
JANUARY 24 2018.......SUNRISE   803 AM CST   SUNSET   529 PM CST
JANUARY 25 2018.......SUNRISE   802 AM CST   SUNSET   531 PM CST


-  INDICATES NEGATIVE NUMBERS.
R  INDICATES RECORD WAS SET OR TIED.
MM INDICATES DATA IS MISSING.
T  INDICATES TRACE AMOUNT.




$$
