000
CDUS43 KABR 260914
CLIABR


CLIMATE REPORT
NATIONAL WEATHER SERVICE ABERDEEN SD
413 AM CDT FRI AUG 26 2016


...................................

...THE ABERDEEN SD CLIMATE SUMMARY FOR AUGUST 25 2016...

CLIMATE NORMAL PERIOD 1981 TO 2010
CLIMATE RECORD PERIOD 1893 TO 2016


WEATHER ITEM   OBSERVED TIME   RECORD YEAR NORMAL DEPARTURE LAST
                VALUE   (LST)  VALUE       VALUE  FROM      YEAR
                                                  NORMAL
..................................................................
TEMPERATURE (F)
 YESTERDAY
  MAXIMUM         68    309 PM 101    1926  80    -12       74
  MINIMUM         48    626 AM  38    1896  54     -6       41
  AVERAGE         58                        67     -9       58

PRECIPITATION (IN)
  YESTERDAY        T             1.11 1960   0.08  -0.08     0.00
  MONTH TO DATE    1.99                      1.96   0.03     2.94
  SINCE JUN 1      7.09                      8.68  -1.59     9.10
  SINCE JAN 1     14.03                     15.82  -1.79    17.32

DEGREE DAYS
 HEATING
  YESTERDAY        7                         2      5        7
  MONTH TO DATE   15                        24     -9       37
  SINCE JUN 1     43                       114    -71       56
  SINCE JUL 1     23                        38    -15       42

 COOLING
  YESTERDAY        0                         4     -4        0
  MONTH TO DATE  169                       140     29      128
  SINCE JUN 1    591                       440    151      516
  SINCE JAN 1    624                       463    161      530
..................................................................


WIND (MPH)
  HIGHEST WIND SPEED    20   HIGHEST WIND DIRECTION    NW (320)
  HIGHEST GUST SPEED    26   HIGHEST GUST DIRECTION    NW (300)
  AVERAGE WIND SPEED     8.8


SKY COVER
  POSSIBLE SUNSHINE  MM
  AVERAGE SKY COVER 0.5


WEATHER CONDITIONS
 THE FOLLOWING WEATHER WAS RECORDED YESTERDAY.
  HAZE


RELATIVE HUMIDITY (PERCENT)
 HIGHEST    89          1100 PM
 LOWEST     52          1200 PM
 AVERAGE    71

..........................................................


THE ABERDEEN SD CLIMATE NORMALS FOR TODAY
                         NORMAL    RECORD    YEAR
 MAXIMUM TEMPERATURE (F)   80       104      1991
                                             1976
 MINIMUM TEMPERATURE (F)   54        34      1914


SUNRISE AND SUNSET
AUGUST 26 2016........SUNRISE   649 AM CDT   SUNSET   821 PM CDT
AUGUST 27 2016........SUNRISE   650 AM CDT   SUNSET   819 PM CDT


-  INDICATES NEGATIVE NUMBERS.
R  INDICATES RECORD WAS SET OR TIED.
MM INDICATES DATA IS MISSING.
T  INDICATES TRACE AMOUNT.




$$
