000
CDUS42 KTAE 200633
CLIABY


CLIMATE REPORT
NATIONAL WEATHER SERVICE TALLAHASSEE FL
233 AM EDT THU JUL 20 2017


...................................

...THE ALBANY CLIMATE SUMMARY FOR JULY 19 2017...

CLIMATE NORMAL PERIOD 1981 TO 2010
CLIMATE RECORD PERIOD 1930 TO 2017


WEATHER ITEM   OBSERVED TIME   RECORD YEAR NORMAL DEPARTURE LAST
                VALUE   (LST)  VALUE       VALUE  FROM      YEAR
                                                  NORMAL
..................................................................
TEMPERATURE (F)
 YESTERDAY
  MAXIMUM         93    221 PM 100    1934  93      0       97
  MINIMUM         74    612 AM  58    1987  72      2       74
  AVERAGE         84                        83      1       86

PRECIPITATION (IN)
  YESTERDAY        0.00                      0.19  -0.19      T
  MONTH TO DATE    3.30                      3.41  -0.11     0.43
  SINCE JUN 1      9.92                      8.35   1.57     4.84
  SINCE JAN 1     28.92                     28.71   0.21    27.57

SNOWFALL (IN)
  YESTERDAY        0.0

DEGREE DAYS
 HEATING
  YESTERDAY        0                         0      0        0
  MONTH TO DATE    0                         0      0        0
  SINCE JUN 1      0                         0      0        0
  SINCE JUL 1      0                         0      0        0

 COOLING
  YESTERDAY       19                        18      1       21
  MONTH TO DATE  349                       330     19      382
  SINCE JUN 1    788                       795     -7      898
  SINCE JAN 1   1418                      1235    183     1390
..................................................................


WIND (MPH)
  HIGHEST WIND SPEED     8   HIGHEST WIND DIRECTION    NW (320)
  HIGHEST GUST SPEED    12   HIGHEST GUST DIRECTION    SW (220)
  AVERAGE WIND SPEED     2.5




RELATIVE HUMIDITY (PERCENT)
 HIGHEST   100
 LOWEST     52
 AVERAGE    76

..........................................................


THE ALBANY CLIMATE NORMALS FOR TODAY
                         NORMAL    RECORD    YEAR
 MAXIMUM TEMPERATURE (F)   93       101      1942
 MINIMUM TEMPERATURE (F)   72        58      1987


SUNRISE AND SUNSET
JULY 20 2017..........SUNRISE   646 AM EDT   SUNSET   840 PM EDT
JULY 21 2017..........SUNRISE   646 AM EDT   SUNSET   840 PM EDT


-  INDICATES NEGATIVE NUMBERS.
R  INDICATES RECORD WAS SET OR TIED.
MM INDICATES DATA IS MISSING.
T  INDICATES TRACE AMOUNT.




$$
