000
CDUS42 KTAE 240630
CLIABY


CLIMATE REPORT
NATIONAL WEATHER SERVICE TALLAHASSEE FL
130 AM EST TUE JAN 24 2017


...................................

...THE ALBANY CLIMATE SUMMARY FOR JANUARY 23 2017...

CLIMATE NORMAL PERIOD 1981 TO 2010
CLIMATE RECORD PERIOD 1930 TO 2017


WEATHER ITEM   OBSERVED TIME   RECORD YEAR NORMAL DEPARTURE LAST
                VALUE   (LST)  VALUE       VALUE  FROM      YEAR
                                                  NORMAL
..................................................................
TEMPERATURE (F)
 YESTERDAY
  MAXIMUM         64    531 PM  80    1937  61      3       43
  MINIMUM         53    413 AM  12    1985  38     15       30
  AVERAGE         59                        50      9       37

PRECIPITATION (IN)
  YESTERDAY        0.02                      0.20  -0.18     0.00
  MONTH TO DATE    8.70                      3.23   5.47     2.60
  SINCE DEC 1     19.38                      6.98  12.40     9.46
  SINCE JAN 1      8.70                      3.23   5.47     2.60

SNOWFALL (IN)
  YESTERDAY        0.0

DEGREE DAYS
 HEATING
  YESTERDAY        6                        16    -10       28
  MONTH TO DATE  169                       368   -199      402
  SINCE DEC 1    422                       811   -389      555
  SINCE JUL 1    563                      1081   -518      679

 COOLING
  YESTERDAY        0                         0      0        0
  MONTH TO DATE   20                         0     20        0
  SINCE DEC 1     43                         9     34       76
  SINCE JAN 1     20                         0     20        0
..................................................................


WIND (MPH)
  HIGHEST WIND SPEED    20   HIGHEST WIND DIRECTION     W (290)
  HIGHEST GUST SPEED    28   HIGHEST GUST DIRECTION     W (280)
  AVERAGE WIND SPEED    12.2




RELATIVE HUMIDITY (PERCENT)
 HIGHEST    93
 LOWEST     56
 AVERAGE    75

..........................................................


THE ALBANY CLIMATE NORMALS FOR TODAY
                         NORMAL    RECORD    YEAR
 MAXIMUM TEMPERATURE (F)   61        80      1943
 MINIMUM TEMPERATURE (F)   38         9      1963


SUNRISE AND SUNSET
JANUARY 24 2017.......SUNRISE   734 AM EST   SUNSET   604 PM EST
JANUARY 25 2017.......SUNRISE   733 AM EST   SUNSET   605 PM EST


-  INDICATES NEGATIVE NUMBERS.
R  INDICATES RECORD WAS SET OR TIED.
MM INDICATES DATA IS MISSING.
T  INDICATES TRACE AMOUNT.




$$
