000
CDUS42 KTAE 070650
CLIABY


CLIMATE REPORT
NATIONAL WEATHER SERVICE TALLAHASSEE FL
149 AM EST WED DEC 7 2016


...................................

...THE ALBANY CLIMATE SUMMARY FOR DECEMBER 6 2016...

CLIMATE NORMAL PERIOD 1981 TO 2010
CLIMATE RECORD PERIOD 1930 TO 2016


WEATHER ITEM   OBSERVED TIME   RECORD YEAR NORMAL DEPARTURE LAST
                VALUE   (LST)  VALUE       VALUE  FROM      YEAR
                                                  NORMAL
..................................................................
TEMPERATURE (F)
 YESTERDAY
  MAXIMUM         79   1252 PM  83    1977  64     15       69
  MINIMUM         59   1057 PM  23    1979  41     18       46
  AVERAGE         69                        53     16       58

PRECIPITATION (IN)
  YESTERDAY        0.65                      0.15   0.50     0.00
  MONTH TO DATE    7.78                      0.89   6.89     1.95
  SINCE DEC 1      7.78                      0.89   6.89     1.95
  SINCE JAN 1     46.14                     45.71   0.43    44.64

SNOWFALL (IN)
  YESTERDAY        0.0

DEGREE DAYS
 HEATING
  YESTERDAY        0                        13    -13        7
  MONTH TO DATE   41                        72    -31       46
  SINCE DEC 1     41                        72    -31       46
  SINCE JUL 1    182                       342   -160      170

 COOLING
  YESTERDAY        4                         0      4        0
  MONTH TO DATE    4                         0      4        3
  SINCE DEC 1      4                         0      4        3
  SINCE JAN 1   3019                      2533    486     2884
..................................................................


WIND (MPH)
  HIGHEST WIND SPEED    22   HIGHEST WIND DIRECTION     W (260)
  HIGHEST GUST SPEED    32   HIGHEST GUST DIRECTION    SW (240)
  AVERAGE WIND SPEED     8.7




RELATIVE HUMIDITY (PERCENT)
 HIGHEST   100
 LOWEST     45
 AVERAGE    73

..........................................................


THE ALBANY CLIMATE NORMALS FOR TODAY
                         NORMAL    RECORD    YEAR
 MAXIMUM TEMPERATURE (F)   64        80      2004
                                             1943
 MINIMUM TEMPERATURE (F)   41        17      1937


SUNRISE AND SUNSET
DECEMBER  7 2016......SUNRISE   723 AM EST   SUNSET   533 PM EST
DECEMBER  8 2016......SUNRISE   724 AM EST   SUNSET   534 PM EST


-  INDICATES NEGATIVE NUMBERS.
R  INDICATES RECORD WAS SET OR TIED.
MM INDICATES DATA IS MISSING.
T  INDICATES TRACE AMOUNT.




$$
