000
CDUS42 KTAE 192232
CLIABY


CLIMATE REPORT
NATIONAL WEATHER SERVICE TALLAHASSEE FL
532 PM EST SUN NOV 19 2017


...................................

...THE ALBANY CLIMATE SUMMARY FOR NOVEMBER 19 2017...
VALID TODAY AS OF 0500 PM LOCAL TIME.

CLIMATE NORMAL PERIOD 1981 TO 2010
CLIMATE RECORD PERIOD 1930 TO 2017


WEATHER ITEM   OBSERVED TIME   RECORD YEAR NORMAL DEPARTURE LAST
                VALUE   (LST)  VALUE       VALUE  FROM      YEAR
                                                  NORMAL
..................................................................
TEMPERATURE (F)
 TODAY
  MAXIMUM         70    159 AM  86    1931  70      0       73
  MINIMUM         52    836 AM  19    2014  45      7       46
  AVERAGE         61                        58      3       60

PRECIPITATION (IN)
  TODAY            0.02                      0.10  -0.08     0.00
  MONTH TO DATE    0.45                      1.70  -1.25     0.00
  SINCE SEP 1      5.35                      7.73  -2.38     3.29
  SINCE JAN 1     38.12                     43.33  -5.21    37.34

..................................................................







THE ALBANY CLIMATE NORMALS FOR TOMORROW
                         NORMAL    RECORD    YEAR
 MAXIMUM TEMPERATURE (F)   70        85      1991
 MINIMUM TEMPERATURE (F)   45        25      2014
                                             1967



-  INDICATES NEGATIVE NUMBERS.
R  INDICATES RECORD WAS SET OR TIED.
MM INDICATES DATA IS MISSING.
T  INDICATES TRACE AMOUNT.




$$
