000
CDUS42 KTAE 032125
CLIABY


CLIMATE REPORT
NATIONAL WEATHER SERVICE TALLAHASSEE FL
522 PM EDT MON AUG 3 2015

...................................

...THE ALBANY CLIMATE SUMMARY FOR AUGUST 3 2015...
VALID TODAY AS OF 0500 PM LOCAL TIME.

CLIMATE NORMAL PERIOD 1981 TO 2010
CLIMATE RECORD PERIOD 1930 TO 2015


WEATHER ITEM   OBSERVED TIME   RECORD YEAR NORMAL DEPARTURE LAST
                VALUE   (LST)  VALUE       VALUE  FROM      YEAR
                                                  NORMAL
..................................................................
TEMPERATURE (F)
 TODAY
  MAXIMUM         94    258 PM 102    1986  93      1       88
  MINIMUM         75    410 AM  63    1990  72      3       73
  AVERAGE         85                        82      3       81

PRECIPITATION (IN)
  TODAY            0.00                      0.16  -0.16     0.00
  MONTH TO DATE    1.23                      0.49   0.74      T
  SINCE JUN 1     11.13                     10.89   0.24     5.29
  SINCE JAN 1     26.99                     31.25  -4.26    24.35

..................................................................

THE ALBANY CLIMATE NORMALS FOR TOMORROW
                         NORMAL    RECORD    YEAR
 MAXIMUM TEMPERATURE (F)   93        99      2007
                                             1935
 MINIMUM TEMPERATURE (F)   72        64      1982



-  INDICATES NEGATIVE NUMBERS.
R  INDICATES RECORD WAS SET OR TIED.
MM INDICATES DATA IS MISSING.
T  INDICATES TRACE AMOUNT.

$$
