000
CDUS42 KTAE 270640
CLIABY


CLIMATE REPORT
NATIONAL WEATHER SERVICE TALLAHASSEE FL
240 AM EDT WED MAY 27 2015


...................................

...THE ALBANY CLIMATE SUMMARY FOR MAY 26 2015...

CLIMATE NORMAL PERIOD 1981 TO 2010
CLIMATE RECORD PERIOD 1930 TO 2015


WEATHER ITEM   OBSERVED TIME   RECORD YEAR NORMAL DEPARTURE LAST
                VALUE   (LST)  VALUE       VALUE  FROM      YEAR
                                                  NORMAL
..................................................................
TEMPERATURE (F)
 YESTERDAY
  MAXIMUM         90   1200 PM 101    1962  89      1       93
  MINIMUM         69   1112 PM  42    1979  65      4       65
  AVERAGE         80                        77      3       79

PRECIPITATION (IN)
  YESTERDAY        0.18                      0.11   0.07     0.00
  MONTH TO DATE    0.29                      2.01  -1.72     2.08
  SINCE MAR 1      7.64                     10.70  -3.06    12.81
  SINCE JAN 1     14.97                     19.68  -4.71    18.05

SNOWFALL (IN)
  YESTERDAY        0.0

DEGREE DAYS
 HEATING
  YESTERDAY        0                         0      0        0
  MONTH TO DATE    2                         0      2       11
  SINCE MAR 1    125                       274   -149      349
  SINCE JUL 1   1849                      1834     15     1945

 COOLING
  YESTERDAY       15                        12      3       14
  MONTH TO DATE  285                       237     48      225
  SINCE MAR 1    531                       368    163      321
  SINCE JAN 1    533                       377    156      325
..................................................................


WIND (MPH)
  HIGHEST WIND SPEED    16   HIGHEST WIND DIRECTION     W (280)
  HIGHEST GUST SPEED    20   HIGHEST GUST DIRECTION     W (280)
  AVERAGE WIND SPEED     6.9




RELATIVE HUMIDITY (PERCENT)
 HIGHEST    97
 LOWEST     59
 AVERAGE    78

..........................................................


THE ALBANY CLIMATE NORMALS FOR TODAY
                         NORMAL    RECORD    YEAR
 MAXIMUM TEMPERATURE (F)   89       100      1962
 MINIMUM TEMPERATURE (F)   66        47      1988


SUNRISE AND SUNSET
MAY 27 2015...........SUNRISE   634 AM EDT   SUNSET   834 PM EDT
MAY 28 2015...........SUNRISE   634 AM EDT   SUNSET   834 PM EDT


-  INDICATES NEGATIVE NUMBERS.
R  INDICATES RECORD WAS SET OR TIED.
MM INDICATES DATA IS MISSING.
T  INDICATES TRACE AMOUNT.




$$
