000
CDUS42 KTAE 212235
CLIABY


CLIMATE REPORT
NATIONAL WEATHER SERVICE TALLAHASSEE FL
534 PM EST SUN JAN 21 2018


...................................

...THE ALBANY CLIMATE SUMMARY FOR JANUARY 21 2018...
VALID TODAY AS OF 0500 PM LOCAL TIME.

CLIMATE NORMAL PERIOD 1981 TO 2010
CLIMATE RECORD PERIOD 1930 TO 2018


WEATHER ITEM   OBSERVED TIME   RECORD YEAR NORMAL DEPARTURE LAST
                VALUE   (LST)  VALUE       VALUE  FROM      YEAR
                                                  NORMAL
..................................................................
TEMPERATURE (F)
 TODAY
  MAXIMUM         71    408 PM  82    1990  61     10       77
  MINIMUM         38    728 AM   1    1985  38      0       60
  AVERAGE         55                        49      6       69

PRECIPITATION (IN)
  TODAY            0.00                      0.15  -0.15     1.49
  MONTH TO DATE    0.54                      2.86  -2.32     5.40
  SINCE DEC 1      3.66                      6.61  -2.95    16.08
  SINCE JAN 1      0.54                      2.86  -2.32     5.40

..................................................................







THE ALBANY CLIMATE NORMALS FOR TOMORROW
                         NORMAL    RECORD    YEAR
 MAXIMUM TEMPERATURE (F)   61        80      1990
 MINIMUM TEMPERATURE (F)   38         1      1985



-  INDICATES NEGATIVE NUMBERS.
R  INDICATES RECORD WAS SET OR TIED.
MM INDICATES DATA IS MISSING.
T  INDICATES TRACE AMOUNT.




$$
