000
CDUS42 KTAE 292122
CLIABY


CLIMATE REPORT
NATIONAL WEATHER SERVICE TALLAHASSEE FL
521 PM EDT FRI AUG 29 2014

...................................

...THE ALBANY CLIMATE SUMMARY FOR AUGUST 29 2014...
VALID TODAY AS OF 0500 PM LOCAL TIME.

CLIMATE NORMAL PERIOD 1981 TO 2010
CLIMATE RECORD PERIOD 1930 TO 2014


WEATHER ITEM   OBSERVED TIME   RECORD YEAR NORMAL DEPARTURE LAST
                VALUE   (LST)  VALUE       VALUE  FROM      YEAR
                                                  NORMAL
..................................................................
TEMPERATURE (F)
 TODAY
  MAXIMUM         95    312 PM 103    1954  91      4       93
  MINIMUM         66    636 AM  60    1992  71     -5       70
  AVERAGE         81                        81      0       82

PRECIPITATION (IN)
  TODAY            0.00                      0.13  -0.13     0.00
  MONTH TO DATE    0.78                      4.60  -3.82     8.37
  SINCE JUN 1      6.07                     15.00  -8.93    24.78
  SINCE JAN 1     25.13                     35.36 -10.23    41.30

..................................................................


THE ALBANY CLIMATE NORMALS FOR TOMORROW
                         NORMAL    RECORD    YEAR
 MAXIMUM TEMPERATURE (F)   91       103      1990
 MINIMUM TEMPERATURE (F)   71        56      1986



-  INDICATES NEGATIVE NUMBERS.
R  INDICATES RECORD WAS SET OR TIED.
MM INDICATES DATA IS MISSING.
T  INDICATES TRACE AMOUNT.

$$
