000
CDUS42 KTAE 290631
CLIABY


CLIMATE REPORT
NATIONAL WEATHER SERVICE TALLAHASSEE FL
231 AM EDT FRI JUL 29 2016


...................................

...THE ALBANY CLIMATE SUMMARY FOR JULY 28 2016...

CLIMATE NORMAL PERIOD 1981 TO 2010
CLIMATE RECORD PERIOD 1930 TO 2016


WEATHER ITEM   OBSERVED TIME   RECORD YEAR NORMAL DEPARTURE LAST
                VALUE   (LST)  VALUE       VALUE  FROM      YEAR
                                                  NORMAL
..................................................................
TEMPERATURE (F)
 YESTERDAY
  MAXIMUM         96    454 PM 101    2010  93      3       99
                                      1968
  MINIMUM         74    551 AM  66    1990  72      2       74
  AVERAGE         85                        82      3       87

PRECIPITATION (IN)
  YESTERDAY        0.00                      0.16  -0.16     0.00
  MONTH TO DATE    2.13                      4.93  -2.80     3.55
  SINCE JUN 1      6.54                      9.87  -3.33     8.92
  SINCE JAN 1     29.27                     30.23  -0.96    24.78

SNOWFALL (IN)
  YESTERDAY        0.0

DEGREE DAYS
 HEATING
  YESTERDAY        0                         0      0        0
  MONTH TO DATE    0                         0      0        0
  SINCE JUN 1      0                         0      0        0
  SINCE JUL 1      0                         0      0        0

 COOLING
  YESTERDAY       20                        18      2       22
  MONTH TO DATE  563                       492     71      525
  SINCE JUN 1   1079                       957    122     1027
  SINCE JAN 1   1571                      1397    174     1631
..................................................................


WIND (MPH)
  HIGHEST WIND SPEED    17   HIGHEST WIND DIRECTION    SW (210)
  HIGHEST GUST SPEED    21   HIGHEST GUST DIRECTION    SW (210)
  AVERAGE WIND SPEED     6.2




RELATIVE HUMIDITY (PERCENT)
 HIGHEST    94
 LOWEST     35
 AVERAGE    65

..........................................................


THE ALBANY CLIMATE NORMALS FOR TODAY
                         NORMAL    RECORD    YEAR
 MAXIMUM TEMPERATURE (F)   93       102      2010
 MINIMUM TEMPERATURE (F)   72        63      1992


SUNRISE AND SUNSET
JULY 29 2016..........SUNRISE   651 AM EDT   SUNSET   835 PM EDT
JULY 30 2016..........SUNRISE   652 AM EDT   SUNSET   834 PM EDT


-  INDICATES NEGATIVE NUMBERS.
R  INDICATES RECORD WAS SET OR TIED.
MM INDICATES DATA IS MISSING.
T  INDICATES TRACE AMOUNT.




$$
