000
CDUS44 KFWD 010648
CLIACT


CLIMATE REPORT
NATIONAL WEATHER SERVICE FORT WORTH TX
1248 AM CST SUN MAR 1 2015


...................................

...THE WACO CLIMATE SUMMARY FOR FEBRUARY 28 2015...

CLIMATE NORMAL PERIOD 1981 TO 2010
CLIMATE RECORD PERIOD 1901 TO 2015


WEATHER ITEM   OBSERVED TIME   RECORD YEAR NORMAL DEPARTURE LAST
                VALUE   (LST)  VALUE       VALUE  FROM      YEAR
                                                  NORMAL
..................................................................
TEMPERATURE (F)
 YESTERDAY
  MAXIMUM         34    416 PM  86    1904  65    -31       84
  MINIMUM         28    135 AM  24    1962  43    -15       41
                                      1937
  AVERAGE         31                        54    -23       63

PRECIPITATION (IN)
  YESTERDAY        0.07          0.74 1914   0.11  -0.04     0.00
  MONTH TO DATE    1.25                      2.63  -1.38     0.46
  SINCE DEC 1      5.27                      7.50  -2.23     2.10
  SINCE JAN 1      4.73                      4.75  -0.02     0.76

SNOWFALL (IN)
  YESTERDAY        0.0           T    1962   0.0    0.0      0.0
                                      1942
  MONTH TO DATE    0.7                       0.5    0.2       T
  SINCE DEC 1      0.7                       0.8   -0.1       T
  SINCE JUL 1      0.7                       0.9   -0.2       T
  SNOW DEPTH       0

DEGREE DAYS
 HEATING
  YESTERDAY       34                        12     22        2
  MONTH TO DATE  510                       404    106      473
  SINCE DEC 1   1572                      1484     88     1729
  SINCE JUL 1   1954                      1812    142     2143

 COOLING
  YESTERDAY        0                         0      0        0
  MONTH TO DATE    0                         6     -6        0
  SINCE DEC 1      4                        14    -10        0
  SINCE JAN 1      0                         9     -9        0
..................................................................


WIND (MPH)
  HIGHEST WIND SPEED    13   HIGHEST WIND DIRECTION     N (20)
  HIGHEST GUST SPEED    14   HIGHEST GUST DIRECTION     N (10)
  AVERAGE WIND SPEED     9.1


SKY COVER
  POSSIBLE SUNSHINE  MM
  AVERAGE SKY COVER 1.0


WEATHER CONDITIONS
 THE FOLLOWING WEATHER WAS RECORDED YESTERDAY.
  LIGHT RAIN
  FREEZING RAIN
  LT FREEZING RAIN
  FOG


RELATIVE HUMIDITY (PERCENT)
 HIGHEST    96           600 PM
 LOWEST     85          1200 AM
 AVERAGE    91

..........................................................


THE WACO CLIMATE NORMALS FOR TODAY
                         NORMAL    RECORD    YEAR
 MAXIMUM TEMPERATURE (F)   65        88      1940
 MINIMUM TEMPERATURE (F)   43        21      1980
                                             1922


SUNRISE AND SUNSET
MARCH  1 2015.........SUNRISE   656 AM CST   SUNSET   627 PM CST
MARCH  2 2015.........SUNRISE   655 AM CST   SUNSET   627 PM CST


-  INDICATES NEGATIVE NUMBERS.
R  INDICATES RECORD WAS SET OR TIED.
MM INDICATES DATA IS MISSING.
T  INDICATES TRACE AMOUNT.




$$
