000
CDUS44 KFWD 030642
CLIACT


CLIMATE REPORT
NATIONAL WEATHER SERVICE FORT WORTH TX
142 AM CDT WED JUN 3 2015


...................................

...THE WACO CLIMATE SUMMARY FOR JUNE 2 2015...

CLIMATE NORMAL PERIOD 1981 TO 2010
CLIMATE RECORD PERIOD 1901 TO 2015


WEATHER ITEM   OBSERVED TIME   RECORD YEAR NORMAL DEPARTURE LAST
                VALUE   (LST)  VALUE       VALUE  FROM      YEAR
                                                  NORMAL
..................................................................
TEMPERATURE (F)
 YESTERDAY
  MAXIMUM         90    344 PM 100    1913  89      1       91
                                      1910
  MINIMUM         65    546 AM  53    1964  68     -3       74
  AVERAGE         78                        79     -1       83

PRECIPITATION (IN)
  YESTERDAY        0.00          3.20 1912   0.14  -0.14     0.00
  MONTH TO DATE    0.00                      0.28  -0.28     0.00
  SINCE JUN 1      0.00                      0.28  -0.28     0.00
  SINCE JAN 1     21.34                     15.17   6.17    11.14

DEGREE DAYS
 HEATING
  YESTERDAY        0                         0      0        0
  MONTH TO DATE    0                         0      0        0
  SINCE JUN 1      0                         0      0        0
  SINCE JUL 1   2306                      2142    164     2611

 COOLING
  YESTERDAY       13                        14     -1       18
  MONTH TO DATE   22                        27     -5       32
  SINCE JUN 1     22                        27     -5       32
  SINCE JAN 1    457                       479    -22      419
..................................................................


WIND (MPH)
  HIGHEST WIND SPEED    14   HIGHEST WIND DIRECTION    SE (140)
  HIGHEST GUST SPEED    18   HIGHEST GUST DIRECTION    SE (140)
  AVERAGE WIND SPEED     6.0


SKY COVER
  POSSIBLE SUNSHINE  MM
  AVERAGE SKY COVER 0.1


WEATHER CONDITIONS
 THE FOLLOWING WEATHER WAS RECORDED YESTERDAY.
  NO SIGNIFICANT WEATHER WAS OBSERVED.


RELATIVE HUMIDITY (PERCENT)
 HIGHEST    87           500 AM
 LOWEST     44           300 PM
 AVERAGE    66

..........................................................


THE WACO CLIMATE NORMALS FOR TODAY
                         NORMAL    RECORD    YEAR
 MAXIMUM TEMPERATURE (F)   89       100      2011
 MINIMUM TEMPERATURE (F)   69        52      1919


SUNRISE AND SUNSET
JUNE  3 2015..........SUNRISE   624 AM CDT   SUNSET   830 PM CDT
JUNE  4 2015..........SUNRISE   624 AM CDT   SUNSET   831 PM CDT


-  INDICATES NEGATIVE NUMBERS.
R  INDICATES RECORD WAS SET OR TIED.
MM INDICATES DATA IS MISSING.
T  INDICATES TRACE AMOUNT.




$$
