000
CDUS44 KFWD 312121
CLIACT


CLIMATE REPORT
NATIONAL WEATHER SERVICE FORT WORTH TX
420 PM CDT TUE MAY 31 2016


...................................

...THE WACO CLIMATE SUMMARY FOR MAY 31 2016...
VALID AS OF 0400 PM LOCAL TIME.

CLIMATE NORMAL PERIOD 1981 TO 2010
CLIMATE RECORD PERIOD 1901 TO 2016


WEATHER ITEM   OBSERVED TIME   RECORD YEAR NORMAL DEPARTURE LAST
                VALUE   (LST)  VALUE       VALUE  FROM      YEAR
                                                  NORMAL
..................................................................
TEMPERATURE (F)
 TODAY
  MAXIMUM         88   1218 PM 102    1985  89     -1       84
  MINIMUM         74    244 AM  55    1984  68      6       63
                                      1975
  AVERAGE         81

PRECIPITATION (IN)
  TODAY            0.00          1.28 1946   0.14  -0.14     0.00
  MONTH TO DATE    7.72                      4.30   3.42     9.27
  SINCE MAR 1     19.60                     10.14   9.46    16.61
  SINCE JAN 1     22.05                     14.89   7.16    21.34

..................................................................


WIND (MPH)
  HIGHEST WIND SPEED    15   HIGHEST WIND DIRECTION     S (170)
  HIGHEST GUST SPEED    20   HIGHEST GUST DIRECTION    SE (150)
  AVERAGE WIND SPEED    10.4




..........................................................


THE WACO CLIMATE NORMALS FOR TOMORROW
                         NORMAL    RECORD    YEAR
 MAXIMUM TEMPERATURE (F)   89       102      1911
 MINIMUM TEMPERATURE (F)   68        52      1964


SUNRISE AND SUNSET
MAY 31 2016...........SUNRISE   625 AM CDT   SUNSET   829 PM CDT
JUNE  1 2016..........SUNRISE   624 AM CDT   SUNSET   829 PM CDT


-  INDICATES NEGATIVE NUMBERS.
R  INDICATES RECORD WAS SET OR TIED.
MM INDICATES DATA IS MISSING.
T  INDICATES TRACE AMOUNT.




$$
