000
CDUS44 KFWD 010645
CLIACT

CLIMATE REPORT
NATIONAL WEATHER SERVICE FORT WORTH TX
145 AM CDT WED OCT 1 2014

...................................

...THE WACO CLIMATE SUMMARY FOR SEPTEMBER 30 2014...

CLIMATE NORMAL PERIOD 1981 TO 2010
CLIMATE RECORD PERIOD 1901 TO 2014


WEATHER ITEM   OBSERVED TIME   RECORD YEAR NORMAL DEPARTURE LAST
                VALUE   (LST)  VALUE       VALUE  FROM      YEAR
                                                  NORMAL
..................................................................
TEMPERATURE (F)
 YESTERDAY
  MAXIMUM         92    255 PM 100    1977  85      7       85
  MINIMUM         64    636 AM  44    1984  61      3       57
                                      1916
  AVERAGE         78                        73      5       71

PRECIPITATION (IN)
  YESTERDAY        0.00          1.80 1943   0.10  -0.10     0.00
  MONTH TO DATE    1.28                      3.06  -1.78     5.43
  SINCE SEP 1      1.28                      3.06  -1.78     5.43
  SINCE JAN 1     21.86                     25.22  -3.36    26.86

DEGREE DAYS
 HEATING
  YESTERDAY        0                         1     -1        0
  MONTH TO DATE    0                         3     -3        0
  SINCE SEP 1      0                         6     -6        0
  SINCE JUL 1      0                         6     -6        0

 COOLING
  YESTERDAY       13                         9      4        6
  MONTH TO DATE  439                       399     40      496
  SINCE SEP 1    439                       399     40      496
  SINCE JAN 1   2514                      2594    -80     2707
..................................................................

WIND (MPH)
  HIGHEST WIND SPEED    16   HIGHEST WIND DIRECTION     S (160)
  HIGHEST GUST SPEED    20   HIGHEST GUST DIRECTION    SE (150)
  AVERAGE WIND SPEED     6.6


SKY COVER
  POSSIBLE SUNSHINE  MM
  AVERAGE SKY COVER 0.2


WEATHER CONDITIONS
 THE FOLLOWING WEATHER WAS RECORDED YESTERDAY.
  NO SIGNIFICANT WEATHER WAS OBSERVED.


RELATIVE HUMIDITY (PERCENT)
 HIGHEST    87           300 AM
 LOWEST     38           300 PM
 AVERAGE    63

..........................................................

THE WACO CLIMATE NORMALS FOR TODAY
                         NORMAL    RECORD    YEAR
 MAXIMUM TEMPERATURE (F)   85       100      1977
 MINIMUM TEMPERATURE (F)   61        42      1939


SUNRISE AND SUNSET
OCTOBER  1 2014.......SUNRISE   723 AM CDT   SUNSET   714 PM CDT
OCTOBER  2 2014.......SUNRISE   723 AM CDT   SUNSET   713 PM CDT


-  INDICATES NEGATIVE NUMBERS.
R  INDICATES RECORD WAS SET OR TIED.
MM INDICATES DATA IS MISSING.
T  INDICATES TRACE AMOUNT.

$$
