000
CDUS44 KFWD 280637
CLIACT

CLIMATE REPORT
NATIONAL WEATHER SERVICE FORT WORTH TX
140 AM CDT SUN AUG 28 2016

...................................

...THE WACO CLIMATE SUMMARY FOR AUGUST 27 2016...

CLIMATE NORMAL PERIOD 1981 TO 2010
CLIMATE RECORD PERIOD 1901 TO 2016


WEATHER ITEM   OBSERVED TIME   RECORD YEAR NORMAL DEPARTURE LAST
                VALUE   (LST)  VALUE       VALUE  FROM      YEAR
                                                  NORMAL
..................................................................
TEMPERATURE (F)
 YESTERDAY
  MAXIMUM         92    336 PM 110    2011  95     -3       97
  MINIMUM         72    627 AM  61    1992  73     -1       67
  AVERAGE         82                        84     -2       82

PRECIPITATION (IN)
  YESTERDAY        0.00          1.62 1974   0.08  -0.08     0.00
  MONTH TO DATE    4.58                      1.70   2.88     0.77
  SINCE JUN 1      9.31                      6.92   2.39     6.74
  SINCE JAN 1     31.95                     21.81  10.14    28.08

DEGREE DAYS
 HEATING
  YESTERDAY        0                         0      0        0
  MONTH TO DATE    0                         0      0        0
  SINCE JUN 1      0                         0      0        0
  SINCE JUL 1      0                         0      0        0

 COOLING
  YESTERDAY       17                        19     -2       17
  MONTH TO DATE  546                       554     -8      594
  SINCE JUN 1   1779                      1668    111     1747
  SINCE JAN 1   2170                      2120     50     2182
..................................................................


WIND (MPH)
  HIGHEST WIND SPEED    12   HIGHEST WIND DIRECTION    SE (120)
  HIGHEST GUST SPEED    13   HIGHEST GUST DIRECTION    SE (130)
  AVERAGE WIND SPEED     4.8


SKY COVER
  POSSIBLE SUNSHINE  MM
  AVERAGE SKY COVER 0.2


WEATHER CONDITIONS
 THE FOLLOWING WEATHER WAS RECORDED YESTERDAY.
  FOG


RELATIVE HUMIDITY (PERCENT)
 HIGHEST   100          1200 AM
 LOWEST     52           300 PM
 AVERAGE    76

..........................................................


THE WACO CLIMATE NORMALS FOR TODAY
                         NORMAL    RECORD    YEAR
 MAXIMUM TEMPERATURE (F)   95       109      2011
 MINIMUM TEMPERATURE (F)   72        53      1992


SUNRISE AND SUNSET
AUGUST 28 2016........SUNRISE   702 AM CDT   SUNSET   757 PM CDT
AUGUST 29 2016........SUNRISE   703 AM CDT   SUNSET   756 PM CDT


-  INDICATES NEGATIVE NUMBERS.
R  INDICATES RECORD WAS SET OR TIED.
MM INDICATES DATA IS MISSING.
T  INDICATES TRACE AMOUNT.

$$
