406
CDUS44 KFWD 190637
CLIACT

CLIMATE REPORT
NATIONAL WEATHER SERVICE FORT WORTH TX
140 AM CDT SAT AUG 19 2017

...................................

...THE WACO CLIMATE SUMMARY FOR AUGUST 18 2017...

CLIMATE NORMAL PERIOD 1981 TO 2010
CLIMATE RECORD PERIOD 1901 TO 2017


WEATHER ITEM   OBSERVED TIME   RECORD YEAR NORMAL DEPARTURE LAST
                VALUE   (LST)  VALUE       VALUE  FROM      YEAR
                                                  NORMAL
..................................................................
TEMPERATURE (F)
 YESTERDAY
  MAXIMUM         97    444 PM 109    1909  97      0       88
  MINIMUM         73    338 AM  61    1992  74     -1       74
  AVERAGE         85                        86     -1       81

PRECIPITATION (IN)
  YESTERDAY        0.00          3.48 2008   0.07  -0.07     0.17
  MONTH TO DATE    2.06                      1.08   0.98     3.15
  SINCE JUN 1      8.89                      6.30   2.59     7.88
  SINCE JAN 1     28.20                     21.19   7.01    30.52

DEGREE DAYS
 HEATING
  YESTERDAY        0                         0      0        0
  MONTH TO DATE    0                         0      0        0
  SINCE JUN 1      0                         0      0        0
  SINCE JUL 1      0                         0      0        0

 COOLING
  YESTERDAY       20                        20      0       16
  MONTH TO DATE  365                       377    -12      392
  SINCE JUN 1   1543                      1491     52     1625
  SINCE JAN 1   2112                      1943    169     2016
..................................................................


WIND (MPH)
  HIGHEST WIND SPEED    16   HIGHEST WIND DIRECTION    SW (220)
  HIGHEST GUST SPEED    19   HIGHEST GUST DIRECTION    SW (220)
  AVERAGE WIND SPEED     6.2


SKY COVER
  POSSIBLE SUNSHINE  MM
  AVERAGE SKY COVER 0.0


WEATHER CONDITIONS
 THE FOLLOWING WEATHER WAS RECORDED YESTERDAY.
  NO SIGNIFICANT WEATHER WAS OBSERVED.


RELATIVE HUMIDITY (PERCENT)
 HIGHEST    94           300 AM
 LOWEST     40           100 PM
 AVERAGE    67

..........................................................


THE WACO CLIMATE NORMALS FOR TODAY
                         NORMAL    RECORD    YEAR
 MAXIMUM TEMPERATURE (F)   97       107      2011
 MINIMUM TEMPERATURE (F)   74        64      2013


SUNRISE AND SUNSET
AUGUST 19 2017........SUNRISE   657 AM CDT   SUNSET   808 PM CDT
AUGUST 20 2017........SUNRISE   657 AM CDT   SUNSET   806 PM CDT


-  INDICATES NEGATIVE NUMBERS.
R  INDICATES RECORD WAS SET OR TIED.
MM INDICATES DATA IS MISSING.
T  INDICATES TRACE AMOUNT.

$$
