000
CDUS44 KFWD 242210
CLIACT


CLIMATE REPORT
NATIONAL WEATHER SERVICE FORT WORTH TX
510 PM CDT FRI MAR 24 2017


...................................

...THE WACO CLIMATE SUMMARY FOR MARCH 24 2017...
VALID AS OF 0500 PM LOCAL TIME.

CLIMATE NORMAL PERIOD 1981 TO 2010
CLIMATE RECORD PERIOD 1901 TO 2017


WEATHER ITEM   OBSERVED TIME   RECORD YEAR NORMAL DEPARTURE LAST
                VALUE   (LST)  VALUE       VALUE  FROM      YEAR
                                                  NORMAL
..................................................................
TEMPERATURE (F)
 TODAY
  MAXIMUM         78    359 PM  89    1929  72      6       65
  MINIMUM         57   1027 AM  30    1966  49      8       44
  AVERAGE         68

PRECIPITATION (IN)
  TODAY            0.23          1.34 1943   0.10   0.13     0.05
  MONTH TO DATE    2.65                      2.54   0.11     4.91
  SINCE MAR 1      2.65                      2.54   0.11     4.91
  SINCE JAN 1      8.81                      7.29   1.52     7.36

SNOWFALL (IN)
  TODAY            0.0           0.0    MM   0.0    0.0      0.0
  MONTH TO DATE    0.0                       0.1   -0.1      0.0
  SINCE MAR 1      0.0                       0.1   -0.1      0.0
  SINCE JUL 1      T                         0.9   -0.9      0.0
  SNOW DEPTH       0

..................................................................


WIND (MPH)
  HIGHEST WIND SPEED    31   HIGHEST WIND DIRECTION     S (160)
  HIGHEST GUST SPEED    40   HIGHEST GUST DIRECTION     S (160)
  AVERAGE WIND SPEED    16.3




..........................................................


THE WACO CLIMATE NORMALS FOR TOMORROW
                         NORMAL    RECORD    YEAR
 MAXIMUM TEMPERATURE (F)   72        91      1928
 MINIMUM TEMPERATURE (F)   49        29      1955


SUNRISE AND SUNSET
MARCH 24 2017.........SUNRISE   727 AM CDT   SUNSET   743 PM CDT
MARCH 25 2017.........SUNRISE   726 AM CDT   SUNSET   744 PM CDT


-  INDICATES NEGATIVE NUMBERS.
R  INDICATES RECORD WAS SET OR TIED.
MM INDICATES DATA IS MISSING.
T  INDICATES TRACE AMOUNT.




$$
