000
CDUS44 KFWD 220642
CLIACT


CLIMATE REPORT
NATIONAL WEATHER SERVICE FORT WORTH TX
1241 AM CST WED FEB 22 2017


...................................

...THE WACO CLIMATE SUMMARY FOR FEBRUARY 21 2017...

CLIMATE NORMAL PERIOD 1981 TO 2010
CLIMATE RECORD PERIOD 1901 TO 2017


WEATHER ITEM   OBSERVED TIME   RECORD YEAR NORMAL DEPARTURE LAST
                VALUE   (LST)  VALUE       VALUE  FROM      YEAR
                                                  NORMAL
..................................................................
TEMPERATURE (F)
 YESTERDAY
  MAXIMUM         76    439 PM  96    1996  63     13       71
  MINIMUM         46    444 AM  22    1939  41      5       60
  AVERAGE         61                        52      9       66

PRECIPITATION (IN)
  YESTERDAY        0.00          1.20 1974   0.09  -0.09     1.06
  MONTH TO DATE    3.05                      1.90   1.15     1.09
  SINCE DEC 1      7.43                      6.77   0.66     5.00
  SINCE JAN 1      6.16                      4.02   2.14     1.38

SNOWFALL (IN)
  YESTERDAY        0.0           1.0  1964   0.0    0.0      0.0
  MONTH TO DATE    0.0                       0.3   -0.3      0.0
  SINCE DEC 1      T                         0.6   -0.6      0.0
  SINCE JUL 1      T                         0.7   -0.7      0.0
  SNOW DEPTH       0

DEGREE DAYS
 HEATING
  YESTERDAY        4                        13     -9        0
  MONTH TO DATE  126                       318   -192      228
  SINCE DEC 1    985                      1398   -413     1158
  SINCE JUL 1   1128                      1726   -598     1393

 COOLING
  YESTERDAY        0                         0      0        1
  MONTH TO DATE   32                         0     32        8
  SINCE DEC 1     64                         8     56       13
  SINCE JAN 1     41                         3     38        8
..................................................................


WIND (MPH)
  HIGHEST WIND SPEED    23   HIGHEST WIND DIRECTION     N (340)
  HIGHEST GUST SPEED    30   HIGHEST GUST DIRECTION     N (340)
  AVERAGE WIND SPEED    10.5


SKY COVER
  POSSIBLE SUNSHINE  MM
  AVERAGE SKY COVER 0.2


WEATHER CONDITIONS
 THE FOLLOWING WEATHER WAS RECORDED YESTERDAY.
  FOG
  FOG W/VISIBILITY <= 1/4 MILE


RELATIVE HUMIDITY (PERCENT)
 HIGHEST   100          1200 AM
 LOWEST     35           200 PM
 AVERAGE    68

..........................................................


THE WACO CLIMATE NORMALS FOR TODAY
                         NORMAL    RECORD    YEAR
 MAXIMUM TEMPERATURE (F)   63        96      1996
 MINIMUM TEMPERATURE (F)   42        21      1939


SUNRISE AND SUNSET
FEBRUARY 22 2017......SUNRISE   703 AM CST   SUNSET   622 PM CST
FEBRUARY 23 2017......SUNRISE   702 AM CST   SUNSET   623 PM CST


-  INDICATES NEGATIVE NUMBERS.
R  INDICATES RECORD WAS SET OR TIED.
MM INDICATES DATA IS MISSING.
T  INDICATES TRACE AMOUNT.




$$
