000
CDUS44 KFWD 272123
CLIACT

CLIMATE REPORT
NATIONAL WEATHER SERVICE FORT WORTH TX
422 PM CDT WED AUG 27 2014


...................................

...THE WACO CLIMATE SUMMARY FOR AUGUST 27 2014...
VALID AS OF 0400 PM LOCAL TIME.

CLIMATE NORMAL PERIOD 1981 TO 2010
CLIMATE RECORD PERIOD 1901 TO 2014


WEATHER ITEM   OBSERVED TIME   RECORD YEAR NORMAL DEPARTURE LAST
                VALUE   (LST)  VALUE       VALUE  FROM      YEAR
                                                  NORMAL
..................................................................
TEMPERATURE (F)
 TODAY
  MAXIMUM         97    238 PM 110    2011  95      2       89
  MINIMUM         73    620 AM  61    1992  73      0       71
  AVERAGE         85

PRECIPITATION (IN)
  TODAY            0.00          1.62 1974   0.08  -0.08     0.06
  MONTH TO DATE    0.46                      1.70  -1.24     0.22
  SINCE JUN 1      8.92                      6.92   2.00     7.34
  SINCE JAN 1     20.06                     21.81  -1.75    21.43

..................................................................


WIND (MPH)
  HIGHEST WIND SPEED    17   HIGHEST WIND DIRECTION     E (80)
  HIGHEST GUST SPEED    23   HIGHEST GUST DIRECTION     E (80)
  AVERAGE WIND SPEED     5.5




..........................................................


THE WACO CLIMATE NORMALS FOR TOMORROW
                         NORMAL    RECORD    YEAR
 MAXIMUM TEMPERATURE (F)   95       109      2011
 MINIMUM TEMPERATURE (F)   72        53      1992


SUNRISE AND SUNSET
AUGUST 27 2014........SUNRISE   701 AM CDT   SUNSET   759 PM CDT
AUGUST 28 2014........SUNRISE   702 AM CDT   SUNSET   757 PM CDT


-  INDICATES NEGATIVE NUMBERS.
R  INDICATES RECORD WAS SET OR TIED.
MM INDICATES DATA IS MISSING.
T  INDICATES TRACE AMOUNT.




$$
