527
CDUS44 KFWD 270639
CLIACT


CLIMATE REPORT
NATIONAL WEATHER SERVICE FORT WORTH TX
137 AM CDT THU APR 27 2017


...................................

...THE WACO CLIMATE SUMMARY FOR APRIL 26 2017...

CLIMATE NORMAL PERIOD 1981 TO 2010
CLIMATE RECORD PERIOD 1901 TO 2017


WEATHER ITEM   OBSERVED TIME   RECORD YEAR NORMAL DEPARTURE LAST
                VALUE   (LST)  VALUE       VALUE  FROM      YEAR
                                                  NORMAL
..................................................................
TEMPERATURE (F)
 YESTERDAY
  MAXIMUM         85   1130 AM  97    1902  80      5       86
  MINIMUM         47   1125 PM  38    1910  58    -11       64
  AVERAGE         66                        69     -3       75

PRECIPITATION (IN)
  YESTERDAY        0.01          4.31 1922   0.10  -0.09     0.44
  MONTH TO DATE    6.97                      2.25   4.72     5.87
  SINCE MAR 1     10.29                      5.40   4.89    11.20
  SINCE JAN 1     16.45                     10.15   6.30    13.65

SNOWFALL (IN)
  YESTERDAY        0.0             0.0       0.0    0.0      0.0
  MONTH TO DATE    0.0                       0.1   -0.1      0.0
  SINCE MAR 1      0.0                       0.2   -0.2      0.0
  SINCE JUL 1      T                         1.0   -1.0      0.0
  SNOW DEPTH       0

DEGREE DAYS
 HEATING
  YESTERDAY        0                         1     -1        0
  MONTH TO DATE   29                        74    -45       52
  SINCE MAR 1    147                       320   -173      203
  SINCE JUL 1   1323                      2132   -809     1680

 COOLING
  YESTERDAY        1                         5     -4       10
  MONTH TO DATE  114                        88     26       74
  SINCE MAR 1    209                       122     87      105
  SINCE JAN 1    267                       131    136      113
..................................................................


WIND (MPH)
  HIGHEST WIND SPEED    32   HIGHEST WIND DIRECTION     N (340)
  HIGHEST GUST SPEED    43   HIGHEST GUST DIRECTION     N (340)
  AVERAGE WIND SPEED    13.0


SKY COVER
  POSSIBLE SUNSHINE  MM
  AVERAGE SKY COVER 0.4


WEATHER CONDITIONS
 THE FOLLOWING WEATHER WAS RECORDED YESTERDAY.
  FOG


RELATIVE HUMIDITY (PERCENT)
 HIGHEST   100           400 AM
 LOWEST     47           500 PM
 AVERAGE    74

..........................................................


THE WACO CLIMATE NORMALS FOR TODAY
                         NORMAL    RECORD    YEAR
 MAXIMUM TEMPERATURE (F)   80        94      1971
 MINIMUM TEMPERATURE (F)   58        42      1910


SUNRISE AND SUNSET
APRIL 27 2017.........SUNRISE   647 AM CDT   SUNSET   806 PM CDT
APRIL 28 2017.........SUNRISE   646 AM CDT   SUNSET   807 PM CDT


-  INDICATES NEGATIVE NUMBERS.
R  INDICATES RECORD WAS SET OR TIED.
MM INDICATES DATA IS MISSING.
T  INDICATES TRACE AMOUNT.




$$
