000
CDUS41 KPHI 230544
CLIACY


CLIMATE REPORT
NATIONAL WEATHER SERVICE MOUNT HOLLY NJ
144 AM EDT SAT SEP 23 2017


...................................

...THE ATLANTIC CITY NJ CLIMATE SUMMARY FOR SEPTEMBER 22 2017...

CLIMATE NORMAL PERIOD 1981 TO 2010
CLIMATE RECORD PERIOD 1874 TO 2017


WEATHER ITEM   OBSERVED TIME   RECORD YEAR NORMAL DEPARTURE LAST
                VALUE   (LST)  VALUE       VALUE  FROM      YEAR
                                                  NORMAL
..................................................................
TEMPERATURE (F)
 YESTERDAY
  MAXIMUM         82    310 PM  94    1980  75      7       81
  MINIMUM         66    608 AM  38    1997  55     11       59
                                      1991
  AVERAGE         74                        65      9       70

PRECIPITATION (IN)
  YESTERDAY        0.00          2.41 1994   0.11  -0.11     0.00
  MONTH TO DATE    4.04                      2.22   1.82     2.74
  SINCE SEP 1      4.04                      2.22   1.82     2.74
  SINCE JAN 1     42.61                     30.44  12.17    35.04

SNOWFALL (IN)
  YESTERDAY        0.0           0.0    MM   0.0    0.0      0.0
  MONTH TO DATE    0.0                       0.0    0.0      0.0
  SINCE SEP 1      0.0                       0.0    0.0      0.0
  SINCE JUL 1      0.0                       0.0    0.0      0.0
  SNOW DEPTH       0

DEGREE DAYS
 HEATING
  YESTERDAY        0                         3     -3        0
  MONTH TO DATE   10                        29    -19        2
  SINCE SEP 1     10                        29    -19        2
  SINCE JUL 1     10                        32    -22        2

 COOLING
  YESTERDAY        9                         3      6        5
  MONTH TO DATE  121                       110     11      192
  SINCE SEP 1    121                       110     11      192
  SINCE JAN 1   1138                      1019    119     1295
..................................................................


WIND (MPH)
  HIGHEST WIND SPEED    20   HIGHEST WIND DIRECTION    NW (320)
  HIGHEST GUST SPEED    25   HIGHEST GUST DIRECTION    NW (320)
  AVERAGE WIND SPEED     8.1


SKY COVER
  POSSIBLE SUNSHINE  MM
  AVERAGE SKY COVER 0.2


WEATHER CONDITIONS
 THE FOLLOWING WEATHER WAS RECORDED YESTERDAY.
  NO SIGNIFICANT WEATHER WAS OBSERVED.


RELATIVE HUMIDITY (PERCENT)
 HIGHEST    93           200 AM
 LOWEST     49          1100 AM
 AVERAGE    71

..........................................................


THE ATLANTIC CITY NJ CLIMATE NORMALS FOR TODAY
                         NORMAL    RECORD    YEAR
 MAXIMUM TEMPERATURE (F)   75        93      1970
 MINIMUM TEMPERATURE (F)   55        36      1967


SUNRISE AND SUNSET
SEPTEMBER 23 2017.....SUNRISE   647 AM EDT   SUNSET   653 PM EDT
SEPTEMBER 24 2017.....SUNRISE   648 AM EDT   SUNSET   652 PM EDT


-  INDICATES NEGATIVE NUMBERS.
R  INDICATES RECORD WAS SET OR TIED.
MM INDICATES DATA IS MISSING.
T  INDICATES TRACE AMOUNT.




$$
