000
CDUS41 KPHI 280628
CLIACY


CLIMATE REPORT
NATIONAL WEATHER SERVICE MOUNT HOLLY NJ
228 AM EDT SAT MAY 28 2016


...................................

...THE ATLANTIC CITY NJ CLIMATE SUMMARY FOR MAY 27 2016...

CLIMATE NORMAL PERIOD 1981 TO 2010
CLIMATE RECORD PERIOD 1874 TO 2016


WEATHER ITEM   OBSERVED TIME   RECORD YEAR NORMAL DEPARTURE LAST
                VALUE   (LST)  VALUE       VALUE  FROM      YEAR
                                                  NORMAL
..................................................................
TEMPERATURE (F)
 YESTERDAY
  MAXIMUM         86   1056 AM  93    1991  75     11       81
                                      1941
  MINIMUM         66    434 AM  36    1969  55     11       65
  AVERAGE         76                        64     12       73

PRECIPITATION (IN)
  YESTERDAY        0.00          1.96 1890   0.11  -0.11     0.00
  MONTH TO DATE    4.87                      2.88   1.99     0.71
  SINCE MAR 1     10.90                     10.72   0.18     8.19
  SINCE JAN 1     18.25                     16.81   1.44    16.25

SNOWFALL (IN)
  YESTERDAY        0.0           T    1989   0.0    0.0      0.0
  MONTH TO DATE    0.0                       0.0    0.0      0.0
  SINCE MAR 1      6.9                       1.4    5.5      7.4
  SINCE JUL 1     27.5                      16.5   11.0     22.4
  SNOW DEPTH       0

DEGREE DAYS
 HEATING
  YESTERDAY        0                         3     -3        0
  MONTH TO DATE  194                       164     30       80
  SINCE MAR 1   1169                      1277   -108     1279
  SINCE JUL 1   4050                      4868   -818     5154

 COOLING
  YESTERDAY       11                         3      8        8
  MONTH TO DATE   31                        43    -12       96
  SINCE MAR 1     45                        52     -7       96
  SINCE JAN 1     45                        52     -7       96
..................................................................


WIND (MPH)
  HIGHEST WIND SPEED    21   HIGHEST WIND DIRECTION     S (200)
  HIGHEST GUST SPEED    27   HIGHEST GUST DIRECTION     S (200)
  AVERAGE WIND SPEED    10.5


SKY COVER
  POSSIBLE SUNSHINE  MM
  AVERAGE SKY COVER 0.0


WEATHER CONDITIONS
 THE FOLLOWING WEATHER WAS RECORDED YESTERDAY.
  NO SIGNIFICANT WEATHER WAS OBSERVED.


RELATIVE HUMIDITY (PERCENT)
 HIGHEST    87           400 AM
 LOWEST     49           800 PM
 AVERAGE    68

..........................................................


THE ATLANTIC CITY NJ CLIMATE NORMALS FOR TODAY
                         NORMAL    RECORD    YEAR
 MAXIMUM TEMPERATURE (F)   75        93      1991
 MINIMUM TEMPERATURE (F)   55        36      1994


SUNRISE AND SUNSET
MAY 28 2016...........SUNRISE   535 AM EDT   SUNSET   817 PM EDT
MAY 29 2016...........SUNRISE   534 AM EDT   SUNSET   818 PM EDT


-  INDICATES NEGATIVE NUMBERS.
R  INDICATES RECORD WAS SET OR TIED.
MM INDICATES DATA IS MISSING.
T  INDICATES TRACE AMOUNT.




$$
