000
CDUS41 KPHI 252129
CLIACY


CLIMATE REPORT
NATIONAL WEATHER SERVICE MOUNT HOLLY NJ
427 PM EST SUN FEB 25 2018


...................................

...THE ATLANTIC CITY NJ CLIMATE SUMMARY FOR FEBRUARY 25 2018...
VALID TODAY AS OF 0400 PM LOCAL TIME.

CLIMATE NORMAL PERIOD 1981 TO 2010
CLIMATE RECORD PERIOD 1874 TO 2018


WEATHER ITEM   OBSERVED TIME   RECORD YEAR NORMAL DEPARTURE LAST
                VALUE   (LST)  VALUE       VALUE  FROM      YEAR
                                                  NORMAL
..................................................................
TEMPERATURE (F)
 TODAY
  MAXIMUM         55    219 PM  77    1930  47      8       65
  MINIMUM         45    650 AM   3    1914  28     17       47
  AVERAGE         50                        37     13       56

PRECIPITATION (IN)
  TODAY            0.29          1.32 1960   0.11   0.18     0.19
  MONTH TO DATE    6.43                      2.53   3.90     1.16
  SINCE DEC 1     11.27                      9.44   1.83     8.63
  SINCE JAN 1      9.72                      5.75   3.97     5.34

SNOWFALL (IN)
  TODAY            0.0           6.0  1934   0.2   -0.2      0.0
  MONTH TO DATE    T                         6.2   -6.2      0.3
  SINCE DEC 1     24.5                      14.4   10.1      7.5
  SINCE JUL 1     24.5                      14.6    9.9      7.5
  SNOW DEPTH       0

DEGREE DAYS
 HEATING
  TODAY           15                        28    -13        9
  MONTH TO DATE  556                       749   -193      547
  SINCE DEC 1   2479                      2603   -124     2185
  SINCE JUL 1   3182                      3510   -328     2932

 COOLING
  TODAY            0                         0      0        0
  MONTH TO DATE    0                         0      0        0
  SINCE DEC 1      0                         0      0        0
  SINCE JAN 1      0                         0      0        0
..................................................................


WIND (MPH)
  HIGHEST WIND SPEED    17   HIGHEST WIND DIRECTION    NW (320)
  HIGHEST GUST SPEED    24   HIGHEST GUST DIRECTION     E (70)
  AVERAGE WIND SPEED     8.1


SKY COVER
  POSSIBLE SUNSHINE  MM
  AVERAGE SKY COVER 0.8


WEATHER CONDITIONS
 THE FOLLOWING WEATHER WAS RECORDED TODAY.
  RAIN
  LIGHT RAIN
  FOG
  FOG W/VISIBILITY <= 1/4 MILE


RELATIVE HUMIDITY (PERCENT)
 HIGHEST   100           800 AM
 LOWEST     93           300 AM
 AVERAGE    97

..........................................................


THE ATLANTIC CITY NJ CLIMATE NORMALS FOR TOMORROW
                         NORMAL    RECORD    YEAR
 MAXIMUM TEMPERATURE (F)   47        71      1890
 MINIMUM TEMPERATURE (F)   28         9      1990


SUNRISE AND SUNSET
FEBRUARY 25 2018......SUNRISE   637 AM EST   SUNSET   546 PM EST
FEBRUARY 26 2018......SUNRISE   635 AM EST   SUNSET   547 PM EST


-  INDICATES NEGATIVE NUMBERS.
R  INDICATES RECORD WAS SET OR TIED.
MM INDICATES DATA IS MISSING.
T  INDICATES TRACE AMOUNT.




$$
