000
CDUS41 KPHI 270634
CLIACY


CLIMATE REPORT
NATIONAL WEATHER SERVICE MOUNT HOLLY NJ
233 AM EDT SAT MAY 27 2017


...................................

...THE ATLANTIC CITY NJ CLIMATE SUMMARY FOR MAY 26 2017...

CLIMATE NORMAL PERIOD 1981 TO 2010
CLIMATE RECORD PERIOD 1874 TO 2017


WEATHER ITEM   OBSERVED TIME   RECORD YEAR NORMAL DEPARTURE LAST
                VALUE   (LST)  VALUE       VALUE  FROM      YEAR
                                                  NORMAL
..................................................................
TEMPERATURE (F)
 YESTERDAY
  MAXIMUM         76    306 PM  93    1965  74      2       92
  MINIMUM         58   1202 AM  40    1992  54      4       61
                                      1988
  AVERAGE         67                        64      3       77

PRECIPITATION (IN)
  YESTERDAY        0.18          1.53 1953   0.11   0.07     0.00
  MONTH TO DATE    7.11                      2.77   4.34     4.87
  SINCE MAR 1     15.70                     10.61   5.09    10.90
  SINCE JAN 1     21.25                     16.70   4.55    18.25

SNOWFALL (IN)
  YESTERDAY        0.0           0.0    MM   0.0    0.0      0.0
  MONTH TO DATE    0.0                       0.0    0.0      0.0
  SINCE MAR 1      0.2                       1.4   -1.2      6.9
  SINCE JUL 1      7.7                      16.5   -8.8     27.5
  SNOW DEPTH       0

DEGREE DAYS
 HEATING
  YESTERDAY        0                         4     -4        0
  MONTH TO DATE  144                       161    -17      194
  SINCE MAR 1   1112                      1274   -162     1169
  SINCE JUL 1   4108                      4865   -757     4050

 COOLING
  YESTERDAY        2                         3     -1       12
  MONTH TO DATE   48                        40      8       20
  SINCE MAR 1     80                        49     31       34
  SINCE JAN 1     80                        49     31       34
..................................................................


WIND (MPH)
  HIGHEST WIND SPEED    24   HIGHEST WIND DIRECTION     W (290)
  HIGHEST GUST SPEED    30   HIGHEST GUST DIRECTION     W (280)
  AVERAGE WIND SPEED    11.7


SKY COVER
  POSSIBLE SUNSHINE   0 PERCENT
  AVERAGE SKY COVER 0.0


WEATHER CONDITIONS
 THE FOLLOWING WEATHER WAS RECORDED YESTERDAY.
  RAIN
  LIGHT RAIN


RELATIVE HUMIDITY (PERCENT)
 HIGHEST     0          1200 AM
 LOWEST      0          1200 AM
 AVERAGE     0

..........................................................


THE ATLANTIC CITY NJ CLIMATE NORMALS FOR TODAY
                         NORMAL    RECORD    YEAR
 MAXIMUM TEMPERATURE (F)   75        93      1991
                                             1941
 MINIMUM TEMPERATURE (F)   55        36      1969


SUNRISE AND SUNSET
MAY 27 2017...........SUNRISE   535 AM EDT   SUNSET   816 PM EDT
MAY 28 2017...........SUNRISE   535 AM EDT   SUNSET   817 PM EDT


-  INDICATES NEGATIVE NUMBERS.
R  INDICATES RECORD WAS SET OR TIED.
MM INDICATES DATA IS MISSING.
T  INDICATES TRACE AMOUNT.




$$
