000
CDAK48 PAFC 201253
CLIADQ


CLIMATE REPORT
NATIONAL WEATHER SERVICE ANCHORAGE, AK
353 AM AKST MON NOV 20 2017


...................................

...THE KODIAK CLIMATE SUMMARY FOR NOVEMBER 19 2017...

CLIMATE NORMAL PERIOD 1981 TO 2010
CLIMATE RECORD PERIOD 1913 TO 2017


WEATHER ITEM   OBSERVED TIME   RECORD YEAR NORMAL DEPARTURE LAST
                VALUE   (LST)  VALUE       VALUE  FROM      YEAR
                                                  NORMAL
..................................................................
TEMPERATURE (F)
 YESTERDAY
  MAXIMUM         37        MM  54    1935  38     -1       39
  MINIMUM         31        MM   6    1922  28      3       22
  AVERAGE         34                        33      1       31

PRECIPITATION (IN)
  YESTERDAY        0.24          1.73 1947   0.22   0.02     0.00
  MONTH TO DATE    0.71                      4.21  -3.50     5.21
  SINCE SEP 1     13.08                     19.82  -6.74    21.78
  SINCE JAN 1     53.60                     66.61 -13.01    73.08

SNOWFALL (IN)
  YESTERDAY        1.8           8.4  1979   0.3    1.5      0.0
  MONTH TO DATE    2.7                       3.0   -0.3       T
  SINCE SEP 1      2.9                       4.1   -1.2      0.2
  SINCE JUL 1      2.9                       4.1   -1.2      0.2
  SNOW DEPTH       2

DEGREE DAYS
 HEATING
  YESTERDAY       31                        32     -1       34
  MONTH TO DATE  489                       576    -87      500
  SINCE SEP 1   1595                      1805   -210     1534
  SINCE JUL 1   2200                      2438   -238     1875

 COOLING
  YESTERDAY        0                         0      0        0
  MONTH TO DATE    0                         0      0        0
  SINCE SEP 1      0                         0      0        0
  SINCE JAN 1      0                         1     -1       29
..................................................................


WIND (MPH)
  RESULTANT WIND SPEED  11   RESULTANT WIND DIRECTION  NW (310)
  HIGHEST WIND SPEED    24   HIGHEST WIND DIRECTION    NW (310)
  HIGHEST GUST SPEED    44   HIGHEST GUST DIRECTION    NW (310)
  AVERAGE WIND SPEED    11.9



WEATHER CONDITIONS
 THE FOLLOWING WEATHER WAS RECORDED YESTERDAY.
  LIGHT RAIN
  LT FREEZING RAIN
  LIGHT SNOW
  FOG


RELATIVE HUMIDITY (PERCENT)
 HIGHEST   100
 LOWEST     75
 AVERAGE    88

..........................................................


THE KODIAK CLIMATE NORMALS FOR TODAY
                         NORMAL    RECORD    YEAR
 MAXIMUM TEMPERATURE (F)   38        50      1935
 MINIMUM TEMPERATURE (F)   28         4      1922


SUNRISE AND SUNSET
NOVEMBER 20 2017......SUNRISE   907 AM AKST  SUNSET   444 PM AKST
NOVEMBER 21 2017......SUNRISE   909 AM AKST  SUNSET   442 PM AKST


-  INDICATES NEGATIVE NUMBERS.
R  INDICATES RECORD WAS SET OR TIED.
MM INDICATES DATA IS MISSING.
T  INDICATES TRACE AMOUNT.




$$
