000
CDAK48 PADQ 210932
CLIADQ

CLIMATE REPORT
NATIONAL WEATHER SERVICE KODIAK, AK
132 AM AKDT SUN SEP 21 2014

...................................
...THE KODIAK AP CLIMATE SUMMARY FOR SEPTEMBER 20 2014...

CLIMATE NORMAL PERIOD  1981 TO  2010
CLIMATE RECORD PERIOD  1949 TO  2014

WEATHER ITEM   OBSERVED TIME    RECORD YEAR NORMAL DEPARTURE LAST
               VALUE    (LST)   VALUE       VALUE  FROM      YEAR
                                                   NORMAL
...................................................................
TEMPERATURE
YESTERDAY
 MAXIMUM            58  0337 PM    63  1986     54       4     58
 MINIMUM            44  0706 AM    30  1992     42       2     39
 AVERAGE            51                          48       3     49

PRECIPITATION
(INCHES)
 YESTERDAY        0.01           1.59  1990   0.27   -0.26   0.22
 MONTH TO DATE    7.07                        4.55    2.52   5.11
 SINCE SEP 1      7.07                        4.55    2.52   5.11
 SINCE JAN 1     56.30                       51.34    4.96  45.02

SNOWFALL
(INCHES)
 YESTERDAY         0.0              T  1958    0.0     0.0    0.0
 MONTH TO DATE     0.0                         0.0     0.0    0.0
 SINCE SEP 1       0.0                         0.0     0.0    0.0
 SINCE JUL 1       0.0                         0.0     0.0    0.0
 SNOW DEPTH (IN)     0                                          0

DEGREE DAYS
 HEATING
  YESTERDAY         14                          17      -3     16
  MONTH TO DATE    207                         283     -76    251
  SINCE SEP 1      207                         283     -76    251
  SINCE JUL 1      708                         913    -205    730

 COOLING
  YESTERDAY          0                           0       0      0
  MONTH TO DATE      0                           0       0      0
  SINCE SEP 1        0                           0       0      0
  SINCE JAN 1        4                           0       4      6
...................................................................

WIND (MPH)
 HIGHEST WIND SPEED    12     HIGHEST WIND DIRECTION     90
 HIGHEST GUST SPEED    13     HIGHEST GUST DIRECTION     90
 AVERAGE WIND SPEED   4.2

SKY COVER
  POSSIBLE SUNSHINE    MM          AVERAGE SKY COVER     MM

WEATHER CONDITIONS
 THE FOLLOWING WEATHER WAS RECORDED YESTERDAY.
  RAIN


RELATIVE HUMIDITY
 HIGHEST RH     MM PERCENT       MM
 LOWEST  RH     MM PERCENT       MM
 AVERAGE RH     MM PERCENT       MM
...................................................................

THE KODIAK CLIMATE NORMALS FOR TODAY
                           NORMAL    RECORD   YEAR
 MAXIMUM TEMPERATURE (F)     54        63     2000
 MINIMUM TEMPERATURE (F)     42        26     1992

SUNRISE AND SUNSET
 SEP 21 2014..........SUNRISE  7:54 AM      SUNSET  8:12 PM
 SEP 22 2014..........SUNRISE  7:56 AM      SUNSET  8:09 PM

-  INDICATES NEGATIVE NUMBERS.
R  INDICATES RECORD HAS BEEN SET OR TIED.
MM INDICATES DATA IS MISSING.
T  INDICATES TRACE OF PRECIPITATION.

&&
-------------------------------------------------------------------

AMOUNT OF DAYLIGHT TODAY  (HOUR:MIN)........12 HOURS 18 MINUTES
GAIN/LOSS SINCE YESTERDAY (HOUR:MIN:SEC)....-0:04:55

$$
*** SEP 14
