000
CDAK48 PADQ 261029
CLIADQ

CLIMATE REPORT
NATIONAL WEATHER SERVICE KODIAK, AK
229 AM AKDT THU MAR 26 2015

...................................
...THE KODIAK AP CLIMATE SUMMARY FOR MARCH 25 2015...

CLIMATE NORMAL PERIOD  1981 TO  2010
CLIMATE RECORD PERIOD  1949 TO  2015

WEATHER ITEM   OBSERVED TIME    RECORD YEAR NORMAL DEPARTURE LAST
               VALUE    (LST)   VALUE       VALUE  FROM      YEAR
                                                   NORMAL
...................................................................
TEMPERATURE
YESTERDAY
 MAXIMUM            43  1159 PM    53  1991     39       4     44
 MINIMUM            42  0933 PM     3  1975     28      14     28
 AVERAGE            43                          34       9     36

PRECIPITATION
(INCHES)
 YESTERDAY        0.85           2.57  2001   0.18    0.67   0.00
 MONTH TO DATE    6.45                        4.47    1.98   3.96
 SINCE MAR 1      6.45                        4.47    1.98   3.96
 SINCE JAN 1     25.37                       18.90    6.47  25.21

SNOWFALL
(INCHES)
 YESTERDAY         0.0            7.8  1967    0.3    -0.3    0.0
 MONTH TO DATE     1.5                         9.1    -7.6   11.5
 SINCE MAR 1       1.5                         9.1    -7.6   11.5
 SINCE JUL 1      16.9                        58.5   -41.6   42.5
 SNOW DEPTH (IN)     0                                          0

DEGREE DAYS
 HEATING
  YESTERDAY         22                          31      -9     29
  MONTH TO DATE    732                         812     -80    790
  SINCE MAR 1      732                         812     -80    790
  SINCE JUL 1     5650                        6685   -1035   6076

 COOLING
  YESTERDAY          0                           0       0      0
  MONTH TO DATE      0                           0       0      0
  SINCE MAR 1        0                           0       0      0
  SINCE JAN 1        0                           0       0      0
...................................................................

WIND (MPH)
 HIGHEST WIND SPEED    37     HIGHEST WIND DIRECTION     40
 HIGHEST GUST SPEED    47     HIGHEST GUST DIRECTION     50
 AVERAGE WIND SPEED  26.8

SKY COVER
  POSSIBLE SUNSHINE    MM          AVERAGE SKY COVER     MM

WEATHER CONDITIONS
 THE FOLLOWING WEATHER WAS RECORDED YESTERDAY.
  FOG
RAIN


RELATIVE HUMIDITY
 HIGHEST RH     MM PERCENT       MM
 LOWEST  RH     MM PERCENT       MM
 AVERAGE RH     MM PERCENT       MM
...................................................................

THE KODIAK CLIMATE NORMALS FOR TODAY
                           NORMAL    RECORD   YEAR
 MAXIMUM TEMPERATURE (F)     39        50     1981
 MINIMUM TEMPERATURE (F)     29        12     2013

SUNRISE AND SUNSET
 MAR 26 2015..........SUNRISE  7:56 AM      SUNSET  8:38 PM
 MAR 27 2015..........SUNRISE  7:53 AM      SUNSET  8:40 PM

-  INDICATES NEGATIVE NUMBERS.
R  INDICATES RECORD HAS BEEN SET OR TIED.
MM INDICATES DATA IS MISSING.
T  INDICATES TRACE OF PRECIPITATION.

&&
-------------------------------------------------------------------

AMOUNT OF DAYLIGHT TODAY  (HOUR:MIN)........12 HOURS 42 MINUTES
GAIN/LOSS SINCE YESTERDAY (HOUR:MIN:SEC)....+0:05:00

$$
*** MAR 15
