000
CDAK48 PADQ 231025
CLIADQ

CLIMATE REPORT
NATIONAL WEATHER SERVICE KODIAK, AK
226 AM AKDT THU OCT 23 2014

...................................
...THE KODIAK AP CLIMATE SUMMARY FOR OCTOBER 22 2014...

CLIMATE NORMAL PERIOD  1981 TO  2010
CLIMATE RECORD PERIOD  1949 TO  2014

WEATHER ITEM   OBSERVED TIME    RECORD YEAR NORMAL DEPARTURE LAST
               VALUE    (LST)   VALUE       VALUE  FROM      YEAR
                                                   NORMAL
...................................................................
TEMPERATURE
YESTERDAY
 MAXIMUM            51  0352 PM    53  2004     45       6     46
 MINIMUM            40  1159 PM    19  1966     33       7     27
 AVERAGE            46                          39       7     37

PRECIPITATION
(INCHES)
 YESTERDAY        0.00           2.22  2009   0.26   -0.26   0.01
 MONTH TO DATE    4.76                        5.99   -1.23   5.26
 SINCE SEP 1     12.28                       13.34   -1.06  12.80
 SINCE JAN 1     61.51                       60.13    1.38  52.71

SNOWFALL
(INCHES)
 YESTERDAY         0.0            3.6  1982    0.1    -0.1    0.0
 MONTH TO DATE     0.2                         0.5    -0.3    0.0
 SINCE SEP 1       0.2                         0.5    -0.3    0.0
 SINCE JUL 1       0.2                         0.5    -0.3    0.0
 SNOW DEPTH (IN)     0                                          0

DEGREE DAYS
 HEATING
  YESTERDAY         19                          26      -7     28
  MONTH TO DATE    527                         514      13    433
  SINCE SEP 1      897                         982     -85    873
  SINCE JUL 1     1398                        1612    -214   1352

 COOLING
  YESTERDAY          0                           0       0      0
  MONTH TO DATE      0                           0       0      0
  SINCE SEP 1        0                           0       0      0
  SINCE JAN 1        4                           0       4      6
...................................................................

WIND (MPH)
 HIGHEST WIND SPEED    24     HIGHEST WIND DIRECTION    290
 HIGHEST GUST SPEED    34     HIGHEST GUST DIRECTION    280
 AVERAGE WIND SPEED  14.1

SKY COVER
  POSSIBLE SUNSHINE    MM          AVERAGE SKY COVER     MM

WEATHER CONDITIONS
 THE FOLLOWING WEATHER WAS RECORDED YESTERDAY.
  NO SIGNIFICANT WEATHER WAS OBSERVED.

RELATIVE HUMIDITY
 HIGHEST RH     MM PERCENT       MM
 LOWEST  RH     MM PERCENT       MM
 AVERAGE RH     MM PERCENT       MM
...................................................................

THE KODIAK CLIMATE NORMALS FOR TODAY
                           NORMAL    RECORD   YEAR
 MAXIMUM TEMPERATURE (F)     44        59     1981
 MINIMUM TEMPERATURE (F)     33        17     1967

SUNRISE AND SUNSET
 OCT 23 2014..........SUNRISE  9:04 AM      SUNSET  6:45 PM
 OCT 24 2014..........SUNRISE  9:06 AM      SUNSET  6:42 PM

-  INDICATES NEGATIVE NUMBERS.
R  INDICATES RECORD HAS BEEN SET OR TIED.
MM INDICATES DATA IS MISSING.
T  INDICATES TRACE OF PRECIPITATION.

&&
-------------------------------------------------------------------

AMOUNT OF DAYLIGHT TODAY  (HOUR:MIN)........9 HOURS 41 MINUTES
GAIN/LOSS SINCE YESTERDAY (HOUR:MIN:SEC)....-0:04:48

$$
*** OCT 14
