000
CDAK48 PAFC 171300
CLIADQ


CLIMATE REPORT
NATIONAL WEATHER SERVICE ANCHORAGE, AK
500 AM AKDT THU AUG 17 2017


...................................

...THE KODIAK CLIMATE SUMMARY FOR AUGUST 16 2017...

CLIMATE NORMAL PERIOD 1981 TO 2010
CLIMATE RECORD PERIOD 1913 TO 2017


WEATHER ITEM   OBSERVED TIME   RECORD YEAR NORMAL DEPARTURE LAST
                VALUE   (LST)  VALUE       VALUE  FROM      YEAR
                                                  NORMAL
..................................................................
TEMPERATURE (F)
 YESTERDAY
  MAXIMUM         56        MM  78    2004  62     -6       62
  MINIMUM         44        MM  39    1981  49     -5       50
  AVERAGE         50                        55     -5       56

PRECIPITATION (IN)
  YESTERDAY        0.21          0.90 1990   0.15   0.06     0.11
  MONTH TO DATE    3.84                      2.25   1.59     1.56
  SINCE JUN 1     15.57                     13.09   2.48     7.49
  SINCE JAN 1     36.33                     44.48  -8.15    49.58

SNOWFALL (IN)
  YESTERDAY        0.0          MM      MM   0.0    0.0      0.0
  MONTH TO DATE    0.0                       0.0    0.0      0.0
  SINCE JUN 1      0.0                       0.0    0.0      0.0
  SINCE JUL 1      0.0                       0.0    0.0      0.0
  SNOW DEPTH       0

DEGREE DAYS
 HEATING
  YESTERDAY       15                        10      5        9
  MONTH TO DATE  148                       146      2      104
  SINCE JUN 1    843                       934    -91      553
  SINCE JUL 1    427                       473    -46      258

 COOLING
  YESTERDAY        0                         0      0        0
  MONTH TO DATE    0                         0      0        0
  SINCE JUN 1      0                         1     -1       20
  SINCE JAN 1      0                         1     -1       20
..................................................................


WIND (MPH)
  RESULTANT WIND SPEED   1   RESULTANT WIND DIRECTION  NW (310)
  HIGHEST WIND SPEED     8   HIGHEST WIND DIRECTION    NE (40)
  HIGHEST GUST SPEED    MM   HIGHEST GUST DIRECTION    MM
  AVERAGE WIND SPEED     3.6



WEATHER CONDITIONS
 THE FOLLOWING WEATHER WAS RECORDED YESTERDAY.
  RAIN
  LIGHT RAIN
  FOG


RELATIVE HUMIDITY (PERCENT)
 HIGHEST   100
 LOWEST     72
 AVERAGE    86

..........................................................


THE KODIAK CLIMATE NORMALS FOR TODAY
                         NORMAL    RECORD    YEAR
 MAXIMUM TEMPERATURE (F)   62        74      1999
                                             1944
 MINIMUM TEMPERATURE (F)   49        40      1966


SUNRISE AND SUNSET
AUGUST 17 2017........SUNRISE   640 AM AKDT  SUNSET   947 PM AKDT
AUGUST 18 2017........SUNRISE   642 AM AKDT  SUNSET   944 PM AKDT


-  INDICATES NEGATIVE NUMBERS.
R  INDICATES RECORD WAS SET OR TIED.
MM INDICATES DATA IS MISSING.
T  INDICATES TRACE AMOUNT.




$$
