000
CDAK48 PADQ 031029
CLIADQ

CLIMATE REPORT
NATIONAL WEATHER SERVICE KODIAK, AK
129 AM AKST TUE MAR 3 2015

...................................
...THE KODIAK AP CLIMATE SUMMARY FOR MARCH 2 2015...

CLIMATE NORMAL PERIOD  1981 TO  2010
CLIMATE RECORD PERIOD  1949 TO  2015

WEATHER ITEM   OBSERVED TIME    RECORD YEAR NORMAL DEPARTURE LAST
               VALUE    (LST)   VALUE       VALUE  FROM      YEAR
                                                   NORMAL
...................................................................
TEMPERATURE
YESTERDAY
 MAXIMUM            43  1033 PM    50  2003     37       6     40
 MINIMUM            37  1215 AM     2  1994     27      10     27
 AVERAGE            40                          32       8     34

PRECIPITATION
(INCHES)
 YESTERDAY        1.68           1.68  2015   0.19    1.49      T
 MONTH TO DATE    1.71                        0.37    1.34   0.01
 SINCE MAR 1      1.71                        0.37    1.34   0.01
 SINCE JAN 1     20.63                       14.80    5.83  21.26

SNOWFALL
(INCHES)
 YESTERDAY         0.0            8.1  1954    0.4    -0.4    0.0
 MONTH TO DATE     0.0                         0.8    -0.8    0.0
 SINCE MAR 1       0.0                         0.8    -0.8    0.0
 SINCE JUL 1      15.4                        50.2   -34.8   31.0
 SNOW DEPTH (IN)     0                                          0

DEGREE DAYS
 HEATING
  YESTERDAY         25                          33      -8     31
  MONTH TO DATE     56                          66     -10     63
  SINCE MAR 1       56                          66     -10     63
  SINCE JUL 1     4974                        5939    -965   5349

 COOLING
  YESTERDAY          0                           0       0      0
  MONTH TO DATE      0                           0       0      0
  SINCE MAR 1        0                           0       0      0
  SINCE JAN 1        0                           0       0      0
...................................................................

WIND (MPH)
 HIGHEST WIND SPEED    24     HIGHEST WIND DIRECTION     70
 HIGHEST GUST SPEED    30     HIGHEST GUST DIRECTION     80
 AVERAGE WIND SPEED  14.5

SKY COVER
  POSSIBLE SUNSHINE    MM          AVERAGE SKY COVER     MM

WEATHER CONDITIONS
 THE FOLLOWING WEATHER WAS RECORDED YESTERDAY.
  FOG
RAIN


RELATIVE HUMIDITY
 HIGHEST RH     MM PERCENT       MM
 LOWEST  RH     MM PERCENT       MM
 AVERAGE RH     MM PERCENT       MM
...................................................................

THE KODIAK CLIMATE NORMALS FOR TODAY
                           NORMAL    RECORD   YEAR
 MAXIMUM TEMPERATURE (F)     37        50     1995
 MINIMUM TEMPERATURE (F)     27         1     1994

SUNRISE AND SUNSET
 MAR 3 2015..........SUNRISE  7:59 AM      SUNSET  6:47 PM
 MAR 4 2015..........SUNRISE  7:57 AM      SUNSET  6:49 PM

-  INDICATES NEGATIVE NUMBERS.
R  INDICATES RECORD HAS BEEN SET OR TIED.
MM INDICATES DATA IS MISSING.
T  INDICATES TRACE OF PRECIPITATION.

&&
-------------------------------------------------------------------

AMOUNT OF DAYLIGHT TODAY  (HOUR:MIN)........10 HOURS 48 MINUTES
GAIN/LOSS SINCE YESTERDAY (HOUR:MIN:SEC)....+0:04:58

$$
*** MAR 15
