000
CDAK48 PADQ 302204
CLIADQ

CLIMATE REPORT
NATIONAL WEATHER SERVICE KODIAK, AK
204 PM AKDT THU JUL 30 2015

...................................
...THE KODIAK AP CLIMATE SUMMARY FOR JULY 30 2015...
VALID TODAY AS OF 2:00 PM LOCAL TIME

CLIMATE NORMAL PERIOD  1981 TO  2010
CLIMATE RECORD PERIOD  1949 TO  2015

WEATHER ITEM   OBSERVED TIME    RECORD YEAR NORMAL DEPARTURE LAST
               VALUE    (LST)   VALUE       VALUE  FROM      YEAR
                                                   NORMAL
...................................................................
TEMPERATURE
TODAY
 MAXIMUM            60  1235 PM    78  1961     62      -2     63
 MINIMUM            55  1038 AM    38  2000     50       5     54
 AVERAGE            58                          56       2     59

PRECIPITATION
(INCHES)
 TODAY            0.15           1.16  2010   0.14    0.01   0.00
 MONTH TO DATE    3.32                        4.78   -1.46   2.58
 SINCE JUN 1      6.40                       10.69   -4.29   8.80
 SINCE JAN 1     45.52                       42.08    3.44  42.33

SNOWFALL
(INCHES)
 TODAY             0.0                         0.0     0.0    0.0
 MONTH TO DATE     0.0                         0.0     0.0    0.0
 SINCE JUN 1       0.0                         0.0     0.0    0.0
 SINCE JUL 1       0.0                         0.0     0.0    0.0
 SNOW DEPTH (IN)     0                                          0

DEGREE DAYS
 HEATING
  TODAY              7                           9      -2      6
  MONTH TO DATE    217                         317    -100    234
  SINCE JUN 1      528                         778    -250    656
  SINCE JUL 1      217                         317    -100    234

 COOLING
  TODAY              0                           0       0      0
  MONTH TO DATE      0                           0       0      0
  SINCE JUN 1        1                           0       1      0
  SINCE JAN 1        1                           0       1      4
...................................................................

WIND (MPH)
 HIGHEST WIND SPEED     8     HIGHEST WIND DIRECTION     50
 HIGHEST GUST SPEED    12     HIGHEST GUST DIRECTION     80
 AVERAGE WIND SPEED    MM

SKY COVER
  POSSIBLE SUNSHINE  MM            AVERAGE SKY COVER MM

WEATHER CONDITIONS
 THE FOLLOWING WEATHER WAS RECORDED TODAY.
FOG
RAIN


RELATIVE HUMIDITY
 HIGHEST RH     MM PERCENT       MM
 LOWEST  RH     MM PERCENT       MM
 AVERAGE RH     MM PERCENT       MM
...................................................................

THE KODIAK CLIMATE NORMALS FOR TOMORROW
                        NORMAL    RECORD   YEAR
 MAXIMUM TEMPERATURE      62        76     1998
 MINIMUM TEMPERATURE      50        42     2009

SUNRISE AND SUNSET
 JUL 30 2015..........SUNRISE  6:01 AM      SUNSET 10:31 PM
 JUL 31 2015..........SUNRISE  6:03 AM      SUNSET 10:29 PM

-  INDICATES NEGATIVE NUMBERS.
R  INDICATES RECORD HAS BEEN SET OR TIED.
MM INDICATES DATA IS MISSING.
T  INDICATES TRACE OF PRECIPITATION.

&&
-------------------------------------------------------------------

AMOUNT OF DAYLIGHT TODAY  (HOUR:MIN)........16 HOURS 30 MINUTES
GAIN/LOSS SINCE YESTERDAY (HOUR:MIN:SEC)....-0:04:08

$$
JAS JUL 15
