000
CDUS44 KLCH 062312
CLIAEX


CLIMATE REPORT
NATIONAL WEATHER SERVICE LAKE CHARLES, LA
512 PM CST FRI MAR 6 2015


...................................

...THE ALEXANDRIA CLIMATE SUMMARY FOR MARCH 6 2015...
VALID TODAY AS OF 0500 PM LOCAL TIME.

CLIMATE NORMAL PERIOD 1981 TO 2010
CLIMATE RECORD PERIOD 1892 TO 2015


WEATHER ITEM   OBSERVED TIME   RECORD YEAR NORMAL DEPARTURE LAST
                VALUE   (LST)  VALUE       VALUE  FROM      YEAR
                                                  NORMAL
..................................................................
TEMPERATURE (F)
 TODAY
  MAXIMUM         52    354 PM  85    1956  68    -16       45
  MINIMUM         24R   637 AM  25    1917  46    -22       36
  AVERAGE         38                        57    -19       41

PRECIPITATION (IN)
  TODAY            0.00          1.90 1933   0.18  -0.18     0.20
  MONTH TO DATE    3.17                      1.02   2.15     0.74
  SINCE MAR 1      3.17                      1.02   2.15     0.74
  SINCE JAN 1      8.27                     10.70  -2.43     7.12

SNOWFALL (IN)
  TODAY            0.0           0.0    MM  MM     MM       MM
  MONTH TO DATE    0.3                      MM     MM        0.2
  SINCE MAR 1      0.3                      MM     MM        0.2
  SINCE JUL 1      0.3                      MM     MM        5.0
  SNOW DEPTH       0

DEGREE DAYS
 HEATING
  TODAY           27                         9     18       24
  MONTH TO DATE   94                        57     37      118
  SINCE MAR 1     94                        57     37      118
  SINCE JUL 1   1945                      1722    223     2134

 COOLING
  TODAY            0                         1     -1        0
  MONTH TO DATE    0                         6     -6        1
  SINCE MAR 1      0                         6     -6        1
  SINCE JAN 1      1                        23    -22       12
..................................................................


WIND (MPH)
  HIGHEST WIND SPEED    14   HIGHEST WIND DIRECTION     N (10)
  HIGHEST GUST SPEED    18   HIGHEST GUST DIRECTION     N (360)
  AVERAGE WIND SPEED     7.1


SKY COVER
  POSSIBLE SUNSHINE  MM
  AVERAGE SKY COVER 0.0


WEATHER CONDITIONS
 THE FOLLOWING WEATHER WAS RECORDED TODAY.
  NO SIGNIFICANT WEATHER WAS OBSERVED.


RELATIVE HUMIDITY (PERCENT)
 HIGHEST    81           600 AM
 LOWEST     24           200 PM
 AVERAGE    53

..........................................................


THE ALEXANDRIA CLIMATE NORMALS FOR TOMORROW
                         NORMAL    RECORD    YEAR
 MAXIMUM TEMPERATURE (F)   69        86      1909
 MINIMUM TEMPERATURE (F)   46        26      1943
                                             1901


SUNRISE AND SUNSET
MARCH  6 2015.........SUNRISE   631 AM CST   SUNSET   612 PM CST
MARCH  7 2015.........SUNRISE   630 AM CST   SUNSET   613 PM CST


-  INDICATES NEGATIVE NUMBERS.
R  INDICATES RECORD WAS SET OR TIED.
MM INDICATES DATA IS MISSING.
T  INDICATES TRACE AMOUNT.




$$
