000
CDUS44 KLCH 222208
CLIAEX


CLIMATE REPORT
NATIONAL WEATHER SERVICE LAKE CHARLES, LA
508 PM CDT SUN OCT 22 2017


...................................

...THE ALEXANDRIA CLIMATE SUMMARY FOR OCTOBER 22 2017...
VALID TODAY AS OF 0500 PM LOCAL TIME.

CLIMATE NORMAL PERIOD 1981 TO 2010
CLIMATE RECORD PERIOD 1892 TO 2017


WEATHER ITEM   OBSERVED TIME   RECORD YEAR NORMAL DEPARTURE LAST
                VALUE   (LST)  VALUE       VALUE  FROM      YEAR
                                                  NORMAL
..................................................................
TEMPERATURE (F)
 TODAY
  MAXIMUM         71    342 PM  93    1939  78     -7       75
  MINIMUM         61    947 AM  34    1976  53      8       43
                                      1898
  AVERAGE         66                        65      1       59

PRECIPITATION (IN)
  TODAY            0.23          3.98 2009   0.17   0.06     0.00
  MONTH TO DATE    0.26                      4.33  -4.07     0.23
  SINCE SEP 1      0.35                      7.23  -6.88     3.69
  SINCE JAN 1     43.58                     43.46   0.12    44.43

SNOWFALL (IN)
  TODAY            0.0           0.0    MM  MM     MM        0.0
  MONTH TO DATE    0.0                      MM     MM        0.0
  SINCE SEP 1      0.0                      MM     MM        0.0
  SINCE JUL 1      0.0                      MM     MM        0.0
  SNOW DEPTH       0

DEGREE DAYS
 HEATING
  TODAY            0                         3     -3        6
  MONTH TO DATE    8                        36    -28       10
  SINCE SEP 1      8                        39    -31       10
  SINCE JUL 1      8                        39    -31       10

 COOLING
  TODAY            1                         3     -2        0
  MONTH TO DATE  217                       112    105      189
  SINCE SEP 1    592                       475    117      661
  SINCE JAN 1   2621                      2462    159     2764
..................................................................


WIND (MPH)
  HIGHEST WIND SPEED    36   HIGHEST WIND DIRECTION    NW (320)
  HIGHEST GUST SPEED    47   HIGHEST GUST DIRECTION    NW (320)
  AVERAGE WIND SPEED     7.9


SKY COVER
  POSSIBLE SUNSHINE  MM
  AVERAGE SKY COVER 0.7


WEATHER CONDITIONS
 THE FOLLOWING WEATHER WAS RECORDED TODAY.
  THUNDERSTORM
  HEAVY RAIN
  RAIN
  LIGHT RAIN
  FOG


RELATIVE HUMIDITY (PERCENT)
 HIGHEST    90          1200 AM
 LOWEST     70           400 PM
 AVERAGE    80

..........................................................


THE ALEXANDRIA CLIMATE NORMALS FOR TOMORROW
                         NORMAL    RECORD    YEAR
 MAXIMUM TEMPERATURE (F)   78        93      1939
 MINIMUM TEMPERATURE (F)   52        33      1893


SUNRISE AND SUNSET
OCTOBER 22 2017.......SUNRISE   718 AM CDT   SUNSET   630 PM CDT
OCTOBER 23 2017.......SUNRISE   719 AM CDT   SUNSET   629 PM CDT


-  INDICATES NEGATIVE NUMBERS.
R  INDICATES RECORD WAS SET OR TIED.
MM INDICATES DATA IS MISSING.
T  INDICATES TRACE AMOUNT.




$$
