000
CDUS44 KLCH 301001
CLIAEX


CLIMATE REPORT
NATIONAL WEATHER SERVICE LAKE CHARLES, LA
501 AM CDT THU OCT 30 2014


...................................

...THE ALEXANDRIA CLIMATE SUMMARY FOR OCTOBER 29 2014...

CLIMATE NORMAL PERIOD 1981 TO 2010
CLIMATE RECORD PERIOD 1892 TO 2014


WEATHER ITEM   OBSERVED TIME   RECORD YEAR NORMAL DEPARTURE LAST
                VALUE   (LST)  VALUE       VALUE  FROM      YEAR
                                                  NORMAL
..................................................................
TEMPERATURE (F)
 YESTERDAY
  MAXIMUM         73    320 PM  87    2004  76     -3       82
                                      1971
                                      1950
  MINIMUM         48   1159 PM  31    1914  51     -3       62
  AVERAGE         61                        63     -2       72

PRECIPITATION (IN)
  YESTERDAY        0.00          1.21 1921   0.07  -0.07     0.00
  MONTH TO DATE    4.55                      5.06  -0.51     2.70
  SINCE SEP 1      5.42                      7.96  -2.54     8.09
  SINCE JAN 1     36.77                     44.19  -7.42    45.68

SNOWFALL (IN)
  YESTERDAY        0.0           0.0    MM  MM     MM        0.0
  MONTH TO DATE    0.0                      MM     MM        0.0
  SINCE SEP 1      0.0                      MM     MM        0.0
  SINCE JUL 1      0.0                      MM     MM        0.0
  SNOW DEPTH       0

DEGREE DAYS
 HEATING
  YESTERDAY        4                         4      0        0
  MONTH TO DATE   21                        62    -41       43
  SINCE SEP 1     21                        65    -44       43
  SINCE JUL 1     21                        65    -44       43

 COOLING
  YESTERDAY        0                         3     -3        7
  MONTH TO DATE  161                       133     28      155
  SINCE SEP 1    562                       496     66      616
  SINCE JAN 1   2470                      2483    -13     2581
..................................................................


WIND (MPH)
  HIGHEST WIND SPEED    16   HIGHEST WIND DIRECTION     N (10)
  HIGHEST GUST SPEED    19   HIGHEST GUST DIRECTION     N (10)
  AVERAGE WIND SPEED     4.6


SKY COVER
  POSSIBLE SUNSHINE  MM
  AVERAGE SKY COVER 0.6


WEATHER CONDITIONS
 THE FOLLOWING WEATHER WAS RECORDED YESTERDAY.
  FOG
  FOG W/VISIBILITY <= 1/4 MILE


RELATIVE HUMIDITY (PERCENT)
 HIGHEST   100           100 AM
 LOWEST     47           400 PM
 AVERAGE    74

..........................................................


THE ALEXANDRIA CLIMATE NORMALS FOR TODAY
                         NORMAL    RECORD    YEAR
 MAXIMUM TEMPERATURE (F)   76        90      1951
 MINIMUM TEMPERATURE (F)   50        27      1910


SUNRISE AND SUNSET
OCTOBER 30 2014.......SUNRISE   724 AM CDT   SUNSET   623 PM CDT
OCTOBER 31 2014.......SUNRISE   725 AM CDT   SUNSET   622 PM CDT


-  INDICATES NEGATIVE NUMBERS.
R  INDICATES RECORD WAS SET OR TIED.
MM INDICATES DATA IS MISSING.
T  INDICATES TRACE AMOUNT.




$$
