000
CDUS44 KLCH 172238
CLIAEX


CLIMATE REPORT
NATIONAL WEATHER SERVICE LAKE CHARLES, LA
538 PM CDT THU APR 17 2014


...................................

...THE ALEXANDRIA CLIMATE SUMMARY FOR APRIL 17 2014...
VALID TODAY AS OF 0500 PM LOCAL TIME.

CLIMATE NORMAL PERIOD 1981 TO 2010
CLIMATE RECORD PERIOD 1892 TO 2014


WEATHER ITEM   OBSERVED TIME   RECORD YEAR NORMAL DEPARTURE LAST
                VALUE   (LST)  VALUE       VALUE  FROM      YEAR
                                                  NORMAL
..................................................................
TEMPERATURE (F)
 TODAY
  MAXIMUM         64    356 PM  92    2006  78    -14       87
  MINIMUM         46    506 AM  39    1921  55     -9       72
  AVERAGE         55                        67    -12       80

PRECIPITATION (IN)
  TODAY            T             3.79 1900   0.15  -0.15     0.00
  MONTH TO DATE    2.89                      2.90  -0.01     2.16
  SINCE MAR 1      6.80                      7.95  -1.15     3.55
  SINCE JAN 1     13.18                     17.63  -4.45    20.00

SNOWFALL (IN)
  TODAY           MM             0.0    MM  MM     MM        0.0
  MONTH TO DATE    0.0                      MM     MM        0.0
  SINCE MAR 1      0.2                      MM     MM        0.0
  SINCE JUL 1      5.0                      MM     MM        0.0
  SNOW DEPTH       0

DEGREE DAYS
 HEATING
  TODAY           10                         2      8        0
  MONTH TO DATE   80                        54     26       61
  SINCE MAR 1    397                       269    128      367
  SINCE JUL 1   2413                      1934    479     1800

 COOLING
  TODAY            0                         3     -3       15
  MONTH TO DATE   37                        47    -10       58
  SINCE MAR 1     50                        83    -33       74
  SINCE JAN 1     61                       100    -39       92
..................................................................


WIND (MPH)
  HIGHEST WIND SPEED    12   HIGHEST WIND DIRECTION    SE (130)
  HIGHEST GUST SPEED    15   HIGHEST GUST DIRECTION    SE (130)
  AVERAGE WIND SPEED     3.6


SKY COVER
  POSSIBLE SUNSHINE  MM
  AVERAGE SKY COVER 0.5


WEATHER CONDITIONS
 THE FOLLOWING WEATHER WAS RECORDED TODAY.
  LIGHT RAIN
  FOG
  HAZE


RELATIVE HUMIDITY (PERCENT)
 HIGHEST    93           400 AM
 LOWEST     60          1000 AM
 AVERAGE    77

..........................................................


THE ALEXANDRIA CLIMATE NORMALS FOR TOMORROW
                         NORMAL    RECORD    YEAR
 MAXIMUM TEMPERATURE (F)   79        92      2006
 MINIMUM TEMPERATURE (F)   55        39      2001


SUNRISE AND SUNSET
APRIL 17 2014.........SUNRISE   640 AM CDT   SUNSET   740 PM CDT
APRIL 18 2014.........SUNRISE   639 AM CDT   SUNSET   741 PM CDT


-  INDICATES NEGATIVE NUMBERS.
R  INDICATES RECORD WAS SET OR TIED.
MM INDICATES DATA IS MISSING.
T  INDICATES TRACE AMOUNT.




$$
