303
CDUS44 KLCH 220816
CLIAEX


CLIMATE REPORT
NATIONAL WEATHER SERVICE LAKE CHARLES, LA
315 AM CDT MON MAY 22 2017


...................................

...THE ALEXANDRIA CLIMATE SUMMARY FOR MAY 21 2017...

CLIMATE NORMAL PERIOD 1981 TO 2010
CLIMATE RECORD PERIOD 1892 TO 2017


WEATHER ITEM   OBSERVED TIME   RECORD YEAR NORMAL DEPARTURE LAST
                VALUE   (LST)  VALUE       VALUE  FROM      YEAR
                                                  NORMAL
..................................................................
TEMPERATURE (F)
 YESTERDAY
  MAXIMUM         84   1128 AM  94    2012  86     -2       88
                                      2005
                                      1957
  MINIMUM         66   1111 PM  45    1894  65      1       61
  AVERAGE         75                        76     -1       75

PRECIPITATION (IN)
  YESTERDAY        0.03          2.27 1911   0.18  -0.15     0.00
  MONTH TO DATE    1.58                      3.07  -1.49     1.75
  SINCE MAR 1     14.63                     12.67   1.96    13.95
  SINCE JAN 1     22.34                     22.35  -0.01    20.43

DEGREE DAYS
 COOLING
  YESTERDAY       10                        11     -1       10
  MONTH TO DATE  145                       176    -31      136
  SINCE MAR 1    407                       318     89      324
  SINCE JAN 1    489                       335    154      332
..................................................................


WIND (MPH)
  HIGHEST WIND SPEED    23   HIGHEST WIND DIRECTION    NW (310)
  HIGHEST GUST SPEED    29   HIGHEST GUST DIRECTION    NW (310)
  AVERAGE WIND SPEED     5.3


SKY COVER
  POSSIBLE SUNSHINE  MM
  AVERAGE SKY COVER 0.6


WEATHER CONDITIONS
 THE FOLLOWING WEATHER WAS RECORDED YESTERDAY.
  THUNDERSTORM
  HEAVY RAIN
  RAIN
  LIGHT RAIN
  FOG


RELATIVE HUMIDITY (PERCENT)
 HIGHEST   100           200 AM
 LOWEST     69          1000 AM
 AVERAGE    85

..........................................................


THE ALEXANDRIA CLIMATE NORMALS FOR TODAY
                         NORMAL    RECORD    YEAR
 MAXIMUM TEMPERATURE (F)   87        96      2005
 MINIMUM TEMPERATURE (F)   65        52      1919
                                             1894


SUNRISE AND SUNSET
MAY 22 2017...........SUNRISE   610 AM CDT   SUNSET   804 PM CDT
MAY 23 2017...........SUNRISE   610 AM CDT   SUNSET   805 PM CDT


-  INDICATES NEGATIVE NUMBERS.
R  INDICATES RECORD WAS SET OR TIED.
MM INDICATES DATA IS MISSING.
T  INDICATES TRACE AMOUNT.




$$
