000
CDUS42 KCAE 232140
CLIAGS


CLIMATE REPORT
NATIONAL WEATHER SERVICE COLUMBIA SC
540 PM EDT FRI JUN 23 2017


...................................

...THE AUGUSTA BUSH FIELD GA CLIMATE SUMMARY FOR JUNE 23 2017...
VALID TODAY AS OF 0500 PM LOCAL TIME.

CLIMATE NORMAL PERIOD 1981 TO 2010
CLIMATE RECORD PERIOD 1873 TO 2017


WEATHER ITEM   OBSERVED TIME   RECORD YEAR NORMAL DEPARTURE LAST
                VALUE   (LST)  VALUE       VALUE  FROM      YEAR
                                                  NORMAL
..................................................................
TEMPERATURE (F)
 TODAY
  MAXIMUM         95    325 PM 104    1944  92      3       96
  MINIMUM         78    645 AM  54    1947  68     10       75
  AVERAGE         87                        80      7       86

PRECIPITATION (IN)
  TODAY            0.00          1.55 1875   0.15  -0.15     0.00
  MONTH TO DATE    2.00                      3.69  -1.69     2.33
  SINCE JUN 1      2.00                      3.69  -1.69     2.33
  SINCE JAN 1     21.95                     21.19   0.76    21.06

SNOWFALL (IN)
  TODAY            0.0          MM      MM   0.0             0.0
  MONTH TO DATE    0.0                       0.0             0.0
  SINCE JUN 1      0.0                       0.0             0.0
  SINCE JUL 1      T                         0.9             0.5

DEGREE DAYS
 HEATING
  TODAY            0                         0      0        0
  MONTH TO DATE    0                         0      0        0
  SINCE JUN 1      0                         0      0        0
  SINCE JUL 1   1407                      2471  -1064     1856

 COOLING
  TODAY           22                        15      7       21
  MONTH TO DATE  346                       301     45      344
  SINCE JUN 1    346                       301     45      344
  SINCE JAN 1    887                       584    303      659
..................................................................


WIND (MPH)
  HIGHEST WIND SPEED    16   HIGHEST WIND DIRECTION    SW (240)
  HIGHEST GUST SPEED    22   HIGHEST GUST DIRECTION    SW (210)
  AVERAGE WIND SPEED     7.8


SKY COVER
  AVERAGE SKY COVER 0.4


WEATHER CONDITIONS
 THE FOLLOWING WEATHER WAS RECORDED TODAY.
  NO SIGNIFICANT WEATHER WAS OBSERVED.


RELATIVE HUMIDITY (PERCENT)
 HIGHEST    91           200 AM
 LOWEST     46           300 PM
 AVERAGE    69

..........................................................


THE AUGUSTA BUSH FIELD GA CLIMATE NORMALS FOR TOMORROW
                         NORMAL    RECORD    YEAR
 MAXIMUM TEMPERATURE (F)   92       103      1914
 MINIMUM TEMPERATURE (F)   68        54      1972


SUNRISE AND SUNSET
JUNE 23 2017..........SUNRISE   619 AM EDT   SUNSET   841 PM EDT
JUNE 24 2017..........SUNRISE   620 AM EDT   SUNSET   841 PM EDT


-  INDICATES NEGATIVE NUMBERS.
R  INDICATES RECORD WAS SET OR TIED.
MM INDICATES DATA IS MISSING.
T  INDICATES TRACE AMOUNT.




$$
