000
CDUS42 KCAE 212122
CLIAGS


CLIMATE REPORT
NATIONAL WEATHER SERVICE COLUMBIA SC
522 PM EDT THU AUG 21 2014


...................................

...THE AUGUSTA BUSH FIELD GA CLIMATE SUMMARY FOR AUGUST 21 2014...
VALID TODAY AS OF 0500 PM LOCAL TIME.

CLIMATE NORMAL PERIOD 1981 TO 2010
CLIMATE RECORD PERIOD 1873 TO 2014


WEATHER ITEM   OBSERVED TIME   RECORD YEAR NORMAL DEPARTURE LAST
                VALUE   (LST)  VALUE       VALUE  FROM      YEAR
                                                  NORMAL
..................................................................
TEMPERATURE (F)
 TODAY
  MAXIMUM         98    359 PM 108    1983  91      7       91
  MINIMUM         71    609 AM  56    1998  69      2       71
  AVERAGE         85                        80      5       81

PRECIPITATION (IN)
  TODAY            0.00          1.48 2012   0.14  -0.14     0.10
  MONTH TO DATE    1.64                      3.02  -1.38     5.67
  SINCE JUN 1      9.44                     12.07  -2.63    25.55
  SINCE JAN 1     28.30                     29.57  -1.27    45.15

SNOWFALL (IN)
  TODAY            0.0          MM      MM   0.0             0.0
  MONTH TO DATE    0.0                       0.0             0.0
  SINCE JUN 1      0.0                       0.0             0.0
  SINCE JUL 1      0.0                       0.0             0.0

DEGREE DAYS
 HEATING
  TODAY            0                         0      0        0
  MONTH TO DATE    0                         0      0        0
  SINCE JUN 1      0                         0      0        0
  SINCE JUL 1      0                         0      0        0

 COOLING
  TODAY           20                        15      5       16
  MONTH TO DATE  311                       337    -26      295
  SINCE JUN 1   1215                      1260    -45     1144
  SINCE JAN 1   1499                      1543    -44     1353
..................................................................


WIND (MPH)
  HIGHEST WIND SPEED     9   HIGHEST WIND DIRECTION    NE (30)
  HIGHEST GUST SPEED    12   HIGHEST GUST DIRECTION    NE (30)
  AVERAGE WIND SPEED     3.5


SKY COVER
  AVERAGE SKY COVER 0.0


WEATHER CONDITIONS
 THE FOLLOWING WEATHER WAS RECORDED TODAY.
  NO SIGNIFICANT WEATHER WAS OBSERVED.


RELATIVE HUMIDITY (PERCENT)
 HIGHEST    90           600 AM
 LOWEST     31           400 PM
 AVERAGE    61

..........................................................


THE AUGUSTA BUSH FIELD GA CLIMATE NORMALS FOR TOMORROW
                         NORMAL    RECORD    YEAR
 MAXIMUM TEMPERATURE (F)   91       107      1983
 MINIMUM TEMPERATURE (F)   69        57      1998


SUNRISE AND SUNSET
AUGUST 21 2014........SUNRISE   655 AM EDT   SUNSET   807 PM EDT
AUGUST 22 2014........SUNRISE   655 AM EDT   SUNSET   806 PM EDT


-  INDICATES NEGATIVE NUMBERS.
R  INDICATES RECORD WAS SET OR TIED.
MM INDICATES DATA IS MISSING.
T  INDICATES TRACE AMOUNT.




$$
