000
CDUS42 KCAE 300552
CLIAGS


CLIMATE REPORT
NATIONAL WEATHER SERVICE COLUMBIA SC
151 AM EDT TUE JUN 30 2015


...................................

...THE AUGUSTA REGIONAL BUSH FIELD GA CLIMATE SUMMARY FOR JUNE 29 2015...

CLIMATE NORMAL PERIOD 1981 TO 2010
CLIMATE RECORD PERIOD 1873 TO 2015


WEATHER ITEM   OBSERVED TIME   RECORD YEAR NORMAL DEPARTURE LAST
                VALUE   (LST)  VALUE       VALUE  FROM      YEAR
                                                  NORMAL
..................................................................
TEMPERATURE (F)
 YESTERDAY
  MAXIMUM         92    327 PM 106    2012  93     -1       90
  MINIMUM         59    533 AM  56    1979  69    -10       69
                                      1970
                                      1968
  AVERAGE         76                        81     -5       80

PRECIPITATION (IN)
  YESTERDAY        0.00          2.41 1895   0.14  -0.14     0.00
  MONTH TO DATE    3.09                      4.58  -1.49     2.27
  SINCE JUN 1      3.09                      4.58  -1.49     2.27
  SINCE JAN 1     18.72                     22.08  -3.36    21.13

SNOWFALL (IN)
  YESTERDAY        0.0          MM      MM   0.0             0.0
  MONTH TO DATE    0.0                       0.0             0.0
  SINCE JUN 1      0.0                       0.0             0.0
  SINCE JUL 1      T                         0.9             3.3

DEGREE DAYS
 HEATING
  YESTERDAY        0                         0      0        0
  MONTH TO DATE    0                         0      0        0
  SINCE JUN 1      0                         0      0        0
  SINCE JUL 1   2563                      2471     92     2676

 COOLING
  YESTERDAY       11                        16     -5       15
  MONTH TO DATE  463                       393     70      409
  SINCE JUN 1    463                       393     70      409
  SINCE JAN 1    824                       676    148      693
..................................................................


WIND (MPH)
  HIGHEST WIND SPEED    18   HIGHEST WIND DIRECTION    NW (310)
  HIGHEST GUST SPEED    25   HIGHEST GUST DIRECTION    NW (310)
  AVERAGE WIND SPEED     4.7


SKY COVER
  AVERAGE SKY COVER 0.1


WEATHER CONDITIONS
 THE FOLLOWING WEATHER WAS RECORDED YESTERDAY.
  FOG


RELATIVE HUMIDITY (PERCENT)
 HIGHEST   100           200 AM
 LOWEST     29          1200 PM
 AVERAGE    65

..........................................................


THE AUGUSTA REGIONAL BUSH FIELD GA CLIMATE NORMALS FOR TODAY
                         NORMAL    RECORD    YEAR
 MAXIMUM TEMPERATURE (F)   93       106      2012
 MINIMUM TEMPERATURE (F)   69        52      1962


SUNRISE AND SUNSET
JUNE 30 2015..........SUNRISE   621 AM EDT   SUNSET   841 PM EDT
JULY  1 2015..........SUNRISE   622 AM EDT   SUNSET   841 PM EDT


-  INDICATES NEGATIVE NUMBERS.
R  INDICATES RECORD WAS SET OR TIED.
MM INDICATES DATA IS MISSING.
T  INDICATES TRACE AMOUNT.




$$
