000
CDUS42 KCAE 062238
CLIAGS


CLIMATE REPORT
NATIONAL WEATHER SERVICE COLUMBIA SC
538 PM EST SAT FEB 6 2016


...................................

...THE AUGUSTA BUSH FIELD GA CLIMATE SUMMARY FOR FEBRUARY 6 2016...
VALID TODAY AS OF 0500 PM LOCAL TIME.

CLIMATE NORMAL PERIOD 1981 TO 2010
CLIMATE RECORD PERIOD 1873 TO 2016


WEATHER ITEM   OBSERVED TIME   RECORD YEAR NORMAL DEPARTURE LAST
                VALUE   (LST)  VALUE       VALUE  FROM      YEAR
                                                  NORMAL
..................................................................
TEMPERATURE (F)
 TODAY
  MAXIMUM         51    145 PM  80    1927  60     -9       53
  MINIMUM         27    537 AM  15    1966  34     -7       20
  AVERAGE         39                        47     -8       37

PRECIPITATION (IN)
  TODAY            T             2.99 1899   0.12  -0.12     0.00
  MONTH TO DATE    2.13                      0.79   1.34     0.23
  SINCE DEC 1     10.71                      8.09   2.62     6.54
  SINCE JAN 1      3.79                      4.70  -0.91     2.33

SNOWFALL (IN)
  TODAY            0.0           4.2  1980   0.0             0.0
  MONTH TO DATE    0.0                       0.1             0.0
  SINCE DEC 1      0.5                       0.6             0.0
  SINCE JUL 1      0.5                       0.6             0.0

DEGREE DAYS
 HEATING
  TODAY           26                        18      8       28
  MONTH TO DATE   66                       108    -42      127
  SINCE DEC 1    920                      1271   -351     1234
  SINCE JUL 1   1207                      1693   -486     1798

 COOLING
  TODAY            0                         0      0        0
  MONTH TO DATE    3                         0      3        0
  SINCE DEC 1     50                         4     46        0
  SINCE JAN 1      3                         1      2        0
..................................................................


WIND (MPH)
  HIGHEST WIND SPEED    15   HIGHEST WIND DIRECTION    NE (30)
  HIGHEST GUST SPEED    19   HIGHEST GUST DIRECTION    NE (40)
  AVERAGE WIND SPEED     4.2


SKY COVER
  AVERAGE SKY COVER 0.4


WEATHER CONDITIONS
 THE FOLLOWING WEATHER WAS RECORDED TODAY.
  LIGHT RAIN
  FOG


RELATIVE HUMIDITY (PERCENT)
 HIGHEST    92          1200 AM
 LOWEST     31          1200 PM
 AVERAGE    62

..........................................................


THE AUGUSTA BUSH FIELD GA CLIMATE NORMALS FOR TOMORROW
                         NORMAL    RECORD    YEAR
 MAXIMUM TEMPERATURE (F)   61        80      1999
 MINIMUM TEMPERATURE (F)   35        13      1895


SUNRISE AND SUNSET
FEBRUARY  6 2016......SUNRISE   720 AM EST   SUNSET   604 PM EST
FEBRUARY  7 2016......SUNRISE   720 AM EST   SUNSET   605 PM EST


-  INDICATES NEGATIVE NUMBERS.
R  INDICATES RECORD WAS SET OR TIED.
MM INDICATES DATA IS MISSING.
T  INDICATES TRACE AMOUNT.




$$
