000
CDUS42 KCAE 042215
CLIAGS


CLIMATE REPORT
NATIONAL WEATHER SERVICE COLUMBIA SC
514 PM EST SUN DEC 4 2016


...................................

...THE AUGUSTA BUSH FIELD GA CLIMATE SUMMARY FOR DECEMBER 4 2016...
VALID TODAY AS OF 0500 PM LOCAL TIME.

CLIMATE NORMAL PERIOD 1981 TO 2010
CLIMATE RECORD PERIOD 1873 TO 2016


WEATHER ITEM   OBSERVED TIME   RECORD YEAR NORMAL DEPARTURE LAST
                VALUE   (LST)  VALUE       VALUE  FROM      YEAR
                                                  NORMAL
..................................................................
TEMPERATURE (F)
 TODAY
  MAXIMUM         53   1255 PM  80    1978  63    -10       59
  MINIMUM         48    359 PM  16    1979  37     11       36
                                      1960
  AVERAGE         51                        50      1       48

PRECIPITATION (IN)
  TODAY            0.37          2.59 1953   0.11   0.26     0.00
  MONTH TO DATE    0.38                      0.42  -0.04     0.50
  SINCE DEC 1      0.38                      0.42  -0.04     0.50
  SINCE JAN 1     34.24                     40.60  -6.36    40.97

SNOWFALL (IN)
  TODAY            0.0          MM      MM   0.0             0.0
  MONTH TO DATE    0.0                       0.0             0.0
  SINCE DEC 1      0.0                       0.0             0.0
  SINCE JUL 1      0.0                       0.0             0.0

DEGREE DAYS
 HEATING
  TODAY           14                        15     -1       17
  MONTH TO DATE   59                        60     -1       41
  SINCE DEC 1     59                        60     -1       41
  SINCE JUL 1    330                       482   -152      328

 COOLING
  TODAY            0                         0      0        0
  MONTH TO DATE    0                         0      0        0
  SINCE DEC 1      0                         0      0        0
  SINCE JAN 1   2509                      2086    423     2310
..................................................................


WIND (MPH)
  HIGHEST WIND SPEED    10   HIGHEST WIND DIRECTION     E (80)
  HIGHEST GUST SPEED    13   HIGHEST GUST DIRECTION    NE (60)
  AVERAGE WIND SPEED     5.3


SKY COVER
  AVERAGE SKY COVER 1.0


WEATHER CONDITIONS
 THE FOLLOWING WEATHER WAS RECORDED TODAY.
  RAIN
  LIGHT RAIN
  FOG


RELATIVE HUMIDITY (PERCENT)
 HIGHEST    80          1200 AM
 LOWEST     59          1000 AM
 AVERAGE    70

..........................................................


THE AUGUSTA BUSH FIELD GA CLIMATE NORMALS FOR TOMORROW
                         NORMAL    RECORD    YEAR
 MAXIMUM TEMPERATURE (F)   63        80      1998
 MINIMUM TEMPERATURE (F)   36        17      1969


SUNRISE AND SUNSET
DECEMBER  4 2016......SUNRISE   717 AM EST   SUNSET   520 PM EST
DECEMBER  5 2016......SUNRISE   717 AM EST   SUNSET   520 PM EST


-  INDICATES NEGATIVE NUMBERS.
R  INDICATES RECORD WAS SET OR TIED.
MM INDICATES DATA IS MISSING.
T  INDICATES TRACE AMOUNT.




$$
