000
CDUS42 KCAE 150643
CLIAGS


CLIMATE REPORT
NATIONAL WEATHER SERVICE COLUMBIA SC
143 AM EST FRI DEC 15 2017


...................................

...THE AUGUSTA REGIONAL BUSH FIELD GA CLIMATE SUMMARY FOR DECEMBER 14 2017...

CLIMATE NORMAL PERIOD 1981 TO 2010
CLIMATE RECORD PERIOD 1873 TO 2017


WEATHER ITEM   OBSERVED TIME   RECORD YEAR NORMAL DEPARTURE LAST
                VALUE   (LST)  VALUE       VALUE  FROM      YEAR
                                                  NORMAL
..................................................................
TEMPERATURE (F)
 YESTERDAY
  MAXIMUM         60    307 PM  80    1948  60      0       58
  MINIMUM         38    737 AM  10    2010  35      3       51
  AVERAGE         49                        47      2       55

PRECIPITATION (IN)
  YESTERDAY        0.00          1.54 1900   0.11  -0.11     0.37
  MONTH TO DATE    2.43                      1.47   0.96     3.63
  SINCE DEC 1      2.43                      1.47   0.96     3.63
  SINCE JAN 1     43.28                     41.65   1.63    37.49

SNOWFALL (IN)
  YESTERDAY        0.0          MM      MM   0.0             0.0
  MONTH TO DATE    0.0                       0.0             0.0
  SINCE DEC 1      0.0                       0.0             0.0
  SINCE JUL 1      0.0                       0.0             0.0

DEGREE DAYS
 HEATING
  YESTERDAY       16                        18     -2       10
  MONTH TO DATE  204                       228    -24      201
  SINCE DEC 1    204                       228    -24      201
  SINCE JUL 1    569                       650    -81      472

 COOLING
  YESTERDAY        0                         0      0        0
  MONTH TO DATE    0                         0      0        0
  SINCE DEC 1      0                         0      0        0
  SINCE JAN 1   2703                      2086    617     2509
..................................................................


WIND (MPH)
  HIGHEST WIND SPEED    13   HIGHEST WIND DIRECTION    SW (230)
  HIGHEST GUST SPEED    17   HIGHEST GUST DIRECTION    SW (240)
  AVERAGE WIND SPEED     5.6


SKY COVER
  AVERAGE SKY COVER 0.0


WEATHER CONDITIONS
 THE FOLLOWING WEATHER WAS RECORDED YESTERDAY.
  NO SIGNIFICANT WEATHER WAS OBSERVED.


RELATIVE HUMIDITY (PERCENT)
 HIGHEST    89          1000 PM
 LOWEST     36           300 PM
 AVERAGE    63

..........................................................


THE AUGUSTA REGIONAL BUSH FIELD GA CLIMATE NORMALS FOR TODAY
                         NORMAL    RECORD    YEAR
 MAXIMUM TEMPERATURE (F)   60        79      2008
 MINIMUM TEMPERATURE (F)   34        14      1962


SUNRISE AND SUNSET
DECEMBER 15 2017......SUNRISE   724 AM EST   SUNSET   522 PM EST
DECEMBER 16 2017......SUNRISE   725 AM EST   SUNSET   522 PM EST


-  INDICATES NEGATIVE NUMBERS.
R  INDICATES RECORD WAS SET OR TIED.
MM INDICATES DATA IS MISSING.
T  INDICATES TRACE AMOUNT.




$$
