000
CDUS42 KCAE 240626
CLIAGS


CLIMATE REPORT
NATIONAL WEATHER SERVICE COLUMBIA SC
125 AM EST MON NOV 24 2014


...................................

...THE AUGUSTA REGIONAL BUSH FIELD GA CLIMATE SUMMARY FOR NOVEMBER 23 2014...

CLIMATE NORMAL PERIOD 1981 TO 2010
CLIMATE RECORD PERIOD 1873 TO 2014


WEATHER ITEM   OBSERVED TIME   RECORD YEAR NORMAL DEPARTURE LAST
                VALUE   (LST)  VALUE       VALUE  FROM      YEAR
                                                  NORMAL
..................................................................
TEMPERATURE (F)
 YESTERDAY
  MAXIMUM         69    721 PM  80    2010  67      2       69
                                      1979
                                      1900
  MINIMUM         49    112 AM  21    1956  39     10       50
  AVERAGE         59                        53      6       60

PRECIPITATION (IN)
  YESTERDAY        1.61          4.33 1942   0.10   1.51     0.08
  MONTH TO DATE    2.35                      2.10   0.25     1.02
  SINCE SEP 1      5.22                      8.59  -3.37     2.50
  SINCE JAN 1     33.64                     39.46  -5.82    47.82

SNOWFALL (IN)
  YESTERDAY        0.0          MM      MM   0.0             0.0
  MONTH TO DATE    0.0                       0.0             0.0
  SINCE SEP 1      0.0                       0.0             0.0
  SINCE JUL 1      0.0                       0.0             0.0

DEGREE DAYS
 HEATING
  YESTERDAY        6                        12     -6        5
  MONTH TO DATE  366                       215    151      223
  SINCE SEP 1    457                       329    128      299
  SINCE JUL 1    457                       329    128      299

 COOLING
  YESTERDAY        0                         0      0        0
  MONTH TO DATE    3                        15    -12       10
  SINCE SEP 1    444                       397     47      390
  SINCE JAN 1   2095                      2085     10     1865
..................................................................


WIND (MPH)
  HIGHEST WIND SPEED    25   HIGHEST WIND DIRECTION    SW (220)
  HIGHEST GUST SPEED    37   HIGHEST GUST DIRECTION    SW (210)
  AVERAGE WIND SPEED     7.1


SKY COVER
  AVERAGE SKY COVER 1.0


WEATHER CONDITIONS
 THE FOLLOWING WEATHER WAS RECORDED YESTERDAY.
  THUNDERSTORM
  HEAVY RAIN
  RAIN
  LIGHT RAIN
  FOG


RELATIVE HUMIDITY (PERCENT)
 HIGHEST   100           300 AM
 LOWEST     86          1200 AM
 AVERAGE    93

..........................................................


THE AUGUSTA REGIONAL BUSH FIELD GA CLIMATE NORMALS FOR TODAY
                         NORMAL    RECORD    YEAR
 MAXIMUM TEMPERATURE (F)   67        81      1973
 MINIMUM TEMPERATURE (F)   39        18      1970


SUNRISE AND SUNSET
NOVEMBER 24 2014......SUNRISE   707 AM EST   SUNSET   522 PM EST
NOVEMBER 25 2014......SUNRISE   708 AM EST   SUNSET   521 PM EST


-  INDICATES NEGATIVE NUMBERS.
R  INDICATES RECORD WAS SET OR TIED.
MM INDICATES DATA IS MISSING.
T  INDICATES TRACE AMOUNT.




$$
