315
CDUS42 KCAE 222229
CLIAGS


CLIMATE REPORT
NATIONAL WEATHER SERVICE COLUMBIA SC
529 PM EST WED FEB 22 2017


...................................

...THE AUGUSTA BUSH FIELD GA CLIMATE SUMMARY FOR FEBRUARY 22 2017...
VALID TODAY AS OF 0500 PM LOCAL TIME.

CLIMATE NORMAL PERIOD 1981 TO 2010
CLIMATE RECORD PERIOD 1873 TO 2017


WEATHER ITEM   OBSERVED TIME   RECORD YEAR NORMAL DEPARTURE LAST
                VALUE   (LST)  VALUE       VALUE  FROM      YEAR
                                                  NORMAL
..................................................................
TEMPERATURE (F)
 TODAY
  MAXIMUM         75    323 PM  83    2011  64     11       71
  MINIMUM         57    739 AM  20    1970  37     20       55
                                      1896
  AVERAGE         66                        51     15       63

PRECIPITATION (IN)
  TODAY            0.15          2.81 1962   0.15   0.00     0.01
  MONTH TO DATE    2.05                      3.04  -0.99     2.75
  SINCE DEC 1     16.59                     10.34   6.25    11.33
  SINCE JAN 1     12.18                      6.95   5.23     4.41

SNOWFALL (IN)
  TODAY            0.0           0.7  1968   0.0             0.0
  MONTH TO DATE    0.0                       0.3             0.0
  SINCE DEC 1      T                         0.8             0.5
  SINCE JUL 1      T                         0.8             0.5

DEGREE DAYS
 HEATING
  TODAY            0                        14    -14        2
  MONTH TO DATE  174                       364   -190      356
  SINCE DEC 1    840                      1527   -687     1210
  SINCE JUL 1   1111                      1949   -838     1497

 COOLING
  TODAY            1                         0      1        0
  MONTH TO DATE    7                         0      7        3
  SINCE DEC 1     28                         4     24       50
  SINCE JAN 1     21                         1     20        3
..................................................................


WIND (MPH)
  HIGHEST WIND SPEED    14   HIGHEST WIND DIRECTION    SE (130)
  HIGHEST GUST SPEED    16   HIGHEST GUST DIRECTION    SE (120)
  AVERAGE WIND SPEED     5.0


SKY COVER
  AVERAGE SKY COVER 0.6


WEATHER CONDITIONS
 THE FOLLOWING WEATHER WAS RECORDED TODAY.
  RAIN
  LIGHT RAIN
  FOG
  FOG W/VISIBILITY <= 1/4 MILE


RELATIVE HUMIDITY (PERCENT)
 HIGHEST    93           100 AM
 LOWEST     54           100 PM
 AVERAGE    74

..........................................................


THE AUGUSTA BUSH FIELD GA CLIMATE NORMALS FOR TOMORROW
                         NORMAL    RECORD    YEAR
 MAXIMUM TEMPERATURE (F)   64        82      2012
 MINIMUM TEMPERATURE (F)   38        21      1978
                                             1963


SUNRISE AND SUNSET
FEBRUARY 22 2017......SUNRISE   704 AM EST   SUNSET   619 PM EST
FEBRUARY 23 2017......SUNRISE   703 AM EST   SUNSET   620 PM EST


-  INDICATES NEGATIVE NUMBERS.
R  INDICATES RECORD WAS SET OR TIED.
MM INDICATES DATA IS MISSING.
T  INDICATES TRACE AMOUNT.




$$
