000
CDUS42 KCAE 170542
CLIAGS


CLIMATE REPORT
NATIONAL WEATHER SERVICE COLUMBIA SC
142 AM EDT THU APR 17 2014


...................................

...THE AUGUSTA REGIONAL BUSH FIELD GA CLIMATE SUMMARY FOR APRIL 16 2014...

CLIMATE NORMAL PERIOD 1981 TO 2010
CLIMATE RECORD PERIOD 1873 TO 2014


WEATHER ITEM   OBSERVED TIME   RECORD YEAR NORMAL DEPARTURE LAST
                VALUE   (LST)  VALUE       VALUE  FROM      YEAR
                                                  NORMAL
..................................................................
TEMPERATURE (F)
 YESTERDAY
  MAXIMUM         62    434 PM  90    1896  77    -15       83
                                      1888
  MINIMUM         36    555 AM  31    2008  48    -12       54
  AVERAGE         49                        63    -14       69

PRECIPITATION (IN)
  YESTERDAY        0.00          1.91 1879   0.09  -0.09     0.00
  MONTH TO DATE    1.95                      1.63   0.32     1.22
  SINCE MAR 1      4.51                      5.81  -1.30     4.33
  SINCE JAN 1     10.72                     13.64  -2.92    14.33

SNOWFALL (IN)
  YESTERDAY        0.0          MM      MM   0.0             0.0
  MONTH TO DATE    0.0                       0.0             0.0
  SINCE MAR 1      0.0                       0.0             0.0
  SINCE JUL 1      3.3                       0.9             0.0

DEGREE DAYS
 HEATING
  YESTERDAY       16                         4     12        0
  MONTH TO DATE   60                        83    -23       76
  SINCE MAR 1    460                       379     81      511
  SINCE JUL 1   2622                      2411    211     2315

 COOLING
  YESTERDAY        0                         2     -2        4
  MONTH TO DATE   18                        20     -2       23
  SINCE MAR 1     18                        35    -17       29
  SINCE JAN 1     20                        38    -18       44
..................................................................


WIND (MPH)
  HIGHEST WIND SPEED    20   HIGHEST WIND DIRECTION     E (70)
  HIGHEST GUST SPEED    25   HIGHEST GUST DIRECTION     E (80)
  AVERAGE WIND SPEED     7.9


SKY COVER
  AVERAGE SKY COVER 0.0


WEATHER CONDITIONS
 THE FOLLOWING WEATHER WAS RECORDED YESTERDAY.
  NO SIGNIFICANT WEATHER WAS OBSERVED.


RELATIVE HUMIDITY (PERCENT)
 HIGHEST    76          1000 PM
 LOWEST     25           300 PM
 AVERAGE    51

..........................................................


THE AUGUSTA REGIONAL BUSH FIELD GA CLIMATE NORMALS FOR TODAY
                         NORMAL    RECORD    YEAR
 MAXIMUM TEMPERATURE (F)   78        93      1896
 MINIMUM TEMPERATURE (F)   48        33      1962
                                             1953


SUNRISE AND SUNSET
APRIL 17 2014.........SUNRISE   655 AM EDT   SUNSET   800 PM EDT
APRIL 18 2014.........SUNRISE   654 AM EDT   SUNSET   801 PM EDT


-  INDICATES NEGATIVE NUMBERS.
R  INDICATES RECORD WAS SET OR TIED.
MM INDICATES DATA IS MISSING.
T  INDICATES TRACE AMOUNT.




$$
