000
CDUS42 KCAE 270643
CLIAGS


CLIMATE REPORT
NATIONAL WEATHER SERVICE COLUMBIA SC
243 AM EDT FRI MAR 27 2015


...................................

...THE AUGUSTA REGIONAL BUSH FIELD GA CLIMATE SUMMARY FOR MARCH 26 2015...

CLIMATE NORMAL PERIOD 1981 TO 2010
CLIMATE RECORD PERIOD 1873 TO 2015


WEATHER ITEM   OBSERVED TIME   RECORD YEAR NORMAL DEPARTURE LAST
                VALUE   (LST)  VALUE       VALUE  FROM      YEAR
                                                  NORMAL
..................................................................
TEMPERATURE (F)
 YESTERDAY
  MAXIMUM         77    237 PM  89    1929  73      4       57
  MINIMUM         58   1213 AM  27    2014  44     14       27
                                      2006
  AVERAGE         68                        58     10       42

PRECIPITATION (IN)
  YESTERDAY        0.00          2.60 1901   0.13  -0.13     0.00
  MONTH TO DATE    2.95                      3.55  -0.60     2.20
  SINCE MAR 1      2.95                      3.55  -0.60     2.20
  SINCE JAN 1      9.75                     11.38  -1.63     8.41

SNOWFALL (IN)
  YESTERDAY        0.0          MM      MM   0.0             0.0
  MONTH TO DATE    0.0                       0.0             0.0
  SINCE MAR 1      0.0                       0.0             0.0
  SINCE JUL 1      T                         0.9             3.3

DEGREE DAYS
 HEATING
  YESTERDAY        0                         7     -7       23
  MONTH TO DATE  155                       262   -107      353
  SINCE MAR 1    155                       262   -107      353
  SINCE JUL 1   2441                      2294    147     2515

 COOLING
  YESTERDAY        3                         1      2        0
  MONTH TO DATE   12                        12      0        0
  SINCE MAR 1     12                        12      0        0
  SINCE JAN 1     12                        15     -3        2
..................................................................


WIND (MPH)
  HIGHEST WIND SPEED    17   HIGHEST WIND DIRECTION     W (260)
  HIGHEST GUST SPEED    23   HIGHEST GUST DIRECTION     W (250)
  AVERAGE WIND SPEED     8.1


SKY COVER
  AVERAGE SKY COVER 0.7


WEATHER CONDITIONS
 THE FOLLOWING WEATHER WAS RECORDED YESTERDAY.
  FOG


RELATIVE HUMIDITY (PERCENT)
 HIGHEST    93          1200 AM
 LOWEST     50           100 PM
 AVERAGE    72

..........................................................


THE AUGUSTA REGIONAL BUSH FIELD GA CLIMATE NORMALS FOR TODAY
                         NORMAL    RECORD    YEAR
 MAXIMUM TEMPERATURE (F)   73        88      1994
                                             1921
 MINIMUM TEMPERATURE (F)   44        22      1955


SUNRISE AND SUNSET
MARCH 27 2015.........SUNRISE   723 AM EDT   SUNSET   744 PM EDT
MARCH 28 2015.........SUNRISE   721 AM EDT   SUNSET   745 PM EDT


-  INDICATES NEGATIVE NUMBERS.
R  INDICATES RECORD WAS SET OR TIED.
MM INDICATES DATA IS MISSING.
T  INDICATES TRACE AMOUNT.




$$
