000
CDUS42 KFFC 050819
CLIAHN


CLIMATE REPORT
NATIONAL WEATHER SERVICE PEACHTREE CITY GA
419 AM EDT SUN JUL 5 2015


...................................

...THE ATHENS CLIMATE SUMMARY FOR JULY 4 2015...

CLIMATE NORMAL PERIOD 1981 TO 2010
CLIMATE RECORD PERIOD 1898 TO 2015


WEATHER ITEM   OBSERVED TIME   RECORD YEAR NORMAL DEPARTURE LAST
                VALUE   (LST)  VALUE       VALUE  FROM      YEAR
                                                  NORMAL
..................................................................
TEMPERATURE (F)
 YESTERDAY
  MAXIMUM         85    406 PM 102    1925  91     -6       89
  MINIMUM         68    647 AM  57    1996  69     -1       65
  AVERAGE         77                        80     -3       77

PRECIPITATION (IN)
  YESTERDAY        0.30          2.20 1884   0.14   0.16     0.00
  MONTH TO DATE    3.37                      0.58   2.79     0.00
  SINCE JUN 1      6.13                      4.76   1.37     3.74
  SINCE JAN 1     26.53                     23.87   2.66    23.38

DEGREE DAYS
 COOLING
  YESTERDAY       12                        15     -3       12
  MONTH TO DATE   46                        60    -14       66
  SINCE JUN 1    516                       438     78      484
  SINCE JAN 1    841                       678    163      754
..................................................................


WIND (MPH)
  RESULTANT WIND SPEED   3   RESULTANT WIND DIRECTION   S (170)
  HIGHEST WIND SPEED    13   HIGHEST WIND DIRECTION     W (250)
  HIGHEST GUST SPEED    24   HIGHEST GUST DIRECTION    SW (240)
  AVERAGE WIND SPEED     5.2


SKY COVER
  POSSIBLE SUNSHINE  MM
  AVERAGE SKY COVER 0.3


WEATHER CONDITIONS
 THE FOLLOWING WEATHER WAS RECORDED YESTERDAY.
  THUNDERSTORM
  HEAVY RAIN
  RAIN
  LIGHT RAIN
  FOG


RELATIVE HUMIDITY (PERCENT)
 HIGHEST   100           300 AM
 LOWEST     55           300 PM
 AVERAGE    78

..........................................................


THE ATHENS CLIMATE NORMALS FOR TODAY
                         NORMAL    RECORD    YEAR
 MAXIMUM TEMPERATURE (F)   91       101      1954
 MINIMUM TEMPERATURE (F)   69        58      1933


SUNRISE AND SUNSET
JULY  5 2015..........SUNRISE   628 AM EDT   SUNSET   848 PM EDT
JULY  6 2015..........SUNRISE   628 AM EDT   SUNSET   848 PM EDT


-  INDICATES NEGATIVE NUMBERS.
R  INDICATES RECORD WAS SET OR TIED.
MM INDICATES DATA IS MISSING.
T  INDICATES TRACE AMOUNT.




$$
