000
CDUS42 KFFC 230829
CLIAHN


CLIMATE REPORT
NATIONAL WEATHER SERVICE PEACHTREE CITY GA
427 AM EDT THU MAR 23 2017


...................................

...THE ATHENS CLIMATE SUMMARY FOR MARCH 22 2017...

CLIMATE NORMAL PERIOD 1981 TO 2010
CLIMATE RECORD PERIOD 1898 TO 2017


WEATHER ITEM   OBSERVED TIME   RECORD YEAR NORMAL DEPARTURE LAST
                VALUE   (LST)  VALUE       VALUE  FROM      YEAR
                                                  NORMAL
..................................................................
TEMPERATURE (F)
 YESTERDAY
  MAXIMUM         73    403 PM  87    1935  68      5       70
  MINIMUM         54   1159 PM  24    1965  44     10       32
  AVERAGE         64                        56      8       51

PRECIPITATION (IN)
  YESTERDAY        0.00          2.32 1929   0.13  -0.13     0.00
  MONTH TO DATE    3.52                      3.21   0.31     1.26
  SINCE MAR 1      3.52                      3.21   0.31     1.26
  SINCE JAN 1     11.22                     11.74  -0.52     9.43

SNOWFALL (IN)
  YESTERDAY        0.0           0.0  2002   0.0    0.0      0.0
                                      2001
                                      2000
  MONTH TO DATE    0.0                       0.6   -0.6      0.0
  SINCE MAR 1      0.0                       0.6   -0.6      0.0
  SINCE JUL 1      0.0                       2.7   -2.7      0.1
  SNOW DEPTH       0

DEGREE DAYS
 HEATING
  YESTERDAY        1                         9     -8       14
  MONTH TO DATE  269                       264      5      153
  SINCE MAR 1    269                       264      5      153
  SINCE JUL 1   1793                      2519   -726     1996

 COOLING
  YESTERDAY        0                         0      0        0
  MONTH TO DATE    9                         0      9       34
  SINCE MAR 1      9                         0      9       34
  SINCE JAN 1     18                         1     17       34
..................................................................


WIND (MPH)
  RESULTANT WIND SPEED   1   RESULTANT WIND DIRECTION   N (10)
  HIGHEST WIND SPEED    14   HIGHEST WIND DIRECTION     E (90)
  HIGHEST GUST SPEED    20   HIGHEST GUST DIRECTION     E (90)
  AVERAGE WIND SPEED     5.5


SKY COVER
  POSSIBLE SUNSHINE  MM
  AVERAGE SKY COVER 0.2


WEATHER CONDITIONS
 THE FOLLOWING WEATHER WAS RECORDED YESTERDAY.
  NO SIGNIFICANT WEATHER WAS OBSERVED.


RELATIVE HUMIDITY (PERCENT)
 HIGHEST   100          1200 AM
 LOWEST     47           300 PM
 AVERAGE    74

..........................................................


THE ATHENS CLIMATE NORMALS FOR TODAY
                         NORMAL    RECORD    YEAR
 MAXIMUM TEMPERATURE (F)   68        86      1995
                                             1935
                                             1907
 MINIMUM TEMPERATURE (F)   44        22      1888
                                             1885


SUNRISE AND SUNSET
MARCH 23 2017.........SUNRISE   733 AM EDT   SUNSET   747 PM EDT
MARCH 24 2017.........SUNRISE   731 AM EDT   SUNSET   748 PM EDT


-  INDICATES NEGATIVE NUMBERS.
R  INDICATES RECORD WAS SET OR TIED.
MM INDICATES DATA IS MISSING.
T  INDICATES TRACE AMOUNT.




$$
