000
CDUS42 KFFC 240818
CLIAHN


CLIMATE REPORT
NATIONAL WEATHER SERVICE PEACHTREE CITY GA
418 AM EDT THU JUL 24 2014


...................................

...THE ATHENS CLIMATE SUMMARY FOR JULY 23 2014...

CLIMATE NORMAL PERIOD 1981 TO 2010
CLIMATE RECORD PERIOD 1898 TO 2014


WEATHER ITEM   OBSERVED TIME   RECORD YEAR NORMAL DEPARTURE LAST
                VALUE   (LST)  VALUE       VALUE  FROM      YEAR
                                                  NORMAL
..................................................................
TEMPERATURE (F)
 YESTERDAY
  MAXIMUM         91    134 PM 104    1924  92     -1       86
  MINIMUM         72    548 AM  60    1966  70      2       70
  AVERAGE         82                        81      1       78

PRECIPITATION (IN)
  YESTERDAY        0.03          2.11 2000   0.14  -0.11     0.00
  MONTH TO DATE    4.20                      3.34   0.86     8.55
  SINCE JUN 1      7.94                      7.52   0.42    16.76
  SINCE JAN 1     27.58                     26.63   0.95    39.84

DEGREE DAYS
 COOLING
  YESTERDAY       17                        16      1       13
  MONTH TO DATE  338                       361    -23      300
  SINCE JUN 1    756                       739     17      667
  SINCE JAN 1   1026                       979     47      846
..................................................................


WIND (MPH)
  RESULTANT WIND SPEED   0   RESULTANT WIND DIRECTION  SE (150)
  HIGHEST WIND SPEED     8   HIGHEST WIND DIRECTION    NW (300)
  HIGHEST GUST SPEED    13   HIGHEST GUST DIRECTION     W (260)
  AVERAGE WIND SPEED     1.9


SKY COVER
  POSSIBLE SUNSHINE  MM
  AVERAGE SKY COVER 0.5


WEATHER CONDITIONS
 THE FOLLOWING WEATHER WAS RECORDED YESTERDAY.
  LIGHT RAIN
  FOG


RELATIVE HUMIDITY (PERCENT)
 HIGHEST    94          1000 PM
 LOWEST     52           300 PM
 AVERAGE    73

..........................................................


THE ATHENS CLIMATE NORMALS FOR TODAY
                         NORMAL    RECORD    YEAR
 MAXIMUM TEMPERATURE (F)   91       102      1952
 MINIMUM TEMPERATURE (F)   70        60      1947


SUNRISE AND SUNSET
JULY 24 2014..........SUNRISE   639 AM EDT   SUNSET   840 PM EDT
JULY 25 2014..........SUNRISE   640 AM EDT   SUNSET   839 PM EDT


-  INDICATES NEGATIVE NUMBERS.
R  INDICATES RECORD WAS SET OR TIED.
MM INDICATES DATA IS MISSING.
T  INDICATES TRACE AMOUNT.




$$
