000
CDUS42 KFFC 190817
CLIAHN


CLIMATE REPORT
NATIONAL WEATHER SERVICE PEACHTREE CITY GA
417 AM EDT THU OCT 19 2017


...................................

...THE ATHENS CLIMATE SUMMARY FOR OCTOBER 18 2017...

CLIMATE NORMAL PERIOD 1981 TO 2010
CLIMATE RECORD PERIOD 1898 TO 2017


WEATHER ITEM   OBSERVED TIME   RECORD YEAR NORMAL DEPARTURE LAST
                VALUE   (LST)  VALUE       VALUE  FROM      YEAR
                                                  NORMAL
..................................................................
TEMPERATURE (F)
 YESTERDAY
  MAXIMUM         71    348 PM  88    2016  74     -3       88
  MINIMUM         42    700 AM  31    1943  51     -9       59
  AVERAGE         57                        62     -5       74

PRECIPITATION (IN)
  YESTERDAY        0.00          1.31 2011   0.10  -0.10     0.00
  MONTH TO DATE    2.90                      2.21   0.69     0.03
  SINCE SEP 1      7.09                      6.15   0.94     1.25
  SINCE JAN 1     49.08                     37.44  11.64    32.22

SNOWFALL (IN)
  YESTERDAY        0.0           0.0  2002   0.0    0.0      0.0
                                      2001
                                      2000
  MONTH TO DATE    0.0                       0.0    0.0      0.0
  SINCE SEP 1      0.0                       0.0    0.0      0.0
  SINCE JUL 1      0.0                       0.0    0.0      0.0
  SNOW DEPTH       0

DEGREE DAYS
 HEATING
  YESTERDAY        8                         4      4        0
  MONTH TO DATE   16                        50    -34       11
  SINCE SEP 1     25                        60    -35       11
  SINCE JUL 1     25                        60    -35       11

 COOLING
  YESTERDAY        0                         1     -1        9
  MONTH TO DATE  111                        49     62       84
  SINCE SEP 1    354                       309     45      470
  SINCE JAN 1   1993                      1864    129     2384
..................................................................


WIND (MPH)
  RESULTANT WIND SPEED   5   RESULTANT WIND DIRECTION   E (80)
  HIGHEST WIND SPEED    12   HIGHEST WIND DIRECTION     E (70)
  HIGHEST GUST SPEED    19   HIGHEST GUST DIRECTION    NE (60)
  AVERAGE WIND SPEED     4.7


SKY COVER
  POSSIBLE SUNSHINE  MM
  AVERAGE SKY COVER 0.0


WEATHER CONDITIONS
 THE FOLLOWING WEATHER WAS RECORDED YESTERDAY.
  NO SIGNIFICANT WEATHER WAS OBSERVED.


RELATIVE HUMIDITY (PERCENT)
 HIGHEST   100           100 AM
 LOWEST     35           300 PM
 AVERAGE    68

..........................................................


THE ATHENS CLIMATE NORMALS FOR TODAY
                         NORMAL    RECORD    YEAR
 MAXIMUM TEMPERATURE (F)   73        91      2016
 MINIMUM TEMPERATURE (F)   50        33      2009


SUNRISE AND SUNSET
OCTOBER 19 2017.......SUNRISE   742 AM EDT   SUNSET   654 PM EDT
OCTOBER 20 2017.......SUNRISE   743 AM EDT   SUNSET   653 PM EDT


-  INDICATES NEGATIVE NUMBERS.
R  INDICATES RECORD WAS SET OR TIED.
MM INDICATES DATA IS MISSING.
T  INDICATES TRACE AMOUNT.




$$
