000
CDUS42 KFFC 300823
CLIAHN


CLIMATE REPORT
NATIONAL WEATHER SERVICE PEACHTREE CITY GA
422 AM EDT WED JUL 30 2014


...................................

...THE ATHENS CLIMATE SUMMARY FOR JULY 29 2014...

CLIMATE NORMAL PERIOD 1981 TO 2010
CLIMATE RECORD PERIOD 1898 TO 2014


WEATHER ITEM   OBSERVED TIME   RECORD YEAR NORMAL DEPARTURE LAST
                VALUE   (LST)  VALUE       VALUE  FROM      YEAR
                                                  NORMAL
..................................................................
TEMPERATURE (F)
 YESTERDAY
  MAXIMUM         87    326 PM 103    1952  91     -4       87
  MINIMUM         65    613 AM  60    1911  70     -5       67
  AVERAGE         76                        81     -5       77

PRECIPITATION (IN)
  YESTERDAY        0.00          7.20 1887   0.14  -0.14     0.00
  MONTH TO DATE    4.20                      4.19   0.01     9.14
  SINCE JUN 1      7.94                      8.37  -0.43    17.35
  SINCE JAN 1     27.58                     27.48   0.10    40.43

DEGREE DAYS
 COOLING
  YESTERDAY       11                        16     -5       12
  MONTH TO DATE  432                       457    -25      381
  SINCE JUN 1    850                       835     15      748
  SINCE JAN 1   1120                      1075     45      927
..................................................................


WIND (MPH)
  RESULTANT WIND SPEED   3   RESULTANT WIND DIRECTION  NW (320)
  HIGHEST WIND SPEED    10   HIGHEST WIND DIRECTION    NW (300)
  HIGHEST GUST SPEED    16   HIGHEST GUST DIRECTION    NW (320)
  AVERAGE WIND SPEED     5.0


SKY COVER
  POSSIBLE SUNSHINE  MM
  AVERAGE SKY COVER 0.2


WEATHER CONDITIONS
 THE FOLLOWING WEATHER WAS RECORDED YESTERDAY.
  NO SIGNIFICANT WEATHER WAS OBSERVED.


RELATIVE HUMIDITY (PERCENT)
 HIGHEST    87           600 AM
 LOWEST     32           300 PM
 AVERAGE    60

..........................................................


THE ATHENS CLIMATE NORMALS FOR TODAY
                         NORMAL    RECORD    YEAR
 MAXIMUM TEMPERATURE (F)   91       102      1999
                                             1915
 MINIMUM TEMPERATURE (F)   70        60      1925


SUNRISE AND SUNSET
JULY 30 2014..........SUNRISE   643 AM EDT   SUNSET   836 PM EDT
JULY 31 2014..........SUNRISE   644 AM EDT   SUNSET   835 PM EDT


-  INDICATES NEGATIVE NUMBERS.
R  INDICATES RECORD WAS SET OR TIED.
MM INDICATES DATA IS MISSING.
T  INDICATES TRACE AMOUNT.




$$
