000
CDUS42 KFFC 180821
CLIAHN


CLIMATE REPORT
NATIONAL WEATHER SERVICE PEACHTREE CITY GA
421 AM EDT THU SEP 18 2014


...................................

...THE ATHENS CLIMATE SUMMARY FOR SEPTEMBER 17 2014...

CLIMATE NORMAL PERIOD 1981 TO 2010
CLIMATE RECORD PERIOD 1898 TO 2014


WEATHER ITEM   OBSERVED TIME   RECORD YEAR NORMAL DEPARTURE LAST
                VALUE   (LST)  VALUE       VALUE  FROM      YEAR
                                                  NORMAL
..................................................................
TEMPERATURE (F)
 YESTERDAY
  MAXIMUM         87    324 PM 101    1931  84      3       77
                                      1927
  MINIMUM         68   1159 PM  49    2001  62      6       67
                                      1985
  AVERAGE         78                        73      5       72

PRECIPITATION (IN)
  YESTERDAY        0.00          2.38 1975   0.13  -0.13     0.00
  MONTH TO DATE    4.63                      2.05   2.58     0.34
  SINCE SEP 1      4.63                      2.05   2.58     0.34
  SINCE JAN 1     34.12                     33.34   0.78    46.50

DEGREE DAYS
 HEATING
  YESTERDAY        0                         0      0        0
  MONTH TO DATE    0                         0      0        0
  SINCE SEP 1      0                         0      0        0
  SINCE JUL 1      0                         0      0        3

 COOLING
  YESTERDAY       13                         8      5        7
  MONTH TO DATE  242                       179     63      208
  SINCE SEP 1    242                       179     63      208
  SINCE JAN 1   1827                      1734     93     1535
..................................................................


WIND (MPH)
  RESULTANT WIND SPEED   1   RESULTANT WIND DIRECTION   N (20)
  HIGHEST WIND SPEED     8   HIGHEST WIND DIRECTION     E (90)
  HIGHEST GUST SPEED    10   HIGHEST GUST DIRECTION     E (70)
  AVERAGE WIND SPEED     3.5


SKY COVER
  POSSIBLE SUNSHINE  MM
  AVERAGE SKY COVER 0.2


WEATHER CONDITIONS
 THE FOLLOWING WEATHER WAS RECORDED YESTERDAY.
  NO SIGNIFICANT WEATHER WAS OBSERVED.


RELATIVE HUMIDITY (PERCENT)
 HIGHEST    90           300 AM
 LOWEST     44           400 PM
 AVERAGE    67

..........................................................


THE ATHENS CLIMATE NORMALS FOR TODAY
                         NORMAL    RECORD    YEAR
 MAXIMUM TEMPERATURE (F)   83       105      1931
 MINIMUM TEMPERATURE (F)   62        47      1903


SUNRISE AND SUNSET
SEPTEMBER 18 2014.....SUNRISE   719 AM EDT   SUNSET   736 PM EDT
SEPTEMBER 19 2014.....SUNRISE   719 AM EDT   SUNSET   734 PM EDT


-  INDICATES NEGATIVE NUMBERS.
R  INDICATES RECORD WAS SET OR TIED.
MM INDICATES DATA IS MISSING.
T  INDICATES TRACE AMOUNT.




$$
