000
CDUS42 KFFC 020819
CLIAHN


CLIMATE REPORT
NATIONAL WEATHER SERVICE PEACHTREE CITY GA
419 AM EDT WED SEP 2 2015


...................................

...THE ATHENS CLIMATE SUMMARY FOR SEPTEMBER 1 2015...

CLIMATE NORMAL PERIOD 1981 TO 2010
CLIMATE RECORD PERIOD 1898 TO 2015


WEATHER ITEM   OBSERVED TIME   RECORD YEAR NORMAL DEPARTURE LAST
                VALUE   (LST)  VALUE       VALUE  FROM      YEAR
                                                  NORMAL
..................................................................
TEMPERATURE (F)
 YESTERDAY
  MAXIMUM         89    450 PM  99    1957  88      1       96
                                      1912
  MINIMUM         67    618 AM  56    1946  67      0       71
  AVERAGE         78                        78      0       84

PRECIPITATION (IN)
  YESTERDAY        0.00          2.90 1893   0.11  -0.11      T
  MONTH TO DATE    0.00                      0.11  -0.11      T
  SINCE SEP 1      0.00                      0.11  -0.11      T
  SINCE JAN 1     35.02                     31.40   3.62    29.49

DEGREE DAYS
 COOLING
  YESTERDAY       13                        13      0       19
  MONTH TO DATE   13                        13      0       19
  SINCE SEP 1     13                        13      0       19
  SINCE JAN 1   1810                      1568    242     1604
..................................................................


WIND (MPH)
  RESULTANT WIND SPEED   0   RESULTANT WIND DIRECTION   N (0)
  HIGHEST WIND SPEED     6   HIGHEST WIND DIRECTION     E (70)
  HIGHEST GUST SPEED     8   HIGHEST GUST DIRECTION     E (80)
  AVERAGE WIND SPEED     0.9


SKY COVER
  POSSIBLE SUNSHINE  MM
  AVERAGE SKY COVER 0.1


WEATHER CONDITIONS
 THE FOLLOWING WEATHER WAS RECORDED YESTERDAY.
  FOG
  HAZE


RELATIVE HUMIDITY (PERCENT)
 HIGHEST    97          1200 AM
 LOWEST     46           500 PM
 AVERAGE    72

..........................................................


THE ATHENS CLIMATE NORMALS FOR TODAY
                         NORMAL    RECORD    YEAR
 MAXIMUM TEMPERATURE (F)   88        99      1957
                                             1925
                                             1921
 MINIMUM TEMPERATURE (F)   67        55      1967


SUNRISE AND SUNSET
SEPTEMBER  2 2015.....SUNRISE   707 AM EDT   SUNSET   758 PM EDT
SEPTEMBER  3 2015.....SUNRISE   708 AM EDT   SUNSET   757 PM EDT


-  INDICATES NEGATIVE NUMBERS.
R  INDICATES RECORD WAS SET OR TIED.
MM INDICATES DATA IS MISSING.
T  INDICATES TRACE AMOUNT.




$$
