000
CDUS42 KFFC 230816
CLIAHN


CLIMATE REPORT
NATIONAL WEATHER SERVICE PEACHTREE CITY GA
416 AM EDT SUN APR 23 2017


...................................

...THE ATHENS CLIMATE SUMMARY FOR APRIL 22 2017...

CLIMATE NORMAL PERIOD 1981 TO 2010
CLIMATE RECORD PERIOD 1898 TO 2017


WEATHER ITEM   OBSERVED TIME   RECORD YEAR NORMAL DEPARTURE LAST
                VALUE   (LST)  VALUE       VALUE  FROM      YEAR
                                                  NORMAL
..................................................................
TEMPERATURE (F)
 YESTERDAY
  MAXIMUM         85    352 PM  87    1987  76      9       72
  MINIMUM         60    530 AM  34    1978  51      9       59
  AVERAGE         73                        63     10       66

PRECIPITATION (IN)
  YESTERDAY        0.00          1.77 1931   0.10  -0.10     0.04
  MONTH TO DATE    4.31                      2.33   1.98     1.98
  SINCE MAR 1      8.62                      6.76   1.86     3.93
  SINCE JAN 1     16.32                     15.29   1.03    12.10

SNOWFALL (IN)
  YESTERDAY        0.0           0.0  2002   0.0    0.0      0.0
                                      2001
                                      2000
  MONTH TO DATE    0.0                       0.1   -0.1      0.0
  SINCE MAR 1      0.0                       0.9   -0.9      0.0
  SINCE JUL 1      0.0                       3.0   -3.0      0.1
  SNOW DEPTH       0

DEGREE DAYS
 HEATING
  YESTERDAY        0                         4     -4        0
  MONTH TO DATE   47                       123    -76      110
  SINCE MAR 1    328                       463   -135      297
  SINCE JUL 1   1852                      2718   -866     2140

 COOLING
  YESTERDAY        8                         2      6        1
  MONTH TO DATE   78                        28     50       15
  SINCE MAR 1    116                        38     78       52
  SINCE JAN 1    125                        39     86       52
..................................................................


WIND (MPH)
  RESULTANT WIND SPEED   2   RESULTANT WIND DIRECTION  SW (230)
  HIGHEST WIND SPEED    16   HIGHEST WIND DIRECTION     W (260)
  HIGHEST GUST SPEED    25   HIGHEST GUST DIRECTION     W (250)
  AVERAGE WIND SPEED     5.3


SKY COVER
  POSSIBLE SUNSHINE  MM
  AVERAGE SKY COVER 0.3


WEATHER CONDITIONS
 THE FOLLOWING WEATHER WAS RECORDED YESTERDAY.
  NO SIGNIFICANT WEATHER WAS OBSERVED.


RELATIVE HUMIDITY (PERCENT)
 HIGHEST    90           600 AM
 LOWEST     34           200 PM
 AVERAGE    62

..........................................................


THE ATHENS CLIMATE NORMALS FOR TODAY
                         NORMAL    RECORD    YEAR
 MAXIMUM TEMPERATURE (F)   76        94      1925
 MINIMUM TEMPERATURE (F)   51        33      1986


SUNRISE AND SUNSET
APRIL 23 2017.........SUNRISE   653 AM EDT   SUNSET   811 PM EDT
APRIL 24 2017.........SUNRISE   651 AM EDT   SUNSET   812 PM EDT


-  INDICATES NEGATIVE NUMBERS.
R  INDICATES RECORD WAS SET OR TIED.
MM INDICATES DATA IS MISSING.
T  INDICATES TRACE AMOUNT.




$$
