000
CDUS42 KFFC 040918
CLIAHN


CLIMATE REPORT
NATIONAL WEATHER SERVICE PEACHTREE CITY GA
418 AM EST SUN DEC 4 2016


...................................

...THE ATHENS CLIMATE SUMMARY FOR DECEMBER 3 2016...

CLIMATE NORMAL PERIOD 1981 TO 2010
CLIMATE RECORD PERIOD 1898 TO 2016


WEATHER ITEM   OBSERVED TIME   RECORD YEAR NORMAL DEPARTURE LAST
                VALUE   (LST)  VALUE       VALUE  FROM      YEAR
                                                  NORMAL
..................................................................
TEMPERATURE (F)
 YESTERDAY
  MAXIMUM         57    252 PM  77    1982  59     -2       53
  MINIMUM         36    731 AM  18    1960  37     -1       38
                                      1935
  AVERAGE         47                        48     -1       46

PRECIPITATION (IN)
  YESTERDAY        0.05          3.38 1905   0.13  -0.08     0.00
  MONTH TO DATE    0.05                      0.38  -0.33     0.06
  SINCE DEC 1      0.05                      0.38  -0.33     0.06
  SINCE JAN 1     34.51                     42.98  -8.47    52.86

SNOWFALL (IN)
  YESTERDAY        0.0           0.0  2001   0.0    0.0      0.0
  MONTH TO DATE    0.0                       0.0    0.0      0.0
  SINCE DEC 1      0.0                       0.0    0.0      0.0
  SINCE JUL 1      0.0                       0.0    0.0      0.0
  SNOW DEPTH       0

DEGREE DAYS
 HEATING
  YESTERDAY       18                        17      1       19
  MONTH TO DATE   47                        50     -3       38
  SINCE DEC 1     47                        50     -3       38
  SINCE JUL 1    333                       530   -197      398
..................................................................


WIND (MPH)
  RESULTANT WIND SPEED   1   RESULTANT WIND DIRECTION   E (90)
  HIGHEST WIND SPEED    10   HIGHEST WIND DIRECTION     E (80)
  HIGHEST GUST SPEED    12   HIGHEST GUST DIRECTION     E (70)
  AVERAGE WIND SPEED     2.3


SKY COVER
  POSSIBLE SUNSHINE  MM
  AVERAGE SKY COVER 0.3


WEATHER CONDITIONS
 THE FOLLOWING WEATHER WAS RECORDED YESTERDAY.
  LIGHT RAIN


RELATIVE HUMIDITY (PERCENT)
 HIGHEST    93           800 PM
 LOWEST     39           300 PM
 AVERAGE    66

..........................................................


THE ATHENS CLIMATE NORMALS FOR TODAY
                         NORMAL    RECORD    YEAR
 MAXIMUM TEMPERATURE (F)   59        75      1998
                                             1982
                                             1956
 MINIMUM TEMPERATURE (F)   37        20      1979
                                             1929


SUNRISE AND SUNSET
DECEMBER  4 2016......SUNRISE   723 AM EST   SUNSET   524 PM EST
DECEMBER  5 2016......SUNRISE   724 AM EST   SUNSET   524 PM EST


-  INDICATES NEGATIVE NUMBERS.
R  INDICATES RECORD WAS SET OR TIED.
MM INDICATES DATA IS MISSING.
T  INDICATES TRACE AMOUNT.




$$
