000
CDUS45 KCYS 300729
CLIAIA


CLIMATE REPORT
NATIONAL WEATHER SERVICE CHEYENNE WY
129 AM MDT MON MAY 30 2016


...................................

...THE ALLIANCE NE AIRPORT CLIMATE SUMMARY FOR MAY 29 2016...

CLIMATE NORMAL PERIOD 1981 TO 2010
CLIMATE RECORD PERIOD 1896 TO 2016


WEATHER ITEM   OBSERVED TIME   RECORD YEAR NORMAL DEPARTURE LAST
                VALUE   (LST)  VALUE       VALUE  FROM      YEAR
                                                  NORMAL
..................................................................
TEMPERATURE (F)
 YESTERDAY
  MAXIMUM         79    327 PM  97    2003  74      5       56
  MINIMUM         37    442 AM  19    1947  44     -7       35
  AVERAGE         58                        59     -1       46

PRECIPITATION (IN)
  YESTERDAY        0.00          1.42 1982   0.12  -0.12     1.09
  MONTH TO DATE    1.59                      2.39  -0.80     9.08
  SINCE JAN 1      7.25                      5.25   2.00    12.51

DEGREE DAYS
 HEATING
  YESTERDAY        7                         7      0       19
  MONTH TO DATE  391                       315     76      388
  SINCE MAR 1   1772                      1800    -28     1656
  SINCE JUL 1   6847                      7204   -357     6883

 COOLING
  YESTERDAY        0                         1     -1        0
  MONTH TO DATE    0                         4     -4        0
  SINCE MAR 1      0                         4     -4        0
  SINCE JAN 1      0                         4     -4        0
..................................................................


WIND (MPH)
  HIGHEST WIND SPEED    15   HIGHEST WIND DIRECTION    SW (230)
  HIGHEST GUST SPEED    18   HIGHEST GUST DIRECTION    SW (220)
  AVERAGE WIND SPEED     5.9


SKY COVER
  AVERAGE SKY COVER 0.1


WEATHER CONDITIONS
 THE FOLLOWING WEATHER WAS RECORDED YESTERDAY.
  FOG
  FOG W/VISIBILITY <= 1/4 MILE
  HAZE


RELATIVE HUMIDITY (PERCENT)
 HIGHEST   100           200 AM
 LOWEST     28           400 PM
 AVERAGE    64

..........................................................


THE ALLIANCE NE AIRPORT CLIMATE NORMALS FOR TODAY
                         NORMAL    RECORD    YEAR
 MAXIMUM TEMPERATURE (F)   75        97      2002
 MINIMUM TEMPERATURE (F)   45        28      1947


SUNRISE AND SUNSET
MAY 30 2016...........SUNRISE   519 AM MDT   SUNSET   819 PM MDT
MAY 31 2016...........SUNRISE   518 AM MDT   SUNSET   820 PM MDT


-  INDICATES NEGATIVE NUMBERS.
R  INDICATES RECORD WAS SET OR TIED.
MM INDICATES DATA IS MISSING.
T  INDICATES TRACE AMOUNT.




$$
