000
CDUS45 KCYS 250326
CLIAIA


CLIMATE REPORT
NATIONAL WEATHER SERVICE CHEYENNE WY
926 PM MDT SUN JUL 24 2016


...................................

...THE ALLIANCE NE AIRPORT CLIMATE SUMMARY FOR JULY 24 2016...
VALID TODAY AS OF 0900 PM LOCAL TIME.

CLIMATE NORMAL PERIOD 1981 TO 2010
CLIMATE RECORD PERIOD 1896 TO 2016


WEATHER ITEM   OBSERVED TIME   RECORD YEAR NORMAL DEPARTURE LAST
                VALUE   (LST)  VALUE       VALUE  FROM      YEAR
                                                  NORMAL
..................................................................
TEMPERATURE (F)
 TODAY
  MAXIMUM         83    155 PM 105    2014  89     -6       92
                                      1940
  MINIMUM         57    511 AM  43    1911  57      0       52
  AVERAGE         70                        73     -3       72

PRECIPITATION (IN)
  TODAY            0.00          1.65 1923   0.05  -0.05     0.00
  MONTH TO DATE    1.72                      1.90  -0.18     2.19
  SINCE JAN 1     11.28                     10.29   0.99    17.39

DEGREE DAYS
 HEATING
  TODAY            0                         0      0        0
  MONTH TO DATE    3                         5     -2       12
  SINCE JUN 1     26                        98    -72       21
  SINCE JUL 1      3                         5     -2       12

 COOLING
  TODAY            5                         9     -4        7
  MONTH TO DATE  182                       175      7      129
  SINCE JUN 1    356                       263     93      233
  SINCE JAN 1    356                       273     83      233
..................................................................


WIND (MPH)
  HIGHEST WIND SPEED    23   HIGHEST WIND DIRECTION    SE (140)
  HIGHEST GUST SPEED    30   HIGHEST GUST DIRECTION     E (100)
  AVERAGE WIND SPEED    11.1


SKY COVER
  AVERAGE SKY COVER 0.1


WEATHER CONDITIONS
 THE FOLLOWING WEATHER WAS RECORDED TODAY.
  NO SIGNIFICANT WEATHER WAS OBSERVED.


RELATIVE HUMIDITY (PERCENT)
 HIGHEST    93           500 AM
 LOWEST     34           100 PM
 AVERAGE    64

..........................................................


THE ALLIANCE NE AIRPORT CLIMATE NORMALS FOR TOMORROW
                         NORMAL    RECORD    YEAR
 MAXIMUM TEMPERATURE (F)   89       106      2003
                                             1936
 MINIMUM TEMPERATURE (F)   57        42      1911


SUNRISE AND SUNSET
JULY 24 2016..........SUNRISE   537 AM MDT   SUNSET   818 PM MDT
JULY 25 2016..........SUNRISE   538 AM MDT   SUNSET   817 PM MDT


-  INDICATES NEGATIVE NUMBERS.
R  INDICATES RECORD WAS SET OR TIED.
MM INDICATES DATA IS MISSING.
T  INDICATES TRACE AMOUNT.




$$
