000
CDUS45 KCYS 270730
CLIAIA


CLIMATE REPORT
NATIONAL WEATHER SERVICE CHEYENNE WY
129 AM MDT WED MAY 27 2015


...................................

...THE ALLIANCE NE AIRPORT CLIMATE SUMMARY FOR MAY 26 2015...

CLIMATE NORMAL PERIOD 1981 TO 2010
CLIMATE RECORD PERIOD 1896 TO 2015


WEATHER ITEM   OBSERVED TIME   RECORD YEAR NORMAL DEPARTURE LAST
                VALUE   (LST)  VALUE       VALUE  FROM      YEAR
                                                  NORMAL
..................................................................
TEMPERATURE (F)
 YESTERDAY
  MAXIMUM         68    300 PM  94    1969  74     -6       77
  MINIMUM         50    149 AM  32    2007  43      7       52
                                      1992
                                      1975
  AVERAGE         59                        58      1       65

PRECIPITATION (IN)
  YESTERDAY        0.00          1.65 1955   0.10  -0.10     0.33
  MONTH TO DATE    7.44                      2.07   5.37     4.02
  SINCE JAN 1     10.87                      4.93   5.94     6.82

DEGREE DAYS
 HEATING
  YESTERDAY        6                         7     -1        0
  MONTH TO DATE  365                       294     71      336
  SINCE MAR 1   1633                      1779   -146     1855
  SINCE JUL 1   6860                      7183   -323     7419

 COOLING
  YESTERDAY        0                         1     -1        0
  MONTH TO DATE    0                         1     -1        0
  SINCE MAR 1      0                         1     -1        0
  SINCE JAN 1      0                         1     -1        0
..................................................................


WIND (MPH)
  HIGHEST WIND SPEED    13   HIGHEST WIND DIRECTION    SE (150)
  HIGHEST GUST SPEED    23   HIGHEST GUST DIRECTION    NE (60)
  AVERAGE WIND SPEED     6.7


SKY COVER
  AVERAGE SKY COVER 0.6


WEATHER CONDITIONS
 THE FOLLOWING WEATHER WAS RECORDED YESTERDAY.
  NO SIGNIFICANT WEATHER WAS OBSERVED.


RELATIVE HUMIDITY (PERCENT)
 HIGHEST   100           500 AM
 LOWEST     52           200 PM
 AVERAGE    76

..........................................................


THE ALLIANCE NE AIRPORT CLIMATE NORMALS FOR TODAY
                         NORMAL    RECORD    YEAR
 MAXIMUM TEMPERATURE (F)   74        95      2006
 MINIMUM TEMPERATURE (F)   43        32      2009
                                             2005
                                             1950


SUNRISE AND SUNSET
MAY 27 2015...........SUNRISE   521 AM MDT   SUNSET   816 PM MDT
MAY 28 2015...........SUNRISE   520 AM MDT   SUNSET   817 PM MDT


-  INDICATES NEGATIVE NUMBERS.
R  INDICATES RECORD WAS SET OR TIED.
MM INDICATES DATA IS MISSING.
T  INDICATES TRACE AMOUNT.




$$
