000
CDUS45 KCYS 220735
CLIAIA


CLIMATE REPORT
NATIONAL WEATHER SERVICE CHEYENNE WY
135 AM MDT FRI AUG 22 2014


...................................

...THE ALLIANCE NE AIRPORT CLIMATE SUMMARY FOR AUGUST 21 2014...

CLIMATE NORMAL PERIOD 1981 TO 2010
CLIMATE RECORD PERIOD 1896 TO 2014


WEATHER ITEM   OBSERVED TIME   RECORD YEAR NORMAL DEPARTURE LAST
                VALUE   (LST)  VALUE       VALUE  FROM      YEAR
                                                  NORMAL
..................................................................
TEMPERATURE (F)
 YESTERDAY
  MAXIMUM         89    334 PM 101    1960  85      4       86
  MINIMUM         58    521 AM  39    2009  54      4       61
  AVERAGE         74                        70      4       74

PRECIPITATION (IN)
  YESTERDAY        0.00          1.03 1927   0.05  -0.05     0.00
  MONTH TO DATE    0.46                      1.16  -0.70     2.34
  SINCE JAN 1     12.81                     11.87   0.94     9.06

DEGREE DAYS
 HEATING
  YESTERDAY        0                         1     -1        0
  MONTH TO DATE    0                        10    -10        0
  SINCE JUN 1    126                       115     11       70
  SINCE JUL 1     27                        22      5        8

 COOLING
  YESTERDAY        9                         5      4        9
  MONTH TO DATE  165                       147     18      143
  SINCE JUN 1    423                       469    -46      517
  SINCE JAN 1    437                       479    -42      539
..................................................................


WIND (MPH)
  HIGHEST WIND SPEED    16   HIGHEST WIND DIRECTION     N (10)
  HIGHEST GUST SPEED    23   HIGHEST GUST DIRECTION     N (340)
  AVERAGE WIND SPEED     7.6


SKY COVER
  AVERAGE SKY COVER 0.1


WEATHER CONDITIONS
 THE FOLLOWING WEATHER WAS RECORDED YESTERDAY.
  NO SIGNIFICANT WEATHER WAS OBSERVED.


RELATIVE HUMIDITY (PERCENT)
 HIGHEST    78           400 AM
 LOWEST     27           200 PM
 AVERAGE    53

..........................................................


THE ALLIANCE NE AIRPORT CLIMATE NORMALS FOR TODAY
                         NORMAL    RECORD    YEAR
 MAXIMUM TEMPERATURE (F)   85       101      1905
 MINIMUM TEMPERATURE (F)   53        37      1966


SUNRISE AND SUNSET
AUGUST 22 2014........SUNRISE   606 AM MDT   SUNSET   741 PM MDT
AUGUST 23 2014........SUNRISE   607 AM MDT   SUNSET   739 PM MDT


-  INDICATES NEGATIVE NUMBERS.
R  INDICATES RECORD WAS SET OR TIED.
MM INDICATES DATA IS MISSING.
T  INDICATES TRACE AMOUNT.




$$
