000
CDUS45 KCYS 290427
CLIAIA


CLIMATE REPORT
NATIONAL WEATHER SERVICE CHEYENNE WY
927 PM MST FRI NOV 28 2014


...................................

...THE ALLIANCE NE AIRPORT CLIMATE SUMMARY FOR NOVEMBER 28 2014...
VALID TODAY AS OF 0900 PM LOCAL TIME.

CLIMATE NORMAL PERIOD 1981 TO 2010
CLIMATE RECORD PERIOD 1896 TO 2014


WEATHER ITEM   OBSERVED TIME   RECORD YEAR NORMAL DEPARTURE LAST
                VALUE   (LST)  VALUE       VALUE  FROM      YEAR
                                                  NORMAL
..................................................................
TEMPERATURE (F)
 TODAY
  MAXIMUM         68   1202 PM  69    1941  43     25       42
  MINIMUM         25    306 AM -13    1952  12     13       14
  AVERAGE         47                        27     20       28

PRECIPITATION (IN)
  TODAY            0.00          0.21 1928   0.02  -0.02     0.00
  MONTH TO DATE    0.34                      0.43  -0.09     0.73
  SINCE JAN 1     18.09                     15.32   2.77    13.93

DEGREE DAYS
 HEATING
  TODAY           18                        38    -20       37
  MONTH TO DATE  963                       881     82      887
  SINCE SEP 1   1593                      1686    -93     1665
  SINCE JUL 1   1630                      1723    -93     1673

 COOLING
  TODAY            0                         0      0        0
  MONTH TO DATE    0                         0      0        0
  SINCE SEP 1     37                        41     -4      136
  SINCE JAN 1    499                       564    -65      795
..................................................................


WIND (MPH)
  HIGHEST WIND SPEED    35   HIGHEST WIND DIRECTION     W (280)
  HIGHEST GUST SPEED    39   HIGHEST GUST DIRECTION     W (280)
  AVERAGE WIND SPEED    12.7


SKY COVER
  AVERAGE SKY COVER 0.0


WEATHER CONDITIONS
 THE FOLLOWING WEATHER WAS RECORDED TODAY.
  NO SIGNIFICANT WEATHER WAS OBSERVED.


RELATIVE HUMIDITY (PERCENT)
 HIGHEST    85           100 AM
 LOWEST     15          1200 PM
 AVERAGE    50

..........................................................


THE ALLIANCE NE AIRPORT CLIMATE NORMALS FOR TOMORROW
                         NORMAL    RECORD    YEAR
 MAXIMUM TEMPERATURE (F)   42        69      1932
 MINIMUM TEMPERATURE (F)   12       -17      2004


SUNRISE AND SUNSET
NOVEMBER 28 2014......SUNRISE   657 AM MST   SUNSET   422 PM MST
NOVEMBER 29 2014......SUNRISE   658 AM MST   SUNSET   421 PM MST


-  INDICATES NEGATIVE NUMBERS.
R  INDICATES RECORD WAS SET OR TIED.
MM INDICATES DATA IS MISSING.
T  INDICATES TRACE AMOUNT.




$$
