704
CDAK48 PAFC 221326
CLIAKN

CLIMATE REPORT
NATIONAL WEATHER SERVICE ANCHORAGE, AK
424 AM AKST WED FEB 22 2017


...................................

...THE KING SALMON CLIMATE SUMMARY FOR FEBRUARY 21 2017...

CLIMATE NORMAL PERIOD 1981 TO 2010
CLIMATE RECORD PERIOD 1917 TO 2017


WEATHER ITEM   OBSERVED TIME   RECORD YEAR NORMAL DEPARTURE LAST
                VALUE   (LST)  VALUE       VALUE  FROM      YEAR
                                                  NORMAL
..................................................................
TEMPERATURE (F)
 YESTERDAY
  MAXIMUM         36    451 PM  53    2015  28      8       41
  MINIMUM        -16    244 AM -24    1991  12    -28       27
                                      1954
  AVERAGE         10                        20    -10       34

PRECIPITATION (IN)
  YESTERDAY        0.25          0.61 1977   0.02   0.23     0.00
  MONTH TO DATE    0.79                      0.58   0.21     0.92
  SINCE DEC 1      2.03                      2.83  -0.80     2.90
  SINCE JAN 1      0.94                      1.60  -0.66     1.40

SNOWFALL (IN)
  YESTERDAY        2.1          MM      MM   0.2    1.9      0.0
  MONTH TO DATE    8.8                       4.5    4.3      0.0
  SINCE DEC 1     17.3                      24.2   -6.9      0.0
  SINCE JUL 1     21.9                      34.0  -12.1     13.1
  SNOW DEPTH       7

DEGREE DAYS
 HEATING
  YESTERDAY       55                        45     10       31
  MONTH TO DATE 1130                       981    149      651
  SINCE DEC 1   4168                      3932    236     2879
  SINCE JUL 1   6894                      7309   -415     5476

 COOLING
  YESTERDAY        0                         0      0        0
  MONTH TO DATE    0                         0      0        0
  SINCE DEC 1      0                         0      0        0
  SINCE JAN 1      0                         0      0        0
..................................................................


WIND (MPH)
  RESULTANT WIND SPEED   5   RESULTANT WIND DIRECTION   E (110)
  HIGHEST WIND SPEED    32   HIGHEST WIND DIRECTION    SE (150)
  HIGHEST GUST SPEED    41   HIGHEST GUST DIRECTION    SE (150)
  AVERAGE WIND SPEED    11.7



WEATHER CONDITIONS
 THE FOLLOWING WEATHER WAS RECORDED YESTERDAY.
  SNOW
  LIGHT SNOW
  FOG


RELATIVE HUMIDITY (PERCENT)
 HIGHEST   100
 LOWEST     56
 AVERAGE    78

..........................................................


THE KING SALMON CLIMATE NORMALS FOR TODAY
                         NORMAL    RECORD    YEAR
 MAXIMUM TEMPERATURE (F)   28        49      2015
 MINIMUM TEMPERATURE (F)   12       -25      1990


SUNRISE AND SUNSET
FEBRUARY 22 2017......SUNRISE   840 AM AKST  SUNSET   641 PM AKST
FEBRUARY 23 2017......SUNRISE   837 AM AKST  SUNSET   643 PM AKST

CIVIL TWILIGHT
FEBRUARY 22 2017        START    800 AM GMT     END    722 PM GMT
FEBRUARY 23 2017        START    757 AM GMT     END    725 PM GMT



-  INDICATES NEGATIVE NUMBERS.
R  INDICATES RECORD WAS SET OR TIED.
MM INDICATES DATA IS MISSING.
T  INDICATES TRACE AMOUNT.




$$
&&
------------------------------------------------------
AMOUNT OF DAYLIGHT TODAY  (HOUR:MIN)........10:01
GAIN/LOSS SINCE YESTERDAY (HOUR:MIN:SEC)....+0:05:07
