904
CDAK48 PAKN 300940
CLIAKN

CLIMATE REPORT
NATIONAL WEATHER SERVICE KING SALMON, AK
140 AM AKDT SAT APR 30 2016

...................................
...THE KING SALMON AP CLIMATE SUMMARY FOR APRIL 29 2016...

CLIMATE NORMAL PERIOD  1981 TO  2010
CLIMATE RECORD PERIOD  1917 TO  2016

WEATHER ITEM   OBSERVED TIME    RECORD YEAR NORMAL DEPARTURE LAST
               VALUE    (LST)   VALUE       VALUE  FROM      YEAR
                                                   NORMAL
...................................................................
TEMPERATURE
YESTERDAY
 MAXIMUM            55  0458 PM    63  2003     48       7     56
 MINIMUM            38  1157 PM    12  1949     30       8     34
 AVERAGE            47                          39       8     45

PRECIPITATION
(INCHES)
 YESTERDAY        0.02           0.53  1977   0.03   -0.01      T
 MONTH TO DATE    0.85                        0.93   -0.08   2.18
 SINCE MAR 1      2.80                        1.63    1.17   3.13
 SINCE JAN 1      4.24                        3.41    0.83   3.92

SNOWFALL
(INCHES)
 YESTERDAY         0.0            1.5  1970    0.0     0.0    0.0
 MONTH TO DATE     0.0                         3.8    -3.8   12.1
 SINCE MAR 1       4.2                        10.2    -6.0   12.4
 SINCE JUL 1      38.8                        45.7    -6.9   26.1
 SNOW DEPTH (IN)     0                                          0

DEGREE DAYS
 HEATING
  YESTERDAY         18                          26      -8     20
  MONTH TO DATE    629                         914    -285    839
  SINCE MAR 1     1614                        2179    -565   1902
  SINCE JUL 1     7548                        9797   -2249   8100

 COOLING
  YESTERDAY          0                           0       0      0
  MONTH TO DATE      0                           0       0      0
  SINCE MAR 1        0                           0       0      0
  SINCE JAN 1        0                           0       0      0
...................................................................

WIND (MPH)
 HIGHEST WIND SPEED    24     HIGHEST WIND DIRECTION    100
 HIGHEST GUST SPEED    31     HIGHEST GUST DIRECTION    110
 AVERAGE WIND SPEED  11.1

SKY COVER
  POSSIBLE SUNSHINE    MM          AVERAGE SKY COVER     MM

WEATHER CONDITIONS
 THE FOLLOWING WEATHER WAS RECORDED YESTERDAY.
  RAIN


RELATIVE HUMIDITY
 HIGHEST RH     MM PERCENT       MM
 LOWEST  RH     MM PERCENT       MM
 AVERAGE RH     MM PERCENT       MM
...................................................................

THE KING SALMON CLIMATE NORMALS FOR TODAY
                           NORMAL    RECORD   YEAR
 MAXIMUM TEMPERATURE (F)     48        69     2005
 MINIMUM TEMPERATURE (F)     30        17     1952

SUNRISE AND SUNSET
 APR 30 2016..........SUNRISE  6:32 AM      SUNSET 10:18 PM
 MAY 1 2016..........SUNRISE  6:30 AM      SUNSET 10:20 PM

-  INDICATES NEGATIVE NUMBERS.
R  INDICATES RECORD HAS BEEN SET OR TIED.
MM INDICATES DATA IS MISSING.
T  INDICATES TRACE OF PRECIPITATION.

&&
-------------------------------------------------------------------

AMOUNT OF DAYLIGHT TODAY  (HOUR:MIN)........15 HOURS 46 MINUTES
GAIN/LOSS SINCE YESTERDAY (HOUR:MIN:SEC)....+0:04:52

$$
DJH APR 16
