000
CDAK48 PAKN 201004
CLIAKN


CLIMATE REPORT
NATIONAL WEATHER SERVICE ANCHORAGE, AK
204 AM AKDT THU JUL 20 2017


...................................

...THE KING SALMON CLIMATE SUMMARY FOR JULY 19 2017...

CLIMATE NORMAL PERIOD 1981 TO 2010
CLIMATE RECORD PERIOD 1917 TO 2017


WEATHER ITEM   OBSERVED TIME   RECORD YEAR NORMAL DEPARTURE LAST
                VALUE   (LST)  VALUE       VALUE  FROM      YEAR
                                                  NORMAL
..................................................................
TEMPERATURE (F)
 YESTERDAY
  MAXIMUM         56    244 PM  81    1990  64     -8       72
  MINIMUM         49    727 AM  36    1942  48      1       46
  AVERAGE         53                        56     -3       59

PRECIPITATION (IN)
  YESTERDAY        0.23          0.70 1934   0.08   0.15     0.00
  MONTH TO DATE    1.51                      1.30   0.21     1.44
  SINCE JUN 1      3.91                      2.95   0.96     3.72
  SINCE JAN 1      6.98                      7.65  -0.67    11.13

SNOWFALL (IN)
  YESTERDAY        0.0          MM      MM   0.0    0.0      0.0
  MONTH TO DATE    0.0                       0.0    0.0      0.0
  SINCE JUN 1      0.0                       T      0.0      0.0
  SINCE JUL 1      0.0                       0.0    0.0      0.0
  SNOW DEPTH       0

DEGREE DAYS
 HEATING
  YESTERDAY       12                         9      3        6
  MONTH TO DATE  147                       182    -35      110
  SINCE JUN 1    477                       589   -112      369
  SINCE JUL 1    147                       182    -35      110

 COOLING
  YESTERDAY        0                         0      0        0
  MONTH TO DATE    0                         0      0        0
  SINCE JUN 1      0                         0      0        0
  SINCE JAN 1      0                         0      0        0
..................................................................


WIND (MPH)
  RESULTANT WIND SPEED   1   RESULTANT WIND DIRECTION   S (190)
  HIGHEST WIND SPEED    12   HIGHEST WIND DIRECTION    NE (40)
  HIGHEST GUST SPEED    15   HIGHEST GUST DIRECTION    NE (40)
  AVERAGE WIND SPEED     4.7



WEATHER CONDITIONS
 THE FOLLOWING WEATHER WAS RECORDED YESTERDAY.
  LIGHT RAIN
  FOG


RELATIVE HUMIDITY (PERCENT)
 HIGHEST   100
 LOWEST     86
 AVERAGE    93

..........................................................


THE KING SALMON CLIMATE NORMALS FOR TODAY
                         NORMAL    RECORD    YEAR
 MAXIMUM TEMPERATURE (F)   64        82      1993
                                             1952
 MINIMUM TEMPERATURE (F)   48        36      1982
                                             1965


SUNRISE AND SUNSET
JULY 20 2017..........SUNRISE   552 AM AKDT  SUNSET  1113 PM AKDT
JULY 21 2017..........SUNRISE   554 AM AKDT  SUNSET  1111 PM AKDT


-  INDICATES NEGATIVE NUMBERS.
R  INDICATES RECORD WAS SET OR TIED.
MM INDICATES DATA IS MISSING.
T  INDICATES TRACE AMOUNT.




$$
