352
CDAK48 PAFC 180118
CLIAKN


CLIMATE REPORT
NATIONAL WEATHER SERVICE ANCHORAGE, AK
417 PM AKST FRI NOV 17 2017


...................................

...THE KING SALMON CLIMATE SUMMARY FOR NOVEMBER 17 2017...
VALID TODAY AS OF 0400 PM LOCAL TIME.

CLIMATE NORMAL PERIOD 1981 TO 2010
CLIMATE RECORD PERIOD 1917 TO 2017


WEATHER ITEM   OBSERVED TIME   RECORD YEAR NORMAL DEPARTURE LAST
                VALUE   (LST)  VALUE       VALUE  FROM      YEAR
                                                  NORMAL
..................................................................
TEMPERATURE (F)
 TODAY
  MAXIMUM         35    259 PM  48    2014  30      5       20
  MINIMUM         28    834 AM -20    2009  15     13        7
  AVERAGE         32                        22     10       14

PRECIPITATION (IN)
  TODAY            0.00          0.81 1993   0.04  -0.04     0.00
  MONTH TO DATE    0.17                      0.81  -0.64     0.58
  SINCE SEP 1      7.48                      6.08   1.40     6.53
  SINCE JAN 1     18.17                     17.68   0.49    24.50

SNOWFALL (IN)
  TODAY            0.0           2.0  1940   0.2   -0.2      0.0
  MONTH TO DATE    0.6                       3.2   -2.6      0.8
  SINCE SEP 1      3.2                       6.1   -2.9      0.8
  SINCE JUL 1      3.2                       6.1   -2.9      0.8
  SNOW DEPTH       0

DEGREE DAYS
 HEATING
  TODAY           33                        43    -10       51
  MONTH TO DATE  611                       693    -82      588
  SINCE SEP 1   1907                      2191   -284     1742
  SINCE JUL 1   2404                      2807   -403     2059

 COOLING
  TODAY            0                         0      0        0
  MONTH TO DATE    0                         0      0        0
  SINCE SEP 1      0                         0      0        0
  SINCE JAN 1      1                         1      0        0
..................................................................


WIND (MPH)
  RESULTANT WIND SPEED  12   RESULTANT WIND DIRECTION  NW (310)
  HIGHEST WIND SPEED    18   HIGHEST WIND DIRECTION    NW (330)
  HIGHEST GUST SPEED    26   HIGHEST GUST DIRECTION    NW (320)
  AVERAGE WIND SPEED    12.1



WEATHER CONDITIONS
 THE FOLLOWING WEATHER WAS RECORDED TODAY.
  NO SIGNIFICANT WEATHER WAS OBSERVED.


RELATIVE HUMIDITY (PERCENT)
 HIGHEST    85
 LOWEST     61
 AVERAGE    73

..........................................................


THE KING SALMON CLIMATE NORMALS FOR TOMORROW
                         NORMAL    RECORD    YEAR
 MAXIMUM TEMPERATURE (F)   30        50      1935
 MINIMUM TEMPERATURE (F)   15        -8      2009


SUNRISE AND SUNSET
NOVEMBER 17 2017......SUNRISE   923 AM AKST  SUNSET   500 PM AKST
NOVEMBER 18 2017......SUNRISE   925 AM AKST  SUNSET   458 PM AKST


-  INDICATES NEGATIVE NUMBERS.
R  INDICATES RECORD WAS SET OR TIED.
MM INDICATES DATA IS MISSING.
T  INDICATES TRACE AMOUNT.




$$
