000
CDAK48 PAKN 240926
CLIAKN

CLIMATE REPORT
NATIONAL WEATHER SERVICE KING SALMON, AK
126 AM AKDT FRI OCT 24 2014

...................................
...THE KING SALMON AP CLIMATE SUMMARY FOR OCTOBER 23 2014...

CLIMATE NORMAL PERIOD  1981 TO  2010
CLIMATE RECORD PERIOD  1917 TO  2014

WEATHER ITEM   OBSERVED TIME    RECORD YEAR NORMAL DEPARTURE LAST
               VALUE    (LST)   VALUE       VALUE  FROM      YEAR
                                                   NORMAL
...................................................................
TEMPERATURE
YESTERDAY
 MAXIMUM            35  0439 PM    57  1919     38      -3     47
 MINIMUM            18  0720 AM    -1  1970     22      -4     25
 AVERAGE            27                          30      -3     36

PRECIPITATION
(INCHES)
 YESTERDAY        0.08           0.86  1950   0.05    0.03   0.00
 MONTH TO DATE    0.10                        1.66   -1.56   3.81
 SINCE SEP 1      3.47                        4.85   -1.38   5.89
 SINCE JAN 1     17.74                       16.45    1.29  19.98

SNOWFALL
(INCHES)
 YESTERDAY         0.3            7.8  1990    0.2     0.1    0.0
 MONTH TO DATE     0.5                         1.6    -1.1      T
 SINCE SEP 1       0.5                         1.7    -1.2    0.0
 SINCE JUL 1       0.5                         1.7    -1.2      T
 SNOW DEPTH (IN)     0                                          0

DEGREE DAYS
 HEATING
  YESTERDAY         38                          35       3     29
  MONTH TO DATE    721                         683      38    487
  SINCE SEP 1     1135                        1206     -71   1021
  SINCE JUL 1     1609                        1818    -209   1524

 COOLING
  YESTERDAY          0                           0       0      0
  MONTH TO DATE      0                           0       0      0
  SINCE SEP 1        0                           0       0      0
  SINCE JAN 1        0                           0       0      4
...................................................................

WIND (MPH)
 HIGHEST WIND SPEED    17     HIGHEST WIND DIRECTION    360
 HIGHEST GUST SPEED    21     HIGHEST GUST DIRECTION    350
 AVERAGE WIND SPEED   6.4

SKY COVER
  POSSIBLE SUNSHINE    MM          AVERAGE SKY COVER     MM

WEATHER CONDITIONS
 THE FOLLOWING WEATHER WAS RECORDED YESTERDAY.
  FOG
RAIN
SNOW


RELATIVE HUMIDITY
 HIGHEST RH     MM PERCENT       MM
 LOWEST  RH     MM PERCENT       MM
 AVERAGE RH     MM PERCENT       MM
...................................................................

THE KING SALMON CLIMATE NORMALS FOR TODAY
                           NORMAL    RECORD   YEAR
 MAXIMUM TEMPERATURE (F)     37        57     1919
 MINIMUM TEMPERATURE (F)     22        -3     1956

SUNRISE AND SUNSET
 OCT 24 2014..........SUNRISE  9:25 AM      SUNSET  6:56 PM
 OCT 25 2014..........SUNRISE  9:28 AM      SUNSET  6:54 PM

-  INDICATES NEGATIVE NUMBERS.
R  INDICATES RECORD HAS BEEN SET OR TIED.
MM INDICATES DATA IS MISSING.
T  INDICATES TRACE OF PRECIPITATION.

&&
-------------------------------------------------------------------

AMOUNT OF DAYLIGHT TODAY  (HOUR:MIN)........9 HOURS 31 MINUTES
GAIN/LOSS SINCE YESTERDAY (HOUR:MIN:SEC)....-0:04:59

$$
FS OCT 14
