000
CDAK48 PAFC 190143
CLIAKN


CLIMATE REPORT
NATIONAL WEATHER SERVICE ANCHORAGE, AK
443 PM AKST THU JAN 18 2018


...................................

...THE KING SALMON CLIMATE SUMMARY FOR JANUARY 18 2018...
VALID TODAY AS OF 0400 PM LOCAL TIME.

CLIMATE NORMAL PERIOD 1981 TO 2010
CLIMATE RECORD PERIOD 1917 TO 2018


WEATHER ITEM   OBSERVED TIME   RECORD YEAR NORMAL DEPARTURE LAST
                VALUE   (LST)  VALUE       VALUE  FROM      YEAR
                                                  NORMAL
..................................................................
TEMPERATURE (F)
 TODAY
  MAXIMUM         30   1100 AM  43    1963  23      7       -6
                                      1937
  MINIMUM         28    259 PM -31    1947   9     19      -20
  AVERAGE         29                        16     13      -13

PRECIPITATION (IN)
  TODAY            0.11          0.46 1960   0.03   0.08     0.00
  MONTH TO DATE    1.47                      0.58   0.89     0.01
  SINCE SEP 1     11.77                      8.47   3.30     7.99
  SINCE JAN 1      1.47                      0.58   0.89     0.01

SNOWFALL (IN)
  TODAY            0.9          MM      MM   0.3    0.6      0.0
  MONTH TO DATE    4.1                       5.7   -1.6      0.5
  SINCE SEP 1     12.2                      25.0  -12.8     10.6
  SINCE JUL 1     12.2                      25.0  -12.8     10.6
  SNOW DEPTH       3

DEGREE DAYS
 HEATING
  TODAY           36                        49    -13       78
  MONTH TO DATE  602                       878   -276     1004
  SINCE DEC 1   1657                      2316   -659     2426
  SINCE JUL 1   4593                      5693  -1100     5152

 COOLING
  TODAY            0                         0      0        0
  MONTH TO DATE    0                         0      0        0
  SINCE DEC 1      0                         0      0        0
  SINCE JAN 1      0                         0      0        0
..................................................................


WIND (MPH)
  RESULTANT WIND SPEED   4   RESULTANT WIND DIRECTION   N (0)
  HIGHEST WIND SPEED    10   HIGHEST WIND DIRECTION     N (10)
  HIGHEST GUST SPEED    15   HIGHEST GUST DIRECTION     N (350)
  AVERAGE WIND SPEED     4.6



WEATHER CONDITIONS
 THE FOLLOWING WEATHER WAS RECORDED TODAY.
  LIGHT SNOW
  FOG


RELATIVE HUMIDITY (PERCENT)
 HIGHEST   100
 LOWEST     92
 AVERAGE    96

..........................................................


THE KING SALMON CLIMATE NORMALS FOR TOMORROW
                         NORMAL    RECORD    YEAR
 MAXIMUM TEMPERATURE (F)   23        48      2008
 MINIMUM TEMPERATURE (F)    9       -33      1947


SUNRISE AND SUNSET
JANUARY 18 2018.......SUNRISE  1000 AM AKST  SUNSET   515 PM AKST
JANUARY 19 2018.......SUNRISE   958 AM AKST  SUNSET   518 PM AKST


-  INDICATES NEGATIVE NUMBERS.
R  INDICATES RECORD WAS SET OR TIED.
MM INDICATES DATA IS MISSING.
T  INDICATES TRACE AMOUNT.




$$
