000
CDAK48 PAKN 181203
CLIAKN

CLIMATE REPORT
NATIONAL WEATHER SERVICE KING SALMON, AK
304 AM AKST THU DEC 18 2014

...................................
...THE KING SALMON AP CLIMATE SUMMARY FOR DECEMBER 17 2014...

CLIMATE NORMAL PERIOD  1981 TO  2010
CLIMATE RECORD PERIOD  1917 TO  2014

WEATHER ITEM   OBSERVED TIME    RECORD YEAR NORMAL DEPARTURE LAST
               VALUE    (LST)   VALUE       VALUE  FROM      YEAR
                                                   NORMAL
...................................................................
TEMPERATURE
YESTERDAY
 MAXIMUM            32  1025 PM    44  1960     26       6      6
 MINIMUM            15  0826 AM   -38  1942     11       4     -9
 AVERAGE            24                          19       5     -2

PRECIPITATION
(INCHES)
 YESTERDAY        0.00           0.89  1940   0.04   -0.04   0.00
 MONTH TO DATE    0.50                        0.75   -0.25   0.20
 SINCE DEC 1      0.50                        0.75   -0.25   0.20
 SINCE JAN 1     20.95                       19.01    1.94  23.61

SNOWFALL
(INCHES)
 YESTERDAY         0.0            1.7  1952    0.3    -0.3    0.0
 MONTH TO DATE     1.0                         5.9    -4.9    0.4
 SINCE DEC 1       1.0                         5.9    -4.9    0.4
 SINCE JUL 1       4.5                        15.7   -11.2   12.0
 SNOW DEPTH (IN)     T                                          T

DEGREE DAYS
 HEATING
  YESTERDAY         41                          46      -5     67
  MONTH TO DATE    555                         775    -220    788
  SINCE DEC 1      555                         775    -220    785
  SINCE JUL 1     3306                        4150    -844   3689

 COOLING
  YESTERDAY          0                           0       0      0
  MONTH TO DATE      0                           0       0      0
  SINCE DEC 1        0                           0       0      0
  SINCE JAN 1        0                           0       0      4
...................................................................

WIND (MPH)
 HIGHEST WIND SPEED    16     HIGHEST WIND DIRECTION     40
 HIGHEST GUST SPEED    21     HIGHEST GUST DIRECTION     50
 AVERAGE WIND SPEED   6.0

SKY COVER
  POSSIBLE SUNSHINE    MM          AVERAGE SKY COVER     MM

WEATHER CONDITIONS
 THE FOLLOWING WEATHER WAS RECORDED YESTERDAY.
  FOG


RELATIVE HUMIDITY
 HIGHEST RH     MM PERCENT       MM
 LOWEST  RH     MM PERCENT       MM
 AVERAGE RH     MM PERCENT       MM
...................................................................

THE KING SALMON CLIMATE NORMALS FOR TODAY
                           NORMAL    RECORD   YEAR
 MAXIMUM TEMPERATURE (F)     26        48     1998
 MINIMUM TEMPERATURE (F)     11       -37     2001

SUNRISE AND SUNSET
 DEC 18 2014..........SUNRISE 10:15 AM      SUNSET  4:32 PM
 DEC 19 2014..........SUNRISE 10:16 AM      SUNSET  4:33 PM

-  INDICATES NEGATIVE NUMBERS.
R  INDICATES RECORD HAS BEEN SET OR TIED.
MM INDICATES DATA IS MISSING.
T  INDICATES TRACE OF PRECIPITATION.

&&
-------------------------------------------------------------------

AMOUNT OF DAYLIGHT TODAY  (HOUR:MIN)........6 HOURS 17 MINUTES
LOSS SINCE YESTERDAY (HOUR:MIN:SEC).........-0:00:34

$$
AM DEC 14
