000
CDAK48 PAFC 241312
CLIAKN


CLIMATE REPORT
NATIONAL WEATHER SERVICE ANCHORAGE, AK
511 AM AKDT SUN SEP 24 2017


...................................

...THE KING SALMON CLIMATE SUMMARY FOR SEPTEMBER 23 2017...

CLIMATE NORMAL PERIOD 1981 TO 2010
CLIMATE RECORD PERIOD 1917 TO 2017


WEATHER ITEM   OBSERVED TIME   RECORD YEAR NORMAL DEPARTURE LAST
                VALUE   (LST)  VALUE       VALUE  FROM      YEAR
                                                  NORMAL
..................................................................
TEMPERATURE (F)
 YESTERDAY
  MAXIMUM         50        MM  67    1934  53     -3       53
  MINIMUM         44        MM  17    1956  37      7       45
  AVERAGE         47                        45      2       49

PRECIPITATION (IN)
  YESTERDAY        0.48          1.25 1928   0.11   0.37     0.59
  MONTH TO DATE    3.86                      2.49   1.37     4.71
  SINCE SEP 1      3.86                      2.49   1.37     4.71
  SINCE JAN 1     14.55                     14.09   0.46    22.68

SNOWFALL (IN)
  YESTERDAY        0.0          MM      MM   0.0    0.0      0.0
  MONTH TO DATE    T                         0.0    0.0      0.0
  SINCE SEP 1      T                         0.0    0.0      0.0
  SINCE JUL 1      T                         0.0    0.0      0.0
  SNOW DEPTH       0

DEGREE DAYS
 HEATING
  YESTERDAY       18                        20     -2       16
  MONTH TO DATE  344                       367    -23      265
  SINCE SEP 1    344                       367    -23      265
  SINCE JUL 1    841                       983   -142      582

 COOLING
  YESTERDAY        0                         0      0        0
  MONTH TO DATE    0                         0      0        0
  SINCE SEP 1      0                         0      0        0
  SINCE JAN 1      1                         1      0        0
..................................................................


WIND (MPH)
  RESULTANT WIND SPEED   4   RESULTANT WIND DIRECTION  NW (320)
  HIGHEST WIND SPEED    12   HIGHEST WIND DIRECTION     W (260)
  HIGHEST GUST SPEED    MM   HIGHEST GUST DIRECTION    MM
  AVERAGE WIND SPEED     7.4



WEATHER CONDITIONS
 THE FOLLOWING WEATHER WAS RECORDED YESTERDAY.
  LIGHT RAIN
  FOG


RELATIVE HUMIDITY (PERCENT)
 HIGHEST   100
 LOWEST     92
 AVERAGE    96

..........................................................


THE KING SALMON CLIMATE NORMALS FOR TODAY
                         NORMAL    RECORD    YEAR
 MAXIMUM TEMPERATURE (F)   52        67      1929
 MINIMUM TEMPERATURE (F)   36        17      1992


SUNRISE AND SUNSET
SEPTEMBER 24 2017.....SUNRISE   817 AM AKDT  SUNSET   819 PM AKDT
SEPTEMBER 25 2017.....SUNRISE   819 AM AKDT  SUNSET   816 PM AKDT


-  INDICATES NEGATIVE NUMBERS.
R  INDICATES RECORD WAS SET OR TIED.
MM INDICATES DATA IS MISSING.
T  INDICATES TRACE AMOUNT.




$$
