000
CDUS45 KBOU 250725
CLIAKO


CLIMATE REPORT
NATIONAL WEATHER SERVICE DENVER/BOULDER CO
125 AM MDT SUN JUN 25 2017


...................................

...THE AKRON CO CLIMATE SUMMARY FOR JUNE 24 2017...

CLIMATE NORMAL PERIOD 1981 TO 2010
CLIMATE RECORD PERIOD 9999 TO 9999


WEATHER ITEM   OBSERVED TIME   RECORD YEAR NORMAL DEPARTURE LAST
                VALUE   (LST)  VALUE       VALUE  FROM      YEAR
                                                  NORMAL
..................................................................
TEMPERATURE (F)
 YESTERDAY
  MAXIMUM         74    419 PM 106    2012  85    -11
  MINIMUM         46    406 AM  41    1993  56    -10
  AVERAGE         60                        70    -10

PRECIPITATION (IN)
  YESTERDAY        T             0.59 1939   0.07  -0.07     0.00
  MONTH TO DATE    0.60                      2.07  -1.47     2.59
  SINCE JUN 1      0.60                      2.07  -1.47     2.59
  SINCE JAN 1      7.25                      8.25  -1.00     9.10

DEGREE DAYS
 HEATING
  YESTERDAY        5
  MONTH TO DATE   12

 COOLING
  YESTERDAY        0
  MONTH TO DATE  121
..................................................................


WIND (MPH)
  HIGHEST WIND SPEED    17   HIGHEST WIND DIRECTION    NE (60)
  HIGHEST GUST SPEED    23   HIGHEST GUST DIRECTION    NE (60)




RELATIVE HUMIDITY (PERCENT)
 HIGHEST    71
 LOWEST     41
 AVERAGE    56

..........................................................


THE AKRON CO CLIMATE NORMALS FOR TODAY
                         NORMAL    RECORD    YEAR
 MAXIMUM TEMPERATURE (F)   85       106      2012
 MINIMUM TEMPERATURE (F)   56        37      1958


SUNRISE AND SUNSET
JUNE 25 2017..........SUNRISE   525 AM MDT   SUNSET   826 PM MDT
JUNE 26 2017..........SUNRISE   525 AM MDT   SUNSET   826 PM MDT


-  INDICATES NEGATIVE NUMBERS.
R  INDICATES RECORD WAS SET OR TIED.
MM INDICATES DATA IS MISSING.
T  INDICATES TRACE AMOUNT.




$$
