465
CDUS45 KBOU 210743
CLIAKO


CLIMATE REPORT
NATIONAL WEATHER SERVICE DENVER/BOULDER CO
1241 AM MST WED FEB 21 2018


...................................

...THE AKRON CO CLIMATE SUMMARY FOR FEBRUARY 20 2018...

CLIMATE NORMAL PERIOD 1981 TO 2010
CLIMATE RECORD PERIOD 9999 TO 9999


WEATHER ITEM   OBSERVED TIME   RECORD YEAR NORMAL DEPARTURE LAST
                VALUE   (LST)  VALUE       VALUE  FROM      YEAR
                                                  NORMAL
..................................................................
TEMPERATURE (F)
 YESTERDAY
  MAXIMUM         13    406 PM  71    1958  45    -32
  MINIMUM        -12R   705 AM  -2    1953  21    -33
  AVERAGE          1                        32    -31

PRECIPITATION (IN)
  YESTERDAY        T             0.38 1976   0.01  -0.01     0.00
  MONTH TO DATE    0.40                      0.28   0.12      T
  SINCE DEC 1      1.13                      0.98   0.15     0.25
  SINCE JAN 1      1.11                      0.58   0.53     0.11

SNOWFALL (IN)
  YESTERDAY       MM
  SNOW DEPTH       0

DEGREE DAYS
 HEATING
  YESTERDAY       64
  MONTH TO DATE  756

 COOLING
  YESTERDAY        0
  MONTH TO DATE    0
..................................................................


WIND (MPH)
  HIGHEST WIND SPEED    21   HIGHEST WIND DIRECTION     N (360)
  HIGHEST GUST SPEED    26   HIGHEST GUST DIRECTION     N (360)




RELATIVE HUMIDITY (PERCENT)
 HIGHEST    95
 LOWEST     61
 AVERAGE    78

..........................................................


THE AKRON CO CLIMATE NORMALS FOR TODAY
                         NORMAL    RECORD    YEAR
 MAXIMUM TEMPERATURE (F)   45        73      2017
 MINIMUM TEMPERATURE (F)   21        -6      1953


SUNRISE AND SUNSET
FEBRUARY 21 2018......SUNRISE   638 AM MST   SUNSET   536 PM MST
FEBRUARY 22 2018......SUNRISE   636 AM MST   SUNSET   537 PM MST


-  INDICATES NEGATIVE NUMBERS.
R  INDICATES RECORD WAS SET OR TIED.
MM INDICATES DATA IS MISSING.
T  INDICATES TRACE AMOUNT.




$$
