000
CDUS45 KBOU 031226
CLIAKO


CLIMATE REPORT
NATIONAL WEATHER SERVICE BOULDER, CO
626 AM MDT FRI JUL 3 2015


...................................

...THE AKRON CO CLIMATE SUMMARY FOR JULY 2 2015...

CLIMATE NORMAL PERIOD 1981 TO 2010
CLIMATE RECORD PERIOD 9999 TO 9999


WEATHER ITEM   OBSERVED TIME   RECORD YEAR NORMAL DEPARTURE LAST
                VALUE   (LST)  VALUE       VALUE  FROM      YEAR
                                                  NORMAL
..................................................................
TEMPERATURE (F)
 YESTERDAY
  MAXIMUM         83    352 PM 101    1990  87     -4
  MINIMUM         58    437 AM  45    1992  58      0
  AVERAGE         71                        73     -2

PRECIPITATION (IN)
  YESTERDAY        0.12          0.91 1988   0.06   0.06     0.00
  MONTH TO DATE    0.12                      0.13  -0.01     0.00
  SINCE JUN 1      1.17                      2.59  -1.42     3.82
  SINCE JAN 1      9.18                      8.77   0.41     8.52

DEGREE DAYS
 HEATING
  YESTERDAY        0
  MONTH TO DATE    0

 COOLING
  YESTERDAY        6
  MONTH TO DATE   19
..................................................................


WIND (MPH)
  HIGHEST WIND SPEED    35   HIGHEST WIND DIRECTION    NE (30)
  HIGHEST GUST SPEED    44   HIGHEST GUST DIRECTION    NE (40)




RELATIVE HUMIDITY (PERCENT)
 HIGHEST    87
 LOWEST     37
 AVERAGE    62

..........................................................


THE AKRON CO CLIMATE NORMALS FOR TODAY
                         NORMAL    RECORD    YEAR
 MAXIMUM TEMPERATURE (F)   87       101      1978
 MINIMUM TEMPERATURE (F)   58        43      1972


SUNRISE AND SUNSET
JULY  3 2015..........SUNRISE   528 AM MDT   SUNSET   826 PM MDT
JULY  4 2015..........SUNRISE   529 AM MDT   SUNSET   826 PM MDT


-  INDICATES NEGATIVE NUMBERS.
R  INDICATES RECORD WAS SET OR TIED.
MM INDICATES DATA IS MISSING.
T  INDICATES TRACE AMOUNT.




$$
