296
CDUS45 KBOU 050725
CLIAKO


CLIMATE REPORT
NATIONAL WEATHER SERVICE DENVER/BOULDER CO
1225 AM MST FRI FEB 5 2016


...................................

...THE AKRON CO CLIMATE SUMMARY FOR FEBRUARY 4 2016...

CLIMATE NORMAL PERIOD 1981 TO 2010
CLIMATE RECORD PERIOD 9999 TO 9999


WEATHER ITEM   OBSERVED TIME   RECORD YEAR NORMAL DEPARTURE LAST
                VALUE   (LST)  VALUE       VALUE  FROM      YEAR
                                                  NORMAL
..................................................................
TEMPERATURE (F)
 YESTERDAY
  MAXIMUM         29    322 PM  64    2009  41    -12
  MINIMUM          6    321 AM -19    1989  18    -12
  AVERAGE         18                        29    -11

PRECIPITATION (IN)
  YESTERDAY        T             0.39 1986   0.01  -0.01     0.01
  MONTH TO DATE    T                         0.06  -0.06     0.01
  SINCE DEC 1      0.11                      0.76  -0.65     0.44
  SINCE JAN 1      0.09                      0.36  -0.27     0.20

DEGREE DAYS
 HEATING
  YESTERDAY       47
  MONTH TO DATE  184

 COOLING
  YESTERDAY        0
  MONTH TO DATE    0
..................................................................


WIND (MPH)
  HIGHEST WIND SPEED    17   HIGHEST WIND DIRECTION     S (190)
  HIGHEST GUST SPEED    22   HIGHEST GUST DIRECTION    SW (230)




RELATIVE HUMIDITY (PERCENT)
 HIGHEST    62
 LOWEST     31
 AVERAGE    47

..........................................................


THE AKRON CO CLIMATE NORMALS FOR TODAY
                         NORMAL    RECORD    YEAR
 MAXIMUM TEMPERATURE (F)   41        66      2009
 MINIMUM TEMPERATURE (F)   18       -21      1982


SUNRISE AND SUNSET
FEBRUARY  5 2016......SUNRISE   658 AM MST   SUNSET   516 PM MST
FEBRUARY  6 2016......SUNRISE   657 AM MST   SUNSET   517 PM MST


-  INDICATES NEGATIVE NUMBERS.
R  INDICATES RECORD WAS SET OR TIED.
MM INDICATES DATA IS MISSING.
T  INDICATES TRACE AMOUNT.




$$
