000
CDUS45 KBOU 300725
CLIAKO


CLIMATE REPORT
NATIONAL WEATHER SERVICE BOULDER, CO
125 AM MDT SUN AUG 30 2015


...................................

...THE AKRON CO CLIMATE SUMMARY FOR AUGUST 29 2015...

CLIMATE NORMAL PERIOD 1981 TO 2010
CLIMATE RECORD PERIOD 9999 TO 9999


WEATHER ITEM   OBSERVED TIME   RECORD YEAR NORMAL DEPARTURE LAST
                VALUE   (LST)  VALUE       VALUE  FROM      YEAR
                                                  NORMAL
..................................................................
TEMPERATURE (F)
 YESTERDAY
  MAXIMUM         91    258 PM  97    2013  84      7
                                      1943
  MINIMUM         56    515 AM  44    1978  56      0
  AVERAGE         74                        70      4

PRECIPITATION (IN)
  YESTERDAY        0.00          2.59 1978   0.05  -0.05     0.00
  MONTH TO DATE    0.65                      2.18  -1.53     4.81
  SINCE JUN 1      3.52                      7.19  -3.67    10.90
  SINCE JAN 1     11.53                     13.37  -1.84    15.60

DEGREE DAYS
 HEATING
  YESTERDAY        0
  MONTH TO DATE   14

 COOLING
  YESTERDAY        9
  MONTH TO DATE  267
..................................................................


WIND (MPH)
  HIGHEST WIND SPEED    20   HIGHEST WIND DIRECTION     S (170)
  HIGHEST GUST SPEED    26   HIGHEST GUST DIRECTION    SE (140)




RELATIVE HUMIDITY (PERCENT)
 HIGHEST    64
 LOWEST     16
 AVERAGE    40

..........................................................


THE AKRON CO CLIMATE NORMALS FOR TODAY
                         NORMAL    RECORD    YEAR
 MAXIMUM TEMPERATURE (F)   83        99      1990
 MINIMUM TEMPERATURE (F)   56        43      1964


SUNRISE AND SUNSET
AUGUST 30 2015........SUNRISE   618 AM MDT   SUNSET   728 PM MDT
AUGUST 31 2015........SUNRISE   619 AM MDT   SUNSET   726 PM MDT


-  INDICATES NEGATIVE NUMBERS.
R  INDICATES RECORD WAS SET OR TIED.
MM INDICATES DATA IS MISSING.
T  INDICATES TRACE AMOUNT.




$$
