000
CDUS45 KBOU 220725
CLIAKO


CLIMATE REPORT
NATIONAL WEATHER SERVICE DENVER/BOULDER CO
125 AM MDT WED MAR 22 2017


...................................

...THE AKRON CO CLIMATE SUMMARY FOR MARCH 21 2017...

CLIMATE NORMAL PERIOD 1981 TO 2010
CLIMATE RECORD PERIOD 9999 TO 9999


WEATHER ITEM   OBSERVED TIME   RECORD YEAR NORMAL DEPARTURE LAST
                VALUE   (LST)  VALUE       VALUE  FROM      YEAR
                                                  NORMAL
..................................................................
TEMPERATURE (F)
 YESTERDAY
  MAXIMUM         63    245 PM  77    2011  54      9
  MINIMUM         35    619 AM   4    1955  27      8
  AVERAGE         49                        40      9

PRECIPITATION (IN)
  YESTERDAY        0.00          0.61 1973   0.03  -0.03     0.00
  MONTH TO DATE    0.01                      0.53  -0.52     0.15
  SINCE MAR 1      0.01                      0.53  -0.52     0.15
  SINCE JAN 1      0.12                      1.27  -1.15     0.26

DEGREE DAYS
 HEATING
  YESTERDAY       16
  MONTH TO DATE  384

 COOLING
  YESTERDAY        0
  MONTH TO DATE    0
..................................................................


WIND (MPH)
  HIGHEST WIND SPEED    30   HIGHEST WIND DIRECTION    SE (130)
  HIGHEST GUST SPEED    36   HIGHEST GUST DIRECTION    SE (130)




RELATIVE HUMIDITY (PERCENT)
 HIGHEST    70
 LOWEST     36
 AVERAGE    53

..........................................................


THE AKRON CO CLIMATE NORMALS FOR TODAY
                         NORMAL    RECORD    YEAR
 MAXIMUM TEMPERATURE (F)   54        77      2009
 MINIMUM TEMPERATURE (F)   27         7      1965


SUNRISE AND SUNSET
MARCH 22 2017.........SUNRISE   653 AM MDT   SUNSET   707 PM MDT
MARCH 23 2017.........SUNRISE   651 AM MDT   SUNSET   708 PM MDT


-  INDICATES NEGATIVE NUMBERS.
R  INDICATES RECORD WAS SET OR TIED.
MM INDICATES DATA IS MISSING.
T  INDICATES TRACE AMOUNT.




$$
