000
CDUS45 KBOU 240725
CLIAKO


CLIMATE REPORT
NATIONAL WEATHER SERVICE DENVER/BOULDER CO
1225 AM MST FRI FEB 24 2017


...................................

...THE AKRON CO CLIMATE SUMMARY FOR FEBRUARY 23 2017...

CLIMATE NORMAL PERIOD 1981 TO 2010
CLIMATE RECORD PERIOD 9999 TO 9999


WEATHER ITEM   OBSERVED TIME   RECORD YEAR NORMAL DEPARTURE LAST
                VALUE   (LST)  VALUE       VALUE  FROM      YEAR
                                                  NORMAL
..................................................................
TEMPERATURE (F)
 YESTERDAY
  MAXIMUM         33    323 AM  70    1958  46    -13
  MINIMUM         19   1159 PM -13    1960  21     -2
  AVERAGE         26                        33     -7

PRECIPITATION (IN)
  YESTERDAY        T             0.25 1992   0.02  -0.02     0.00
  MONTH TO DATE    T                         0.34  -0.34     0.02
  SINCE DEC 1      0.25                      1.04  -0.79     0.13
  SINCE JAN 1      0.11                      0.64  -0.53     0.11

DEGREE DAYS
 HEATING
  YESTERDAY       39
  MONTH TO DATE  559

 COOLING
  YESTERDAY        0
  MONTH TO DATE    0
..................................................................


WIND (MPH)
  HIGHEST WIND SPEED    29   HIGHEST WIND DIRECTION     E (90)
  HIGHEST GUST SPEED    36   HIGHEST GUST DIRECTION     E (80)




RELATIVE HUMIDITY (PERCENT)
 HIGHEST   100
 LOWEST     51
 AVERAGE    76

..........................................................


THE AKRON CO CLIMATE NORMALS FOR TODAY
                         NORMAL    RECORD    YEAR
 MAXIMUM TEMPERATURE (F)   46        69      1986
 MINIMUM TEMPERATURE (F)   22       -17      1960


SUNRISE AND SUNSET
FEBRUARY 24 2017......SUNRISE   633 AM MST   SUNSET   539 PM MST
FEBRUARY 25 2017......SUNRISE   632 AM MST   SUNSET   540 PM MST


-  INDICATES NEGATIVE NUMBERS.
R  INDICATES RECORD WAS SET OR TIED.
MM INDICATES DATA IS MISSING.
T  INDICATES TRACE AMOUNT.




$$
