000
CDUS45 KBOU 060725
CLIAKO


CLIMATE REPORT
NATIONAL WEATHER SERVICE DENVER/BOULDER CO
1225 AM MST TUE DEC 6 2016


...................................

...THE AKRON CO CLIMATE SUMMARY FOR DECEMBER 5 2016...

CLIMATE NORMAL PERIOD 1981 TO 2010
CLIMATE RECORD PERIOD 9999 TO 9999


WEATHER ITEM   OBSERVED TIME   RECORD YEAR NORMAL DEPARTURE LAST
                VALUE   (LST)  VALUE       VALUE  FROM      YEAR
                                                  NORMAL
..................................................................
TEMPERATURE (F)
 YESTERDAY
  MAXIMUM         56   1134 AM  68    1939  41     15
  MINIMUM         12   1112 PM -20    1972  18     -6
  AVERAGE         34                        29      5

PRECIPITATION (IN)
  YESTERDAY        0.00          0.11 1987   0.02  -0.02     0.00
  MONTH TO DATE    0.00                      0.09  -0.09     0.00
  SINCE DEC 1      0.00                      0.09  -0.09     0.00
  SINCE JAN 1     16.65                     16.43   0.22    13.29

DEGREE DAYS
 HEATING
  YESTERDAY       31
  MONTH TO DATE  169

 COOLING
  YESTERDAY        0
  MONTH TO DATE    0
..................................................................


WIND (MPH)
  HIGHEST WIND SPEED    43   HIGHEST WIND DIRECTION    NW (330)
  HIGHEST GUST SPEED    51   HIGHEST GUST DIRECTION    NW (330)




RELATIVE HUMIDITY (PERCENT)
 HIGHEST    76
 LOWEST     17
 AVERAGE    47

..........................................................


THE AKRON CO CLIMATE NORMALS FOR TODAY
                         NORMAL    RECORD    YEAR
 MAXIMUM TEMPERATURE (F)   41        72      1939
 MINIMUM TEMPERATURE (F)   18       -20      1972


SUNRISE AND SUNSET
DECEMBER  6 2016......SUNRISE   701 AM MST   SUNSET   427 PM MST
DECEMBER  7 2016......SUNRISE   702 AM MST   SUNSET   427 PM MST


-  INDICATES NEGATIVE NUMBERS.
R  INDICATES RECORD WAS SET OR TIED.
MM INDICATES DATA IS MISSING.
T  INDICATES TRACE AMOUNT.




$$
