034
CDUS41 KALY 220627
CLIALB


CLIMATE REPORT
NATIONAL WEATHER SERVICE ALBANY NY
125 AM EST SUN JAN 22 2017


...................................

...THE ALBANY NY CLIMATE SUMMARY FOR JANUARY 21 2017...

CLIMATE NORMAL PERIOD 1981 TO 2010
CLIMATE RECORD PERIOD 1874 TO 2017


WEATHER ITEM   OBSERVED TIME   RECORD YEAR NORMAL DEPARTURE LAST
                VALUE   (LST)  VALUE       VALUE  FROM      YEAR
                                                  NORMAL
..................................................................
TEMPERATURE (F)
 YESTERDAY
  MAXIMUM         53    255 PM  61    2006  30     23       32
  MINIMUM         38    615 AM -18    1994  14     24       16
  AVERAGE         46                        22     24       24

PRECIPITATION (IN)
  YESTERDAY        T             1.37 1979   0.08  -0.08     0.00
  MONTH TO DATE    1.60                      1.75  -0.15     1.24
  SINCE DEC 1      3.35                      4.68  -1.33     4.91
  SINCE JAN 1      1.60                      1.75  -0.15     1.24

SNOWFALL (IN)
  YESTERDAY        0.0           7.2  1990   0.6   -0.6      0.0
  MONTH TO DATE    1.0                      12.3  -11.3      3.3
  SINCE DEC 1     13.1                      26.0  -12.9      5.5
  SINCE JUL 1     15.4                      29.1  -13.7      5.5
  SNOW DEPTH       0

DEGREE DAYS
 HEATING
  YESTERDAY       19                        43    -24       41
  MONTH TO DATE  744                       894   -150      795
  SINCE DEC 1   1811                      2025   -214     1505
  SINCE JUL 1   2967                      3429   -462     2588

 COOLING
  YESTERDAY        0                         0      0        0
  MONTH TO DATE    0                         0      0        0
  SINCE DEC 1      0                         0      0        0
  SINCE JAN 1      0                         0      0        0
..................................................................


WIND (MPH)
  HIGHEST WIND SPEED    13   HIGHEST WIND DIRECTION     S (180)
  HIGHEST GUST SPEED    17   HIGHEST GUST DIRECTION     S (170)
  AVERAGE WIND SPEED     4.7


SKY COVER
  AVERAGE SKY COVER 0.8



RELATIVE HUMIDITY (PERCENT)
 HIGHEST    93
 LOWEST     63
 AVERAGE    78

..........................................................


THE ALBANY NY CLIMATE NORMALS FOR TODAY
                         NORMAL    RECORD    YEAR
 MAXIMUM TEMPERATURE (F)   30        62      1906
 MINIMUM TEMPERATURE (F)   14       -20      1984


SUNRISE AND SUNSET
JANUARY 22 2017.......SUNRISE   718 AM EST   SUNSET   456 PM EST
JANUARY 23 2017.......SUNRISE   718 AM EST   SUNSET   457 PM EST


-  INDICATES NEGATIVE NUMBERS.
R  INDICATES RECORD WAS SET OR TIED.
MM INDICATES DATA IS MISSING.
T  INDICATES TRACE AMOUNT.




$$
