000
CDUS41 KALY 052046
CLIALB


CLIMATE REPORT
NATIONAL WEATHER SERVICE ALBANY NY
446 PM EDT SUN JUL 5 2015


...................................

...THE ALBANY NY CLIMATE SUMMARY FOR JULY 5 2015...
VALID TODAY AS OF 0400 PM LOCAL TIME.

CLIMATE NORMAL PERIOD 1981 TO 2010
CLIMATE RECORD PERIOD 1874 TO 2015


WEATHER ITEM   OBSERVED TIME   RECORD YEAR NORMAL DEPARTURE LAST
                VALUE   (LST)  VALUE       VALUE  FROM      YEAR
                                                  NORMAL
..................................................................
TEMPERATURE (F)
 TODAY
  MAXIMUM         83    337 PM  99    1919  82      1       80
  MINIMUM         56    452 AM  44    1982  61     -5       58
  AVERAGE         70                        71     -1       69

PRECIPITATION (IN)
  TODAY            0.00          2.18 2005   0.13  -0.13     0.00
  MONTH TO DATE    0.39                      0.64  -0.25     1.92
  SINCE JUN 1      7.09                      4.43   2.66     6.69
  SINCE JAN 1     15.81                     19.21  -3.40    20.25

DEGREE DAYS
 HEATING
  TODAY            0                         0      0        0
  MONTH TO DATE    1                         0      1        0
  SINCE JUN 1     52                        52      0       12
  SINCE JUL 1      1                         0      1        0

 COOLING
  TODAY            5                         7     -2        4
  MONTH TO DATE   15                        32    -17       51
  SINCE JUN 1    126                       150    -24      199
  SINCE JAN 1    249                       180     69      234
..................................................................


WIND (MPH)
  HIGHEST WIND SPEED    14   HIGHEST WIND DIRECTION     W (280)
  HIGHEST GUST SPEED    17   HIGHEST GUST DIRECTION     W (250)
  AVERAGE WIND SPEED     2.8


SKY COVER
  AVERAGE SKY COVER 0.3



RELATIVE HUMIDITY (PERCENT)
 HIGHEST    93           300 AM
 LOWEST     40           300 PM
 AVERAGE    67

..........................................................


THE ALBANY NY CLIMATE NORMALS FOR TOMORROW
                         NORMAL    RECORD    YEAR
 MAXIMUM TEMPERATURE (F)   82        97      1886
 MINIMUM TEMPERATURE (F)   61        47      1961


SUNRISE AND SUNSET
JULY  5 2015..........SUNRISE   523 AM EDT   SUNSET   836 PM EDT
JULY  6 2015..........SUNRISE   524 AM EDT   SUNSET   836 PM EDT


-  INDICATES NEGATIVE NUMBERS.
R  INDICATES RECORD WAS SET OR TIED.
MM INDICATES DATA IS MISSING.
T  INDICATES TRACE AMOUNT.




$$
