000
CDUS43 KDMX 232231 RRA
CLIALO

CLIMATE REPORT
NATIONAL WEATHER SERVICE DES MOINES IA
530 PM CDT TUE SEP 23 2014


...................................

...THE WATERLOO IA CLIMATE SUMMARY FOR SEPTEMBER 23 2014...
VALID TODAY AS OF 0500 PM LOCAL TIME.

CLIMATE NORMAL PERIOD 1981 TO 2010
CLIMATE RECORD PERIOD 1895 TO 2014


WEATHER ITEM   OBSERVED TIME   RECORD YEAR NORMAL DEPARTURE LAST
                VALUE   (LST)  VALUE       VALUE  FROM      YEAR
                                                  NORMAL
..................................................................
TEMPERATURE (F)
 TODAY
  MAXIMUM         73    204 PM  91    1937  72      1       74
  MINIMUM         43    504 AM  28    1983  47     -4       48
  AVERAGE         58                        60     -2       61

PRECIPITATION (IN)
  TODAY            0.00          1.92 1902   0.08  -0.08     0.00
  MONTH TO DATE    1.53                      2.05  -0.52     1.25
  SINCE SEP 1      1.53                      2.05  -0.52     1.25
  SINCE JAN 1     28.82                     28.33   0.49    35.47

SNOWFALL (IN)
  TODAY            0.0          MM      MM   0.0    0.0      0.0
  MONTH TO DATE    0.0                       0.0    0.0      0.0
  SINCE SEP 1      0.0                       0.0    0.0      0.0
  SINCE JUL 1      0.0                       0.0    0.0      0.0
  SNOW DEPTH       0

DEGREE DAYS
 HEATING
  TODAY            7                         7      0        4
  MONTH TO DATE  140                        82     58       76
  SINCE SEP 1    140                        82     58       76
  SINCE JUL 1    157                       102     55       96

 COOLING
  TODAY            0                         1     -1        0
  MONTH TO DATE   40                        71    -31      122
  SINCE SEP 1     40                        71    -31      122
  SINCE JAN 1    647                       783   -136      818
..................................................................


WIND (MPH)
  HIGHEST WIND SPEED    16   HIGHEST WIND DIRECTION     S (160)
  HIGHEST GUST SPEED    21   HIGHEST GUST DIRECTION    SE (150)
  AVERAGE WIND SPEED     7.5


SKY COVER
  POSSIBLE SUNSHINE  MM
  AVERAGE SKY COVER 0.0


WEATHER CONDITIONS
 THE FOLLOWING WEATHER WAS RECORDED TODAY.
  NO SIGNIFICANT WEATHER WAS OBSERVED.


RELATIVE HUMIDITY (PERCENT)
 HIGHEST   100           400 AM
 LOWEST     44           100 PM
 AVERAGE    72

..........................................................


THE WATERLOO IA CLIMATE NORMALS FOR TOMORROW
                         NORMAL    RECORD    YEAR
 MAXIMUM TEMPERATURE (F)   72        91      1984
 MINIMUM TEMPERATURE (F)   47        29      2012
                                             1989


SUNRISE AND SUNSET
SEPTEMBER 23 2014.....SUNRISE   658 AM CDT   SUNSET   705 PM CDT
SEPTEMBER 24 2014.....SUNRISE   659 AM CDT   SUNSET   703 PM CDT


-  INDICATES NEGATIVE NUMBERS.
R  INDICATES RECORD WAS SET OR TIED.
MM INDICATES DATA IS MISSING.
T  INDICATES TRACE AMOUNT.




$$
