000
CDUS43 KDMX 230630
CLIALO

CLIMATE REPORT
NATIONAL WEATHER SERVICE DES MOINES IA
127 AM CDT SAT MAY 23 2015

...................................

...THE WATERLOO IA CLIMATE SUMMARY FOR MAY 22 2015...

CLIMATE NORMAL PERIOD 1981 TO 2010
CLIMATE RECORD PERIOD 1895 TO 2015


WEATHER ITEM   OBSERVED TIME   RECORD YEAR NORMAL DEPARTURE LAST
                VALUE   (LST)  VALUE       VALUE  FROM      YEAR
                                                  NORMAL
..................................................................
TEMPERATURE (F)
 YESTERDAY
  MAXIMUM         75    300 PM 101    1925  74      1       75
  MINIMUM         39    455 AM  32    1963  51    -12       47
  AVERAGE         57                        62     -5       61

PRECIPITATION (IN)
  YESTERDAY        0.00          1.91 2004   0.15  -0.15     0.00
  MONTH TO DATE    2.82                      3.16  -0.34     2.15
  SINCE MAR 1      6.78                      8.93  -2.15    10.89
  SINCE JAN 1      8.82                     10.75  -1.93    13.52

SNOWFALL (IN)
  YESTERDAY        0.0          MM      MM   0.0    0.0      0.0
  MONTH TO DATE    0.0                       0.0    0.0      0.0
  SINCE MAR 1      0.7                       6.4   -5.7      6.2
  SINCE JUL 1     29.2                      35.3   -6.1     57.1
  SNOW DEPTH       0

DEGREE DAYS
 HEATING
  YESTERDAY        8                         4      4        4
  MONTH TO DATE  149                       157     -8      203
  SINCE MAR 1   1512                      1554    -42     1903
  SINCE JUL 1   7273                      6973    300     8311

 COOLING
  YESTERDAY        0                         2     -2        0
  MONTH TO DATE   25                        28     -3       16
  SINCE MAR 1     25                        36    -11       18
  SINCE JAN 1     25                        36    -11       18
..................................................................


WIND (MPH)
  HIGHEST WIND SPEED     9   HIGHEST WIND DIRECTION    SW (230)
  HIGHEST GUST SPEED    12   HIGHEST GUST DIRECTION    SW (230)
  AVERAGE WIND SPEED     2.3


SKY COVER
  POSSIBLE SUNSHINE  MM
  AVERAGE SKY COVER 0.0


WEATHER CONDITIONS
 THE FOLLOWING WEATHER WAS RECORDED YESTERDAY.
  NO SIGNIFICANT WEATHER WAS OBSERVED.


RELATIVE HUMIDITY (PERCENT)
 HIGHEST    92           500 AM
 LOWEST     21           300 PM
 AVERAGE    57

..........................................................


THE WATERLOO IA CLIMATE NORMALS FOR TODAY
                         NORMAL    RECORD    YEAR
 MAXIMUM TEMPERATURE (F)   74        93      1921
 MINIMUM TEMPERATURE (F)   52        31      1963
                                             1931
                                             1917


SUNRISE AND SUNSET
MAY 23 2015...........SUNRISE   541 AM CDT   SUNSET   833 PM CDT
MAY 24 2015...........SUNRISE   540 AM CDT   SUNSET   834 PM CDT


-  INDICATES NEGATIVE NUMBERS.
R  INDICATES RECORD WAS SET OR TIED.
MM INDICATES DATA IS MISSING.
T  INDICATES TRACE AMOUNT.

$$

REV
