000
CDUS45 KPUB 041048
CLIALS


CLIMATE REPORT
NATIONAL WEATHER SERVICE PUEBLO
448 AM MDT WED MAY 4 2016


...................................

...THE ALAMOSA CO CLIMATE SUMMARY FOR MAY 3 2016...

CLIMATE NORMAL PERIOD 1981 TO 2010
CLIMATE RECORD PERIOD 1932 TO 2016


WEATHER ITEM   OBSERVED TIME   RECORD YEAR NORMAL DEPARTURE LAST
                VALUE   (LST)  VALUE       VALUE  FROM      YEAR
                                                  NORMAL
..................................................................
TEMPERATURE (F)
 YESTERDAY
  MAXIMUM         64    418 PM  79    1943  65     -1       68
  MINIMUM         26    515 AM  11    2011  30     -4       32
  AVERAGE         45                        47     -2       50

PRECIPITATION (IN)
  YESTERDAY        0.00          0.75 1935   0.02  -0.02     0.00
  MONTH TO DATE    0.08                      0.06   0.02     0.02
  SINCE MAR 1      2.35                      1.18   1.17     0.85
  SINCE JAN 1      3.33                      1.70   1.63     2.19

SNOWFALL (IN)
  YESTERDAY        0.0           8.0  1935   0.1   -0.1      0.0
  MONTH TO DATE    0.8                       0.2    0.6      0.0
  SINCE MAR 1     24.2                       8.8   15.4      0.7
  SINCE JUL 1     43.0                      26.9   16.1     23.8
  SNOW DEPTH       0

DEGREE DAYS
 HEATING
  YESTERDAY       20                        18      2       15
  MONTH TO DATE   69                        54     15       36
  SINCE MAR 1   1671                      1725    -54     1461
  SINCE JUL 1   7437                      8054   -617     6953

 COOLING
  YESTERDAY        0                         0      0        0
  MONTH TO DATE    0                         0      0        0
  SINCE MAR 1      0                         0      0        0
  SINCE JAN 1      0                         0      0        0
..................................................................


WIND (MPH)
  HIGHEST WIND SPEED    16   HIGHEST WIND DIRECTION    SW (230)
  HIGHEST GUST SPEED    21   HIGHEST GUST DIRECTION     N (360)
  AVERAGE WIND SPEED     5.8


SKY COVER
  POSSIBLE SUNSHINE  MM
  AVERAGE SKY COVER 0.0


WEATHER CONDITIONS
 THE FOLLOWING WEATHER WAS RECORDED YESTERDAY.
  FOG


RELATIVE HUMIDITY (PERCENT)
 HIGHEST   100           300 AM
 LOWEST     11           600 PM
 AVERAGE    56

..........................................................


THE ALAMOSA CO CLIMATE NORMALS FOR TODAY
                         NORMAL    RECORD    YEAR
 MAXIMUM TEMPERATURE (F)   65        81      1943
 MINIMUM TEMPERATURE (F)   30        13      1935


SUNRISE AND SUNSET
MAY  4 2016...........SUNRISE   604 AM MDT   SUNSET   757 PM MDT
MAY  5 2016...........SUNRISE   603 AM MDT   SUNSET   757 PM MDT


-  INDICATES NEGATIVE NUMBERS.
R  INDICATES RECORD WAS SET OR TIED.
MM INDICATES DATA IS MISSING.
T  INDICATES TRACE AMOUNT.




$$
