000
CDUS45 KPUB 240025
CLIALS


CLIMATE REPORT
NATIONAL WEATHER SERVICE PUEBLO
525 PM MST TUE JAN 23 2018


...................................

...THE ALAMOSA CO CLIMATE SUMMARY FOR JANUARY 23 2018...
VALID TODAY AS OF 0500 PM LOCAL TIME.

CLIMATE NORMAL PERIOD 1981 TO 2010
CLIMATE RECORD PERIOD 1932 TO 2018


WEATHER ITEM   OBSERVED TIME   RECORD YEAR NORMAL DEPARTURE LAST
                VALUE   (LST)  VALUE       VALUE  FROM      YEAR
                                                  NORMAL
..................................................................
TEMPERATURE (F)
 TODAY
  MAXIMUM         35    412 PM  55    1950  35      0       39
  MINIMUM        -11    725 AM -29    1984  -1    -10       15
                                      1940
  AVERAGE         12                        17     -5       27

PRECIPITATION (IN)
  TODAY            0.00          0.08 1977   0.01  -0.01      T
  MONTH TO DATE    0.08                      0.19  -0.11     1.28
  SINCE DEC 1      0.22                      0.54  -0.32     2.36
  SINCE JAN 1      0.08                      0.19  -0.11     1.28

SNOWFALL (IN)
  TODAY            0.0           1.2  1969   0.1   -0.1      0.2
  MONTH TO DATE    1.5                       2.8   -1.3     19.2
  SINCE DEC 1      2.8                       7.3   -4.5     29.4
  SINCE JUL 1      3.2                      13.1   -9.9     30.4
  SNOW DEPTH       0

DEGREE DAYS
 HEATING
  TODAY           53                        48      5       38
  MONTH TO DATE  949                      1125   -176     1031
  SINCE DEC 1   2168                      2587   -419     2475
  SINCE JUL 1   3934                      4762   -828     4339

 COOLING
  TODAY            0                         0      0        0
  MONTH TO DATE    0                         0      0        0
  SINCE DEC 1      0                         0      0        0
  SINCE JAN 1      0                         0      0        0
..................................................................


WIND (MPH)
  HIGHEST WIND SPEED     8   HIGHEST WIND DIRECTION     E (70)
  HIGHEST GUST SPEED    14   HIGHEST GUST DIRECTION     N (360)
  AVERAGE WIND SPEED     2.9


SKY COVER
  POSSIBLE SUNSHINE  MM
  AVERAGE SKY COVER 0.0


WEATHER CONDITIONS
 THE FOLLOWING WEATHER WAS RECORDED TODAY.
  NO SIGNIFICANT WEATHER WAS OBSERVED.


RELATIVE HUMIDITY (PERCENT)
 HIGHEST    91           800 AM
 LOWEST     29           400 PM
 AVERAGE    60

..........................................................


THE ALAMOSA CO CLIMATE NORMALS FOR TOMORROW
                         NORMAL    RECORD    YEAR
 MAXIMUM TEMPERATURE (F)   35        54      1981
 MINIMUM TEMPERATURE (F)   -1       -25      1979


SUNRISE AND SUNSET
JANUARY 23 2018.......SUNRISE   713 AM MST   SUNSET   518 PM MST
JANUARY 24 2018.......SUNRISE   713 AM MST   SUNSET   519 PM MST


-  INDICATES NEGATIVE NUMBERS.
R  INDICATES RECORD WAS SET OR TIED.
MM INDICATES DATA IS MISSING.
T  INDICATES TRACE AMOUNT.




$$
