000
CDUS45 KPUB 301044
CLIALS


CLIMATE REPORT
NATIONAL WEATHER SERVICE PUEBLO
444 AM MDT TUE SEP 30 2014


...................................

...THE ALAMOSA CO CLIMATE SUMMARY FOR SEPTEMBER 29 2014...

CLIMATE NORMAL PERIOD 1981 TO 2010
CLIMATE RECORD PERIOD 1932 TO 2014


WEATHER ITEM   OBSERVED TIME   RECORD YEAR NORMAL DEPARTURE LAST
                VALUE   (LST)  VALUE       VALUE  FROM      YEAR
                                                  NORMAL
..................................................................
TEMPERATURE (F)
 YESTERDAY
  MAXIMUM         68   1245 PM  85    2010  68      0       68
  MINIMUM         39   1159 PM  15    1999  31      8       24
  AVERAGE         54                        50      4       46

PRECIPITATION (IN)
  YESTERDAY        0.17          0.86 1941   0.02   0.15     0.00
  MONTH TO DATE    0.41                      0.89  -0.48     2.98
  SINCE SEP 1      0.41                      0.89  -0.48     2.98
  SINCE JAN 1      4.29                      5.84  -1.55     7.85

SNOWFALL (IN)
  YESTERDAY        0.0           0.8  1959   0.0    0.0      0.0
  MONTH TO DATE    0.0                       0.0    0.0      0.0
  SINCE SEP 1      0.0                       0.0    0.0      0.0
  SINCE JUL 1      0.0                       0.0    0.0      0.0
  SNOW DEPTH       0

DEGREE DAYS
 HEATING
  YESTERDAY       11                        15     -4       19
  MONTH TO DATE  160                       286   -126      209
  SINCE SEP 1    160                       286   -126      209
  SINCE JUL 1    281                       415   -134      284

 COOLING
  YESTERDAY        0                         0      0        0
  MONTH TO DATE    0                         0      0       14
  SINCE SEP 1      0                         0      0       14
  SINCE JAN 1     60                        51      9      113
..................................................................


WIND (MPH)
  HIGHEST WIND SPEED    36   HIGHEST WIND DIRECTION     S (160)
  HIGHEST GUST SPEED    44   HIGHEST GUST DIRECTION    SW (230)
  AVERAGE WIND SPEED     7.3


SKY COVER
  POSSIBLE SUNSHINE  MM
  AVERAGE SKY COVER 0.5


WEATHER CONDITIONS
 THE FOLLOWING WEATHER WAS RECORDED YESTERDAY.
  THUNDERSTORM
  HEAVY RAIN
  RAIN
  LIGHT RAIN
  FOG


RELATIVE HUMIDITY (PERCENT)
 HIGHEST   100           700 AM
 LOWEST     40           100 PM
 AVERAGE    70

..........................................................


THE ALAMOSA CO CLIMATE NORMALS FOR TODAY
                         NORMAL    RECORD    YEAR
 MAXIMUM TEMPERATURE (F)   68        82      2010
 MINIMUM TEMPERATURE (F)   31        15      1985


SUNRISE AND SUNSET
SEPTEMBER 30 2014.....SUNRISE   658 AM MDT   SUNSET   648 PM MDT
OCTOBER  1 2014.......SUNRISE   659 AM MDT   SUNSET   647 PM MDT


-  INDICATES NEGATIVE NUMBERS.
R  INDICATES RECORD WAS SET OR TIED.
MM INDICATES DATA IS MISSING.
T  INDICATES TRACE AMOUNT.




$$
