000
CDUS45 KPUB 041130
CLIALS


CLIMATE REPORT
NATIONAL WEATHER SERVICE PUEBLO
429 AM MST SUN DEC 4 2016


...................................

...THE ALAMOSA CO CLIMATE SUMMARY FOR DECEMBER 3 2016...

CLIMATE NORMAL PERIOD 1981 TO 2010
CLIMATE RECORD PERIOD 1932 TO 2016


WEATHER ITEM   OBSERVED TIME   RECORD YEAR NORMAL DEPARTURE LAST
                VALUE   (LST)  VALUE       VALUE  FROM      YEAR
                                                  NORMAL
..................................................................
TEMPERATURE (F)
 YESTERDAY
  MAXIMUM         29    208 PM  62    2010  38     -9       46
  MINIMUM         -1   1157 PM -20    1943   4     -5        2
  AVERAGE         14                        21     -7       24

PRECIPITATION (IN)
  YESTERDAY        0.00          0.91 1964   0.01  -0.01     0.00
  MONTH TO DATE    0.07                      0.03   0.04     0.00
  SINCE DEC 1      0.07                      0.03   0.04     0.00
  SINCE JAN 1      8.16                      6.99   1.17     9.17

SNOWFALL (IN)
  YESTERDAY        0.0          14.7  1964   0.1   -0.1      0.0
  MONTH TO DATE    1.4                       0.4    1.0      0.0
  SINCE DEC 1      1.4                       0.4    1.0      0.0
  SINCE JUL 1      2.4                       6.2   -3.8      4.3
  SNOW DEPTH       0

DEGREE DAYS
 HEATING
  YESTERDAY       51                        44      7       41
  MONTH TO DATE  152                       130     22      133
  SINCE DEC 1    152                       130     22      133
  SINCE JUL 1   2016                      2305   -289     1911

 COOLING
  YESTERDAY        0                         0      0        0
  MONTH TO DATE    0                         0      0        0
  SINCE DEC 1      0                         0      0        0
  SINCE JAN 1    115                        51     64       74
..................................................................


WIND (MPH)
  HIGHEST WIND SPEED    12   HIGHEST WIND DIRECTION    SE (120)
  HIGHEST GUST SPEED    14   HIGHEST GUST DIRECTION     E (110)
  AVERAGE WIND SPEED     4.2


SKY COVER
  POSSIBLE SUNSHINE  MM
  AVERAGE SKY COVER 0.6


WEATHER CONDITIONS
 THE FOLLOWING WEATHER WAS RECORDED YESTERDAY.
  FOG
  FOG W/VISIBILITY <= 1/4 MILE


RELATIVE HUMIDITY (PERCENT)
 HIGHEST   100           500 AM
 LOWEST     69           100 PM
 AVERAGE    85

..........................................................


THE ALAMOSA CO CLIMATE NORMALS FOR TODAY
                         NORMAL    RECORD    YEAR
 MAXIMUM TEMPERATURE (F)   38        59      1995
 MINIMUM TEMPERATURE (F)    4       -17      1964
                                             1952


SUNRISE AND SUNSET
DECEMBER  4 2016......SUNRISE   702 AM MST   SUNSET   445 PM MST
DECEMBER  5 2016......SUNRISE   703 AM MST   SUNSET   445 PM MST


-  INDICATES NEGATIVE NUMBERS.
R  INDICATES RECORD WAS SET OR TIED.
MM INDICATES DATA IS MISSING.
T  INDICATES TRACE AMOUNT.




$$
