000
CDUS45 KPUB 271126
CLIALS


CLIMATE REPORT
NATIONAL WEATHER SERVICE PUEBLO
426 AM MST TUE JAN 27 2015


...................................

...THE ALAMOSA CO CLIMATE SUMMARY FOR JANUARY 26 2015...

CLIMATE NORMAL PERIOD 1981 TO 2010
CLIMATE RECORD PERIOD 1932 TO 2015


WEATHER ITEM   OBSERVED TIME   RECORD YEAR NORMAL DEPARTURE LAST
                VALUE   (LST)  VALUE       VALUE  FROM      YEAR
                                                  NORMAL
..................................................................
TEMPERATURE (F)
 YESTERDAY
  MAXIMUM         54    359 PM  57    1982  35     19       36
                                      1935
  MINIMUM          4    724 AM -24    1966   1      3       -8
                                      1939
  AVERAGE         29                        17     12       14

PRECIPITATION (IN)
  YESTERDAY        0.00          0.39 1948   0.00   0.00     0.00
  MONTH TO DATE    0.10                      0.21  -0.11      T
  SINCE DEC 1      0.31                      0.56  -0.25     0.17
  SINCE JAN 1      0.10                      0.21  -0.11      T

SNOWFALL (IN)
  YESTERDAY        0.0           6.5  1948   0.2   -0.2      0.0
  MONTH TO DATE    1.0                       3.3   -2.3       T
  SINCE DEC 1      3.3                       7.8   -4.5      4.0
  SINCE JUL 1      4.9                      13.6   -8.7     25.6
  SNOW DEPTH       0

DEGREE DAYS
 HEATING
  YESTERDAY       36                        48    -12       51
  MONTH TO DATE 1088                      1269   -181     1432
  SINCE DEC 1   2397                      2731   -334     3215
  SINCE JUL 1   4240                      4906   -666     5315

 COOLING
  YESTERDAY        0                         0      0        0
  MONTH TO DATE    0                         0      0        0
  SINCE DEC 1      0                         0      0        0
  SINCE JAN 1      0                         0      0        0
..................................................................


WIND (MPH)
  HIGHEST WIND SPEED     9   HIGHEST WIND DIRECTION     W (250)
  HIGHEST GUST SPEED    10   HIGHEST GUST DIRECTION    SW (240)
  AVERAGE WIND SPEED     3.0


SKY COVER
  POSSIBLE SUNSHINE  MM
  AVERAGE SKY COVER 0.0


WEATHER CONDITIONS
 THE FOLLOWING WEATHER WAS RECORDED YESTERDAY.
  NO SIGNIFICANT WEATHER WAS OBSERVED.


RELATIVE HUMIDITY (PERCENT)
 HIGHEST    92           400 AM
 LOWEST     24           400 PM
 AVERAGE    58

..........................................................


THE ALAMOSA CO CLIMATE NORMALS FOR TODAY
                         NORMAL    RECORD    YEAR
 MAXIMUM TEMPERATURE (F)   35        55      1970
                                             1947
 MINIMUM TEMPERATURE (F)    1       -35      1948


SUNRISE AND SUNSET
JANUARY 27 2015.......SUNRISE   711 AM MST   SUNSET   522 PM MST
JANUARY 28 2015.......SUNRISE   710 AM MST   SUNSET   523 PM MST


-  INDICATES NEGATIVE NUMBERS.
R  INDICATES RECORD WAS SET OR TIED.
MM INDICATES DATA IS MISSING.
T  INDICATES TRACE AMOUNT.




$$
