000
CDUS44 KAMA 190637
CLIAMA


CLIMATE REPORT
NATIONAL WEATHER SERVICE AMARILLO TX
135 AM CDT SAT AUG 19 2017


...................................

...THE AMARILLO CLIMATE SUMMARY FOR AUGUST 18 2017...

CLIMATE NORMAL PERIOD 1981 TO 2010
CLIMATE RECORD PERIOD 1892 TO 2017


WEATHER ITEM   OBSERVED TIME   RECORD YEAR NORMAL DEPARTURE LAST
                VALUE   (LST)  VALUE       VALUE  FROM      YEAR
                                                  NORMAL
..................................................................
TEMPERATURE (F)
 YESTERDAY
  MAXIMUM         87    522 PM 104    1994  89     -2       90
  MINIMUM         64    835 AM  56    1981  64      0       62
                                      1950
  AVERAGE         76                        77     -1       76

PRECIPITATION (IN)
  YESTERDAY        0.01          2.33 1961   0.09  -0.08     0.00
  MONTH TO DATE    6.66                      1.84   4.82     1.59
  SINCE JUN 1     11.99                      7.84   4.15     6.48
  SINCE JAN 1     20.14                     14.20   5.94    12.37

SNOWFALL (IN)
  YESTERDAY        0.0           0.0    MM   0.0    0.0      0.0
  MONTH TO DATE    0.0                       0.0    0.0      0.0
  SINCE JUN 1      T                         0.0    0.0       T
  SINCE JUL 1      T                         0.0    0.0       T
  SNOW DEPTH       0

DEGREE DAYS
 HEATING
  YESTERDAY        0                         0      0        0
  MONTH TO DATE    0                         0      0        0
  SINCE JUN 1      1                         7     -6        0
  SINCE JUL 1      0                         0      0        0

 COOLING
  YESTERDAY       11                        12     -1       11
  MONTH TO DATE  166                       225    -59      250
  SINCE JUN 1   1010                       925     85     1187
  SINCE JAN 1   1140                      1050     90     1275
..................................................................


WIND (MPH)
  RESULTANT WIND SPEED  10   RESULTANT WIND DIRECTION   S (180)
  HIGHEST WIND SPEED    22   HIGHEST WIND DIRECTION    SE (140)
  HIGHEST GUST SPEED    29   HIGHEST GUST DIRECTION     W (280)
  AVERAGE WIND SPEED    11.9


SKY COVER
  AVERAGE SKY COVER 0.2


WEATHER CONDITIONS
 THE FOLLOWING WEATHER WAS RECORDED YESTERDAY.
  THUNDERSTORM
  LIGHT RAIN


RELATIVE HUMIDITY (PERCENT)
 HIGHEST    87           300 AM
 LOWEST     50           300 PM
 AVERAGE    69

..........................................................


THE AMARILLO CLIMATE NORMALS FOR TODAY
                         NORMAL    RECORD    YEAR
 MAXIMUM TEMPERATURE (F)   89       102      1938
 MINIMUM TEMPERATURE (F)   64        53      1956


SUNRISE AND SUNSET
AUGUST 19 2017........SUNRISE   710 AM CDT   SUNSET   830 PM CDT
AUGUST 20 2017........SUNRISE   711 AM CDT   SUNSET   829 PM CDT


-  INDICATES NEGATIVE NUMBERS.
R  INDICATES RECORD WAS SET OR TIED.
MM INDICATES DATA IS MISSING.
T  INDICATES TRACE AMOUNT.




$$
