000
CDUS44 KAMA 222132
CLIAMA


CLIMATE REPORT
NATIONAL WEATHER SERVICE AMARILLO TX
432 PM CDT THU JUN 22 2017


...................................

...THE AMARILLO CLIMATE SUMMARY FOR JUNE 22 2017...
VALID TODAY AS OF 0430 PM LOCAL TIME.

CLIMATE NORMAL PERIOD 1981 TO 2010
CLIMATE RECORD PERIOD 1892 TO 2017


WEATHER ITEM   OBSERVED TIME   RECORD YEAR NORMAL DEPARTURE LAST
                VALUE   (LST)  VALUE       VALUE  FROM      YEAR
                                                  NORMAL
..................................................................
TEMPERATURE (F)
 TODAY
  MAXIMUM         99    319 PM 106    1953  90      9      101
  MINIMUM         60    308 AM  46    1902  63     -3       69
  AVERAGE         80                        76      4       85

PRECIPITATION (IN)
  TODAY            T             1.81 1904   0.09  -0.09     0.00
  MONTH TO DATE    0.35                      2.41  -2.06     1.16
  SINCE JUN 1      0.35                      2.41  -2.06     1.16
  SINCE JAN 1      8.50                      8.77  -0.27     7.05

SNOWFALL (IN)
  TODAY            0.0           0.0    MM   0.0    0.0      0.0
  MONTH TO DATE    0.0                       0.0    0.0      0.0
  SINCE JUN 1      0.0                       0.0    0.0      0.0
  SINCE JUL 1     10.0                      17.8   -7.8     13.4
  SNOW DEPTH       0

DEGREE DAYS
 HEATING
  TODAY            0                         0      0        0
  MONTH TO DATE    0                         5     -5        0
  SINCE JUN 1      0                         5     -5        0
  SINCE JUL 1   3237                      4176   -939     3461

 COOLING
  TODAY           15                        11      4       20
  MONTH TO DATE  278                       192     86      257
  SINCE JUN 1    278                       192     86      257
  SINCE JAN 1    408                       317     91      345
..................................................................


WIND (MPH)
  RESULTANT WIND SPEED   4   RESULTANT WIND DIRECTION  SW (210)
  HIGHEST WIND SPEED    33   HIGHEST WIND DIRECTION     E (70)
  HIGHEST GUST SPEED    42   HIGHEST GUST DIRECTION    NE (60)
  AVERAGE WIND SPEED     7.4


SKY COVER
  AVERAGE SKY COVER 0.0


WEATHER CONDITIONS
 THE FOLLOWING WEATHER WAS RECORDED TODAY.
  LIGHT RAIN


RELATIVE HUMIDITY (PERCENT)
 HIGHEST    84           300 AM
 LOWEST     22           300 PM
 AVERAGE    53

..........................................................


THE AMARILLO CLIMATE NORMALS FOR TOMORROW
                         NORMAL    RECORD    YEAR
 MAXIMUM TEMPERATURE (F)   90       103      2011
                                             1980
                                             1953
 MINIMUM TEMPERATURE (F)   63        53      1989


SUNRISE AND SUNSET
JUNE 22 2017..........SUNRISE   633 AM CDT   SUNSET   905 PM CDT
JUNE 23 2017..........SUNRISE   633 AM CDT   SUNSET   905 PM CDT


-  INDICATES NEGATIVE NUMBERS.
R  INDICATES RECORD WAS SET OR TIED.
MM INDICATES DATA IS MISSING.
T  INDICATES TRACE AMOUNT.




$$
