000
CDUS44 KAMA 310631
CLIAMA


CLIMATE REPORT
NATIONAL WEATHER SERVICE AMARILLO TX
129 AM CDT SUN AUG 31 2014


...................................

...THE AMARILLO CLIMATE SUMMARY FOR AUGUST 30 2014...

CLIMATE NORMAL PERIOD 1981 TO 2010
CLIMATE RECORD PERIOD 1892 TO 2014


WEATHER ITEM   OBSERVED TIME   RECORD YEAR NORMAL DEPARTURE LAST
                VALUE   (LST)  VALUE       VALUE  FROM      YEAR
                                                  NORMAL
..................................................................
TEMPERATURE (F)
 YESTERDAY
  MAXIMUM         94    402 PM 103    2011  88      6      101
  MINIMUM         63    555 AM  48    1915  62      1       69
  AVERAGE         79                        75      4       85

PRECIPITATION (IN)
  YESTERDAY        0.00          1.14 1903   0.07  -0.07     0.00
  MONTH TO DATE    1.76                      2.83  -1.07     1.42
  SINCE JUN 1      8.98                      8.83   0.15     6.08
  SINCE JAN 1     13.69                     15.19  -1.50    12.37

SNOWFALL (IN)
  YESTERDAY        0.0           0.0    MM   0.0    0.0      0.0
  MONTH TO DATE    0.0                       0.0    0.0      0.0
  SINCE JUN 1      0.0                       0.0    0.0      0.0
  SINCE JUL 1      0.0                       0.0    0.0      0.0
  SNOW DEPTH       0

DEGREE DAYS
 HEATING
  YESTERDAY        0                         0      0        0
  MONTH TO DATE    0                         0      0        0
  SINCE JUN 1      4                         7     -3        0
  SINCE JUL 1      0                         0      0        0

 COOLING
  YESTERDAY       14                        10      4       20
  MONTH TO DATE  430                       357     73      430
  SINCE JUN 1   1111                      1057     54     1229
  SINCE JAN 1   1308                      1182    126     1477
..................................................................


WIND (MPH)
  RESULTANT WIND SPEED   8   RESULTANT WIND DIRECTION   S (180)
  HIGHEST WIND SPEED    23   HIGHEST WIND DIRECTION     S (170)
  HIGHEST GUST SPEED    27   HIGHEST GUST DIRECTION     S (170)
  AVERAGE WIND SPEED    10.5


SKY COVER
  AVERAGE SKY COVER 0.2


WEATHER CONDITIONS
 THE FOLLOWING WEATHER WAS RECORDED YESTERDAY.
  FOG


RELATIVE HUMIDITY (PERCENT)
 HIGHEST    93           700 AM
 LOWEST     20           200 PM
 AVERAGE    57

..........................................................


THE AMARILLO CLIMATE NORMALS FOR TODAY
                         NORMAL    RECORD    YEAR
 MAXIMUM TEMPERATURE (F)   88       103      2011
 MINIMUM TEMPERATURE (F)   62        49      1915


SUNRISE AND SUNSET
AUGUST 31 2014........SUNRISE   719 AM CDT   SUNSET   815 PM CDT
SEPTEMBER  1 2014.....SUNRISE   719 AM CDT   SUNSET   814 PM CDT


-  INDICATES NEGATIVE NUMBERS.
R  INDICATES RECORD WAS SET OR TIED.
MM INDICATES DATA IS MISSING.
T  INDICATES TRACE AMOUNT.




$$
