000
CDUS44 KAMA 220734
CLIAMA


CLIMATE REPORT
NATIONAL WEATHER SERVICE AMARILLO TX
134 AM CST MON DEC 22 2014


...................................

...THE AMARILLO CLIMATE SUMMARY FOR DECEMBER 21 2014...

CLIMATE NORMAL PERIOD 1981 TO 2010
CLIMATE RECORD PERIOD 1892 TO 2014


WEATHER ITEM   OBSERVED TIME   RECORD YEAR NORMAL DEPARTURE LAST
                VALUE   (LST)  VALUE       VALUE  FROM      YEAR
                                                  NORMAL
..................................................................
TEMPERATURE (F)
 YESTERDAY
  MAXIMUM         61    337 PM  77    2003  49     12       31
  MINIMUM         28    814 AM  -4    1983  23      5       17
  AVERAGE         45                        36      9       24

PRECIPITATION (IN)
  YESTERDAY        0.00          1.29 1907   0.03  -0.03     0.30
  MONTH TO DATE    0.11                      0.48  -0.37     0.32
  SINCE DEC 1      0.11                      0.48  -0.37     0.32
  SINCE JAN 1     19.38                     20.13  -0.75    15.20

SNOWFALL (IN)
  YESTERDAY        0.0          11.5  1907   0.1   -0.1      2.0
  MONTH TO DATE    T                         2.6   -2.6      2.2
  SINCE DEC 1      T                         2.6   -2.6      2.2
  SINCE JUL 1      2.5                       5.3   -2.8      6.5
  SNOW DEPTH       0

DEGREE DAYS
 HEATING
  YESTERDAY       20                        29     -9       41
  MONTH TO DATE  439                       583   -144      598
  SINCE DEC 1    439                       583   -144      598
  SINCE JUL 1   1233                      1427   -194     1436

 COOLING
  YESTERDAY        0                         0      0        0
  MONTH TO DATE    0                         0      0        0
  SINCE DEC 1      0                         0      0        0
  SINCE JAN 1   1534                      1399    135     1806
..................................................................


WIND (MPH)
  RESULTANT WIND SPEED   8   RESULTANT WIND DIRECTION   S (200)
  HIGHEST WIND SPEED    21   HIGHEST WIND DIRECTION     S (190)
  HIGHEST GUST SPEED    26   HIGHEST GUST DIRECTION     S (180)
  AVERAGE WIND SPEED     9.4


SKY COVER
  AVERAGE SKY COVER 0.3


WEATHER CONDITIONS
 THE FOLLOWING WEATHER WAS RECORDED YESTERDAY.
  FOG
  FOG W/VISIBILITY <= 1/4 MILE


RELATIVE HUMIDITY (PERCENT)
 HIGHEST   100          1200 AM
 LOWEST     24           300 PM
 AVERAGE    62

..........................................................


THE AMARILLO CLIMATE NORMALS FOR TODAY
                         NORMAL    RECORD    YEAR
 MAXIMUM TEMPERATURE (F)   49        75      1955
                                             1933
 MINIMUM TEMPERATURE (F)   23        -8      1989


SUNRISE AND SUNSET
DECEMBER 22 2014......SUNRISE   752 AM CST   SUNSET   539 PM CST
DECEMBER 23 2014......SUNRISE   752 AM CST   SUNSET   539 PM CST


-  INDICATES NEGATIVE NUMBERS.
R  INDICATES RECORD WAS SET OR TIED.
MM INDICATES DATA IS MISSING.
T  INDICATES TRACE AMOUNT.




$$
