000
CDUS44 KAMA 070728
CLIAMA


CLIMATE REPORT
NATIONAL WEATHER SERVICE AMARILLO TX
126 AM CST SUN FEB 7 2016


...................................

...THE AMARILLO CLIMATE SUMMARY FOR FEBRUARY 6 2016...

CLIMATE NORMAL PERIOD 1981 TO 2010
CLIMATE RECORD PERIOD 1892 TO 2016


WEATHER ITEM   OBSERVED TIME   RECORD YEAR NORMAL DEPARTURE LAST
                VALUE   (LST)  VALUE       VALUE  FROM      YEAR
                                                  NORMAL
..................................................................
TEMPERATURE (F)
 YESTERDAY
  MAXIMUM         56    441 PM  82    2015  52      4       82
  MINIMUM         19    705 AM  -1    1914  25     -6       29
                                      1899
  AVERAGE         38                        39     -1       56

PRECIPITATION (IN)
  YESTERDAY        0.00          0.36 1905   0.02  -0.02     0.00
  MONTH TO DATE    0.11                      0.13  -0.02      T
  SINCE DEC 1      1.08                      1.56  -0.48     1.74
  SINCE JAN 1      0.30                      0.85  -0.55     1.61

SNOWFALL (IN)
  YESTERDAY        0.0           3.5  1905   0.1   -0.1      0.0
  MONTH TO DATE    T                         0.9   -0.9       T
  SINCE DEC 1      7.6                       9.3   -1.7     14.5
  SINCE JUL 1      8.9                      12.0   -3.1     17.0
  SNOW DEPTH       0

DEGREE DAYS
 HEATING
  YESTERDAY       27                        26      1        9
  MONTH TO DATE  182                       161     21      143
  SINCE DEC 1   1724                      1902   -178     1789
  SINCE JUL 1   2383                      2746   -363     2583

 COOLING
  YESTERDAY        0                         0      0        0
  MONTH TO DATE    0                         0      0        0
  SINCE DEC 1      0                         0      0        0
  SINCE JAN 1      0                         0      0        0
..................................................................


WIND (MPH)
  RESULTANT WIND SPEED   5   RESULTANT WIND DIRECTION  SW (230)
  HIGHEST WIND SPEED    17   HIGHEST WIND DIRECTION     S (170)
  HIGHEST GUST SPEED    22   HIGHEST GUST DIRECTION     S (190)
  AVERAGE WIND SPEED     9.2


SKY COVER
  AVERAGE SKY COVER 0.0


WEATHER CONDITIONS
 THE FOLLOWING WEATHER WAS RECORDED YESTERDAY.
  NO SIGNIFICANT WEATHER WAS OBSERVED.


RELATIVE HUMIDITY (PERCENT)
 HIGHEST    77           500 AM
 LOWEST     16           400 PM
 AVERAGE    47

..........................................................


THE AMARILLO CLIMATE NORMALS FOR TODAY
                         NORMAL    RECORD    YEAR
 MAXIMUM TEMPERATURE (F)   53        83      2015
 MINIMUM TEMPERATURE (F)   25        -8      1933
                                             1899


SUNRISE AND SUNSET
FEBRUARY  7 2016......SUNRISE   741 AM CST   SUNSET   621 PM CST
FEBRUARY  8 2016......SUNRISE   740 AM CST   SUNSET   622 PM CST


-  INDICATES NEGATIVE NUMBERS.
R  INDICATES RECORD WAS SET OR TIED.
MM INDICATES DATA IS MISSING.
T  INDICATES TRACE AMOUNT.




$$
