000
CDUS44 KAMA 290730
CLIAMA


CLIMATE REPORT
NATIONAL WEATHER SERVICE AMARILLO TX
130 AM CST SAT NOV 29 2014


...................................

...THE AMARILLO CLIMATE SUMMARY FOR NOVEMBER 28 2014...

CLIMATE NORMAL PERIOD 1981 TO 2010
CLIMATE RECORD PERIOD 1892 TO 2014


WEATHER ITEM   OBSERVED TIME   RECORD YEAR NORMAL DEPARTURE LAST
                VALUE   (LST)  VALUE       VALUE  FROM      YEAR
                                                  NORMAL
..................................................................
TEMPERATURE (F)
 YESTERDAY
  MAXIMUM         83R   357 PM  81    1949  54     29       54
  MINIMUM         37    732 AM   0    1976  27     10       31
  AVERAGE         60                        41     19       43

PRECIPITATION (IN)
  YESTERDAY        0.00          0.98 1909   0.01  -0.01     0.00
  MONTH TO DATE    0.34                      0.76  -0.42     0.51
  SINCE SEP 1      5.58                      4.34   1.24     2.51
  SINCE JAN 1     19.27                     19.61  -0.34    14.88

SNOWFALL (IN)
  YESTERDAY        0.0           5.4  1909   0.1   -0.1      0.0
  MONTH TO DATE    2.5                       2.3    0.2      4.3
  SINCE SEP 1      2.5                       2.5    0.0      4.3
  SINCE JUL 1      2.5                       2.5    0.0      4.3
  SNOW DEPTH       0

DEGREE DAYS
 HEATING
  YESTERDAY        5                        24    -19       22
  MONTH TO DATE  612                       514     98      561
  SINCE SEP 1    776                       793    -17      805
  SINCE JUL 1    776                       794    -18      805

 COOLING
  YESTERDAY        0                         0      0        0
  MONTH TO DATE    0                         0      0        0
  SINCE SEP 1    204                       206     -2      310
  SINCE JAN 1   1534                      1398    136     1806
..................................................................


WIND (MPH)
  RESULTANT WIND SPEED  14   RESULTANT WIND DIRECTION  SW (230)
  HIGHEST WIND SPEED    26   HIGHEST WIND DIRECTION     W (250)
  HIGHEST GUST SPEED    33   HIGHEST GUST DIRECTION     W (260)
  AVERAGE WIND SPEED    14.6


SKY COVER
  AVERAGE SKY COVER 0.0


WEATHER CONDITIONS
 THE FOLLOWING WEATHER WAS RECORDED YESTERDAY.
  NO SIGNIFICANT WEATHER WAS OBSERVED.


RELATIVE HUMIDITY (PERCENT)
 HIGHEST    64           500 AM
 LOWEST      5           300 PM
 AVERAGE    35

..........................................................


THE AMARILLO CLIMATE NORMALS FOR TODAY
                         NORMAL    RECORD    YEAR
 MAXIMUM TEMPERATURE (F)   54        77      1970
 MINIMUM TEMPERATURE (F)   27         3      1976


SUNRISE AND SUNSET
NOVEMBER 29 2014......SUNRISE   735 AM CST   SUNSET   535 PM CST
NOVEMBER 30 2014......SUNRISE   736 AM CST   SUNSET   535 PM CST


-  INDICATES NEGATIVE NUMBERS.
R  INDICATES RECORD WAS SET OR TIED.
MM INDICATES DATA IS MISSING.
T  INDICATES TRACE AMOUNT.




$$
