000
CDUS44 KAMA 280634
CLIAMA


CLIMATE REPORT
NATIONAL WEATHER SERVICE AMARILLO TX
134 AM CDT FRI APR 28 2017


...................................

...THE AMARILLO CLIMATE SUMMARY FOR APRIL 27 2017...

CLIMATE NORMAL PERIOD 1981 TO 2010
CLIMATE RECORD PERIOD 1892 TO 2017


WEATHER ITEM   OBSERVED TIME   RECORD YEAR NORMAL DEPARTURE LAST
                VALUE   (LST)  VALUE       VALUE  FROM      YEAR
                                                  NORMAL
..................................................................
TEMPERATURE (F)
 YESTERDAY
  MAXIMUM         79    557 PM  92    1927  74      5       69
  MINIMUM         44   1209 AM  30    1995  45     -1       40
                                      1994
  AVERAGE         62                        60      2       55

PRECIPITATION (IN)
  YESTERDAY        T             1.71 2015   0.05  -0.05     0.00
  MONTH TO DATE    0.45                      1.25  -0.80     2.16
  SINCE MAR 1      2.43                      2.64  -0.21     2.43
  SINCE JAN 1      6.11                      3.92   2.19     3.12

SNOWFALL (IN)
  YESTERDAY       MM             T    1998   0.0   MM        0.0
  MONTH TO DATE    0.0                       0.7   -0.7      0.0
  SINCE MAR 1      0.0                       3.6   -3.6      1.3
  SINCE JUL 1      8.0                      17.6   -9.6     13.4
  SNOW DEPTH       0

DEGREE DAYS
 HEATING
  YESTERDAY        3                         6     -3       10
  MONTH TO DATE  184                       263    -79      187
  SINCE MAR 1    531                       795   -264      557
  SINCE JUL 1   3089                      4072   -983     3298

 COOLING
  YESTERDAY        0                         1     -1        0
  MONTH TO DATE   37                        13     24        8
  SINCE MAR 1     49                        15     34       10
  SINCE JAN 1     54                        15     39       11
..................................................................


WIND (MPH)
  RESULTANT WIND SPEED   8   RESULTANT WIND DIRECTION   S (180)
  HIGHEST WIND SPEED    28   HIGHEST WIND DIRECTION     W (270)
  HIGHEST GUST SPEED    35   HIGHEST GUST DIRECTION     W (280)
  AVERAGE WIND SPEED    14.9


SKY COVER
  AVERAGE SKY COVER 0.2


WEATHER CONDITIONS
 THE FOLLOWING WEATHER WAS RECORDED YESTERDAY.
  LIGHT RAIN


RELATIVE HUMIDITY (PERCENT)
 HIGHEST    70          1200 AM
 LOWEST     19           100 PM
 AVERAGE    45

..........................................................


THE AMARILLO CLIMATE NORMALS FOR TODAY
                         NORMAL    RECORD    YEAR
 MAXIMUM TEMPERATURE (F)   75        92      1927
                                             1910
 MINIMUM TEMPERATURE (F)   46        31      1994


SUNRISE AND SUNSET
APRIL 28 2017.........SUNRISE   659 AM CDT   SUNSET   830 PM CDT
APRIL 29 2017.........SUNRISE   657 AM CDT   SUNSET   831 PM CDT


-  INDICATES NEGATIVE NUMBERS.
R  INDICATES RECORD WAS SET OR TIED.
MM INDICATES DATA IS MISSING.
T  INDICATES TRACE AMOUNT.




$$
