000
CDUS44 KAMA 020638
CLIAMA


CLIMATE REPORT
NATIONAL WEATHER SERVICE AMARILLO TX
137 AM CDT THU JUL 2 2015


...................................

...THE AMARILLO CLIMATE SUMMARY FOR JULY 1 2015...

CLIMATE NORMAL PERIOD 1981 TO 2010
CLIMATE RECORD PERIOD 1892 TO 2015


WEATHER ITEM   OBSERVED TIME   RECORD YEAR NORMAL DEPARTURE LAST
                VALUE   (LST)  VALUE       VALUE  FROM      YEAR
                                                  NORMAL
..................................................................
TEMPERATURE (F)
 YESTERDAY
  MAXIMUM         94    320 PM 105    1994  91      3       83
  MINIMUM         67    550 AM  55    1907  64      3       65
  AVERAGE         81                        78      3       74

PRECIPITATION (IN)
  YESTERDAY        0.00          1.22 1995   0.09  -0.09      T
  MONTH TO DATE    0.00                      0.09  -0.09      T
  SINCE JUN 1      3.89                      3.25   0.64     5.40
  SINCE JAN 1     18.44                      9.61   8.83    10.11

SNOWFALL (IN)
  YESTERDAY        0.0           T    1951   0.0    0.0      0.0
  MONTH TO DATE    0.0                       0.0    0.0      0.0
  SINCE JUN 1      0.0                       0.0    0.0      0.0
  SINCE JUL 1      0.0                       0.0    0.0      0.0
  SNOW DEPTH       0

DEGREE DAYS
 HEATING
  YESTERDAY        0                         0      0        0
  MONTH TO DATE    0                         0      0        0
  SINCE JUN 1      0                         7     -7        4
  SINCE JUL 1      0                         0      0        0

 COOLING
  YESTERDAY       16                        13      3        9
  MONTH TO DATE   16                        13      3        9
  SINCE JUN 1    325                       301     24      327
  SINCE JAN 1    374                       426    -52      524
..................................................................


WIND (MPH)
  RESULTANT WIND SPEED  13   RESULTANT WIND DIRECTION   S (200)
  HIGHEST WIND SPEED    24   HIGHEST WIND DIRECTION    SW (230)
  HIGHEST GUST SPEED    31   HIGHEST GUST DIRECTION    SW (240)
  AVERAGE WIND SPEED    14.3


SKY COVER
  AVERAGE SKY COVER 0.0


WEATHER CONDITIONS
 THE FOLLOWING WEATHER WAS RECORDED YESTERDAY.
  NO SIGNIFICANT WEATHER WAS OBSERVED.


RELATIVE HUMIDITY (PERCENT)
 HIGHEST    76           500 AM
 LOWEST     28           300 PM
 AVERAGE    52

..........................................................


THE AMARILLO CLIMATE NORMALS FOR TODAY
                         NORMAL    RECORD    YEAR
 MAXIMUM TEMPERATURE (F)   91       103      1953
 MINIMUM TEMPERATURE (F)   65        55      2013


SUNRISE AND SUNSET
JULY  2 2015..........SUNRISE   636 AM CDT   SUNSET   905 PM CDT
JULY  3 2015..........SUNRISE   637 AM CDT   SUNSET   905 PM CDT


-  INDICATES NEGATIVE NUMBERS.
R  INDICATES RECORD WAS SET OR TIED.
MM INDICATES DATA IS MISSING.
T  INDICATES TRACE AMOUNT.




$$
