000
CDUS42 KJAX 220533
CLIAMG


CLIMATE REPORT
NATIONAL WEATHER SERVICE JACKSONVILLE FL
132 AM EDT MON SEP 22 2014


...................................

...THE ALMA CLIMATE SUMMARY FOR SEPTEMBER 21 2014...

CLIMATE NORMAL PERIOD 1981 TO 2010
CLIMATE RECORD PERIOD 1948 TO 2014


WEATHER ITEM   OBSERVED TIME   RECORD YEAR NORMAL DEPARTURE LAST
                VALUE   (LST)  VALUE       VALUE  FROM      YEAR
                                                  NORMAL
..................................................................
TEMPERATURE (F)
 YESTERDAY
  MAXIMUM         89    323 PM  96    2010  86      3       90
                                      1990
  MINIMUM         60    648 AM  51    1981  66     -6       64
  AVERAGE         75                        76     -1       77

PRECIPITATION (IN)
  YESTERDAY        0.00          2.23 2011   0.11  -0.11     0.05
  MONTH TO DATE    2.84                      2.67   0.17     1.56
  SINCE SEP 1      2.84                      2.67   0.17     1.56
  SINCE JAN 1     30.70                     36.88  -6.18    44.43

SNOWFALL (IN)
  YESTERDAY        0.0           0.0    MM   0.0    0.0      0.0
  MONTH TO DATE    0.0                       0.0    0.0      0.0
  SINCE SEP 1      0.0                       0.0    0.0      0.0
  SINCE JUL 1      0.0                       0.0    0.0      0.0
  SNOW DEPTH       0

DEGREE DAYS
 HEATING
  YESTERDAY        0                         0      0        0
  MONTH TO DATE    0                         0      0        0
  SINCE SEP 1      0                         0      0        0
  SINCE JUL 1      0                         0      0        0

 COOLING
  YESTERDAY       10                        11     -1       12
  MONTH TO DATE  320                       275     45      316
  SINCE SEP 1    320                       275     45      316
  SINCE JAN 1   2227                      2182     45     2093
..................................................................


WIND (MPH)
  HIGHEST WIND SPEED    12   HIGHEST WIND DIRECTION    NW (310)
  HIGHEST GUST SPEED    15   HIGHEST GUST DIRECTION    NW (320)
  AVERAGE WIND SPEED     3.1


SKY COVER
  POSSIBLE SUNSHINE  MM
  AVERAGE SKY COVER 0.0


WEATHER CONDITIONS
 THE FOLLOWING WEATHER WAS RECORDED YESTERDAY.
  FOG


RELATIVE HUMIDITY (PERCENT)
 HIGHEST    97           700 AM
 LOWEST     31           500 PM
 AVERAGE    64

..........................................................


THE ALMA CLIMATE NORMALS FOR TODAY
                         NORMAL    RECORD    YEAR
 MAXIMUM TEMPERATURE (F)   86        95      1990
 MINIMUM TEMPERATURE (F)   66        49      1983


SUNRISE AND SUNSET
SEPTEMBER 22 2014.....SUNRISE   718 AM EDT   SUNSET   727 PM EDT
SEPTEMBER 23 2014.....SUNRISE   719 AM EDT   SUNSET   725 PM EDT


-  INDICATES NEGATIVE NUMBERS.
R  INDICATES RECORD WAS SET OR TIED.
MM INDICATES DATA IS MISSING.
T  INDICATES TRACE AMOUNT.




$$
