000
CDUS42 KJAX 010531
CLIAMG


CLIMATE REPORT
NATIONAL WEATHER SERVICE JACKSONVILLE FL
130 AM EDT WED OCT 1 2014


...................................

...THE ALMA CLIMATE SUMMARY FOR SEPTEMBER 30 2014...

CLIMATE NORMAL PERIOD 1981 TO 2010
CLIMATE RECORD PERIOD 1948 TO 2014


WEATHER ITEM   OBSERVED TIME   RECORD YEAR NORMAL DEPARTURE LAST
                VALUE   (LST)  VALUE       VALUE  FROM      YEAR
                                                  NORMAL
..................................................................
TEMPERATURE (F)
 YESTERDAY
  MAXIMUM         79    228 PM  94    1959  84     -5       76
  MINIMUM         67   1159 PM  40    1967  63      4       58
  AVERAGE         73                        73      0       67

PRECIPITATION (IN)
  YESTERDAY        0.00          2.51 1998   0.11  -0.11      T
  MONTH TO DATE    3.32                      3.64  -0.32     2.12
  SINCE SEP 1      3.32                      3.64  -0.32     2.12
  SINCE JAN 1     31.18                     37.85  -6.67    44.99

SNOWFALL (IN)
  YESTERDAY        0.0           0.0    MM   0.0    0.0      0.0
  MONTH TO DATE    0.0                       0.0    0.0      0.0
  SINCE SEP 1      0.0                       0.0    0.0      0.0
  SINCE JUL 1      0.0                       0.0    0.0      0.0
  SNOW DEPTH       0

DEGREE DAYS
 HEATING
  YESTERDAY        0                         0      0        0
  MONTH TO DATE    2                         0      2        0
  SINCE SEP 1      2                         2      0        0
  SINCE JUL 1      2                         2      0        0

 COOLING
  YESTERDAY        8                         9     -1        2
  MONTH TO DATE  383                       363     20      378
  SINCE SEP 1    383                       363     20      378
  SINCE JAN 1   2290                      2270     20     2155
..................................................................


WIND (MPH)
  HIGHEST WIND SPEED     9   HIGHEST WIND DIRECTION     N (340)
  HIGHEST GUST SPEED    12   HIGHEST GUST DIRECTION     N (10)
  AVERAGE WIND SPEED     3.1


SKY COVER
  POSSIBLE SUNSHINE  MM
  AVERAGE SKY COVER 1.0


WEATHER CONDITIONS
 THE FOLLOWING WEATHER WAS RECORDED YESTERDAY.
  FOG


RELATIVE HUMIDITY (PERCENT)
 HIGHEST   100           400 AM
 LOWEST     67           200 PM
 AVERAGE    84

..........................................................


THE ALMA CLIMATE NORMALS FOR TODAY
                         NORMAL    RECORD    YEAR
 MAXIMUM TEMPERATURE (F)   83        93      1986
 MINIMUM TEMPERATURE (F)   63        42      1967


SUNRISE AND SUNSET
OCTOBER  1 2014.......SUNRISE   724 AM EDT   SUNSET   715 PM EDT
OCTOBER  2 2014.......SUNRISE   724 AM EDT   SUNSET   714 PM EDT


-  INDICATES NEGATIVE NUMBERS.
R  INDICATES RECORD WAS SET OR TIED.
MM INDICATES DATA IS MISSING.
T  INDICATES TRACE AMOUNT.




$$
