000
CDUS42 KJAX 240529
CLIAMG


CLIMATE REPORT
NATIONAL WEATHER SERVICE JACKSONVILLE FL
129 AM EDT THU AUG 24 2017


...................................

...THE ALMA CLIMATE SUMMARY FOR AUGUST 23 2017...

CLIMATE NORMAL PERIOD 1981 TO 2010
CLIMATE RECORD PERIOD 1948 TO 2017


WEATHER ITEM   OBSERVED TIME   RECORD YEAR NORMAL DEPARTURE LAST
                VALUE   (LST)  VALUE       VALUE  FROM      YEAR
                                                  NORMAL
..................................................................
TEMPERATURE (F)
 YESTERDAY
  MAXIMUM         96    319 PM  99    2014  91      5       94
                                      1968
  MINIMUM         73    516 AM  63    1997  71      2       75
  AVERAGE         85                        81      4       85

PRECIPITATION (IN)
  YESTERDAY        0.00          1.10 2016   0.17  -0.17     1.10
  MONTH TO DATE    2.33                      4.17  -1.84     4.06
  SINCE JUN 1     11.07                     14.88  -3.81    10.89
  SINCE JAN 1     25.72                     32.97  -7.25    29.67

SNOWFALL (IN)
  YESTERDAY        0.0           0.0    MM   0.0    0.0      0.0
  MONTH TO DATE    0.0                       0.0    0.0      0.0
  SINCE JUN 1      0.0                       0.0    0.0      0.0
  SINCE JUL 1      0.0                       0.0    0.0      0.0
  SNOW DEPTH       0

DEGREE DAYS
 HEATING
  YESTERDAY        0                         0      0        0
  MONTH TO DATE    0                         0      0        0
  SINCE JUN 1      0                         0      0        0
  SINCE JUL 1      0                         0      0        0

 COOLING
  YESTERDAY       20                        16      4       20
  MONTH TO DATE  428                       382     46      423
  SINCE JUN 1   1440                      1354     86     1504
  SINCE JAN 1   2039                      1784    255     1955
..................................................................


WIND (MPH)
  HIGHEST WIND SPEED    15   HIGHEST WIND DIRECTION    SW (210)
  HIGHEST GUST SPEED    20   HIGHEST GUST DIRECTION    SW (210)
  AVERAGE WIND SPEED     4.0


SKY COVER
  POSSIBLE SUNSHINE  MM
  AVERAGE SKY COVER 0.2


WEATHER CONDITIONS
 THE FOLLOWING WEATHER WAS RECORDED YESTERDAY.
  THUNDERSTORM
  FOG


RELATIVE HUMIDITY (PERCENT)
 HIGHEST    94          1200 AM
 LOWEST     49          1200 PM
 AVERAGE    72

..........................................................


THE ALMA CLIMATE NORMALS FOR TODAY
                         NORMAL    RECORD    YEAR
 MAXIMUM TEMPERATURE (F)   90       102      1968
 MINIMUM TEMPERATURE (F)   71        60      1957


SUNRISE AND SUNSET
AUGUST 24 2017........SUNRISE   701 AM EDT   SUNSET   803 PM EDT
AUGUST 25 2017........SUNRISE   702 AM EDT   SUNSET   802 PM EDT


-  INDICATES NEGATIVE NUMBERS.
R  INDICATES RECORD WAS SET OR TIED.
MM INDICATES DATA IS MISSING.
T  INDICATES TRACE AMOUNT.




$$
