000
CDUS42 KJAX 120532
CLIAMG


CLIMATE REPORT
NATIONAL WEATHER SERVICE JACKSONVILLE FL
1230 AM EST FRI FEB 12 2016


...................................

...THE ALMA CLIMATE SUMMARY FOR FEBRUARY 11 2016...

CLIMATE NORMAL PERIOD 1981 TO 2010
CLIMATE RECORD PERIOD 1948 TO 2016


WEATHER ITEM   OBSERVED TIME   RECORD YEAR NORMAL DEPARTURE LAST
                VALUE   (LST)  VALUE       VALUE  FROM      YEAR
                                                  NORMAL
..................................................................
TEMPERATURE (F)
 YESTERDAY
  MAXIMUM         66    514 PM  80    1965  65      1       62
  MINIMUM         26    723 AM  22    1971  42    -16       34
  AVERAGE         46                        54     -8       48

PRECIPITATION (IN)
  YESTERDAY        0.00          3.07 1995   0.13  -0.13     0.00
  MONTH TO DATE    3.36                      1.48   1.88     1.05
  SINCE DEC 1      9.92                      9.03   0.89     7.68
  SINCE JAN 1      7.95                      5.74   2.21     3.26

SNOWFALL (IN)
  YESTERDAY        0.0           0.0    MM   0.0    0.0      0.0
  MONTH TO DATE    0.0                       0.0    0.0      0.0
  SINCE DEC 1      0.0                       0.1   -0.1      0.0
  SINCE JUL 1      0.0                       0.1   -0.1      0.0
  SNOW DEPTH       0

DEGREE DAYS
 HEATING
  YESTERDAY       19                        12      7       17
  MONTH TO DATE  158                       138     20      171
  SINCE DEC 1    799                       983   -184      971
  SINCE JUL 1    917                      1227   -310     1369

 COOLING
  YESTERDAY        0                         0      0        0
  MONTH TO DATE    9                         0      9        0
  SINCE DEC 1    106                        16     90        4
  SINCE JAN 1      9                         5      4        3
..................................................................


WIND (MPH)
  HIGHEST WIND SPEED    16   HIGHEST WIND DIRECTION    SW (220)
  HIGHEST GUST SPEED    21   HIGHEST GUST DIRECTION    SW (230)
  AVERAGE WIND SPEED     5.4


SKY COVER
  POSSIBLE SUNSHINE  MM
  AVERAGE SKY COVER 0.0


WEATHER CONDITIONS
 THE FOLLOWING WEATHER WAS RECORDED YESTERDAY.
  NO SIGNIFICANT WEATHER WAS OBSERVED.


RELATIVE HUMIDITY (PERCENT)
 HIGHEST    92           700 AM
 LOWEST     36          1200 PM
 AVERAGE    64

..........................................................


THE ALMA CLIMATE NORMALS FOR TODAY
                         NORMAL    RECORD    YEAR
 MAXIMUM TEMPERATURE (F)   65        80      1965
 MINIMUM TEMPERATURE (F)   43        21      1981


SUNRISE AND SUNSET
FEBRUARY 12 2016......SUNRISE   715 AM EST   SUNSET   614 PM EST
FEBRUARY 13 2016......SUNRISE   714 AM EST   SUNSET   615 PM EST


-  INDICATES NEGATIVE NUMBERS.
R  INDICATES RECORD WAS SET OR TIED.
MM INDICATES DATA IS MISSING.
T  INDICATES TRACE AMOUNT.




$$
