000
CDUS42 KJAX 290548
CLIAMG


CLIMATE REPORT
NATIONAL WEATHER SERVICE JACKSONVILLE FL
148 AM EDT TUE JUL 29 2014


...................................

...THE ALMA CLIMATE SUMMARY FOR JULY 28 2014...

CLIMATE NORMAL PERIOD 1981 TO 2010
CLIMATE RECORD PERIOD 1948 TO 2014


WEATHER ITEM   OBSERVED TIME   RECORD YEAR NORMAL DEPARTURE LAST
                VALUE   (LST)  VALUE       VALUE  FROM      YEAR
                                                  NORMAL
..................................................................
TEMPERATURE (F)
 YESTERDAY
  MAXIMUM         99    321 PM 100    2006  92      7       92
                                      1981
  MINIMUM         77   1152 PM  65    1954  72      5       75
  AVERAGE         88                        82      6       84

PRECIPITATION (IN)
  YESTERDAY        T             2.18 1953   0.19  -0.19     0.00
  MONTH TO DATE    0.41                      4.77  -4.36     6.70
  SINCE JUN 1      3.57                     10.15  -6.58    14.48
  SINCE JAN 1     21.23                     28.24  -7.01    33.14

SNOWFALL (IN)
  YESTERDAY        0.0           0.0    MM   0.0    0.0      0.0
  MONTH TO DATE    0.0                       0.0    0.0      0.0
  SINCE JUN 1      0.0                       0.0    0.0      0.0
  SINCE JUL 1      0.0                       0.0    0.0      0.0
  SNOW DEPTH       0

DEGREE DAYS
 HEATING
  YESTERDAY        0                         0      0        0
  MONTH TO DATE    0                         0      0        0
  SINCE JUN 1      0                         0      0        0
  SINCE JUL 1      0                         0      0        0

 COOLING
  YESTERDAY       23                        17      6       19
  MONTH TO DATE  479                       475      4      437
  SINCE JUN 1    938                       918     20      896
  SINCE JAN 1   1322                      1348    -26     1207
..................................................................


WIND (MPH)
  HIGHEST WIND SPEED    21   HIGHEST WIND DIRECTION    SW (240)
  HIGHEST GUST SPEED    29   HIGHEST GUST DIRECTION     W (260)
  AVERAGE WIND SPEED    MM


SKY COVER
  POSSIBLE SUNSHINE  MM
  AVERAGE SKY COVER 0.1


WEATHER CONDITIONS
 THE FOLLOWING WEATHER WAS RECORDED YESTERDAY.
  FOG


RELATIVE HUMIDITY (PERCENT)
 HIGHEST    91           300 AM
 LOWEST     74          1200 AM
 AVERAGE    83

..........................................................


THE ALMA CLIMATE NORMALS FOR TODAY
                         NORMAL    RECORD    YEAR
 MAXIMUM TEMPERATURE (F)   92        99      1993
 MINIMUM TEMPERATURE (F)   72        59      1954


SUNRISE AND SUNSET
JULY 29 2014..........SUNRISE   644 AM EDT   SUNSET   828 PM EDT
JULY 30 2014..........SUNRISE   645 AM EDT   SUNSET   828 PM EDT


-  INDICATES NEGATIVE NUMBERS.
R  INDICATES RECORD WAS SET OR TIED.
MM INDICATES DATA IS MISSING.
T  INDICATES TRACE AMOUNT.




$$
