000
CDUS42 KJAX 270534
CLIAMG


CLIMATE REPORT
NATIONAL WEATHER SERVICE JACKSONVILLE FL
130 AM EDT WED AUG 27 2014


...................................

...THE ALMA CLIMATE SUMMARY FOR AUGUST 26 2014...

CLIMATE NORMAL PERIOD 1981 TO 2010
CLIMATE RECORD PERIOD 1948 TO 2014


WEATHER ITEM   OBSERVED TIME   RECORD YEAR NORMAL DEPARTURE LAST
                VALUE   (LST)  VALUE       VALUE  FROM      YEAR
                                                  NORMAL
..................................................................
TEMPERATURE (F)
 YESTERDAY
  MAXIMUM         91    342 PM 100    2011  90      1       85
                                      1995
  MINIMUM         68   1159 PM  57    1951  71     -3       69
  AVERAGE         80                        81     -1       77

PRECIPITATION (IN)
  YESTERDAY        0.00          1.25 1977   0.16  -0.16     0.00
  MONTH TO DATE    4.93                      4.66   0.27     9.40
  SINCE JUN 1      8.50                     15.37  -6.87    24.16
  SINCE JAN 1     26.16                     33.46  -7.30    42.82

SNOWFALL (IN)
  YESTERDAY        0.0           0.0    MM   0.0    0.0      0.0
  MONTH TO DATE    0.0                       0.0    0.0      0.0
  SINCE JUN 1      0.0                       0.0    0.0      0.0
  SINCE JUL 1      0.0                       0.0    0.0      0.0
  SNOW DEPTH       0

DEGREE DAYS
 HEATING
  YESTERDAY        0                         0      0        0
  MONTH TO DATE    0                         0      0        0
  SINCE JUN 1      0                         0      0        0
  SINCE JUL 1      0                         0      0        0

 COOLING
  YESTERDAY       15                        16     -1       12
  MONTH TO DATE  457                       430     27      440
  SINCE JUN 1   1446                      1402     44     1388
  SINCE JAN 1   1830                      1832     -2     1699
..................................................................


WIND (MPH)
  HIGHEST WIND SPEED    12   HIGHEST WIND DIRECTION     E (80)
  HIGHEST GUST SPEED    19   HIGHEST GUST DIRECTION    NE (60)
  AVERAGE WIND SPEED     4.4


SKY COVER
  POSSIBLE SUNSHINE  MM
  AVERAGE SKY COVER 0.2


WEATHER CONDITIONS
 THE FOLLOWING WEATHER WAS RECORDED YESTERDAY.
  NO SIGNIFICANT WEATHER WAS OBSERVED.


RELATIVE HUMIDITY (PERCENT)
 HIGHEST    90           600 AM
 LOWEST     43           400 PM
 AVERAGE    67

..........................................................


THE ALMA CLIMATE NORMALS FOR TODAY
                         NORMAL    RECORD    YEAR
 MAXIMUM TEMPERATURE (F)   90       103      1995
 MINIMUM TEMPERATURE (F)   71        57      1951


SUNRISE AND SUNSET
AUGUST 27 2014........SUNRISE   703 AM EDT   SUNSET   800 PM EDT
AUGUST 28 2014........SUNRISE   703 AM EDT   SUNSET   759 PM EDT


-  INDICATES NEGATIVE NUMBERS.
R  INDICATES RECORD WAS SET OR TIED.
MM INDICATES DATA IS MISSING.
T  INDICATES TRACE AMOUNT.




$$
