840
CDUS42 KJAX 230527
CLIAMG


CLIMATE REPORT
NATIONAL WEATHER SERVICE JACKSONVILLE FL
127 AM EDT MON OCT 23 2017


...................................

...THE ALMA CLIMATE SUMMARY FOR OCTOBER 22 2017...

CLIMATE NORMAL PERIOD 1981 TO 2010
CLIMATE RECORD PERIOD 1948 TO 2017


WEATHER ITEM   OBSERVED TIME   RECORD YEAR NORMAL DEPARTURE LAST
                VALUE   (LST)  VALUE       VALUE  FROM      YEAR
                                                  NORMAL
..................................................................
TEMPERATURE (F)
 YESTERDAY
  MAXIMUM         87    316 PM  88    1984  78      9       72
  MINIMUM         67    343 AM  35    1954  55     12       45
  AVERAGE         77                        67     10       59

PRECIPITATION (IN)
  YESTERDAY        0.00          0.34 1951   0.10  -0.10     0.00
  MONTH TO DATE    1.43                      2.26  -0.83     3.23
  SINCE SEP 1      9.45                      5.90   3.55     7.49
  SINCE JAN 1     37.85                     40.11  -2.26    39.49

SNOWFALL (IN)
  YESTERDAY        0.0           0.0    MM   0.0    0.0      0.0
  MONTH TO DATE    0.0                       0.0    0.0      0.0
  SINCE SEP 1      0.0                       0.0    0.0      0.0
  SINCE JUL 1      0.0                       0.0    0.0      0.0
  SNOW DEPTH       0

DEGREE DAYS
 HEATING
  YESTERDAY        0                         2     -2        6
  MONTH TO DATE    1                        22    -21        7
  SINCE SEP 1      1                        24    -23        7
  SINCE JUL 1      1                        24    -23        7

 COOLING
  YESTERDAY       12                         4      8        0
  MONTH TO DATE  246                       129    117      143
  SINCE SEP 1    640                       492    148      554
  SINCE JAN 1   2811                      2399    412     2635
..................................................................


WIND (MPH)
  HIGHEST WIND SPEED    13   HIGHEST WIND DIRECTION    SE (120)
  HIGHEST GUST SPEED    19   HIGHEST GUST DIRECTION     E (100)
  AVERAGE WIND SPEED     5.8


SKY COVER
  POSSIBLE SUNSHINE  MM
  AVERAGE SKY COVER 0.5


WEATHER CONDITIONS
 THE FOLLOWING WEATHER WAS RECORDED YESTERDAY.
  NO SIGNIFICANT WEATHER WAS OBSERVED.


RELATIVE HUMIDITY (PERCENT)
 HIGHEST    93           300 AM
 LOWEST     59           300 PM
 AVERAGE    76

..........................................................


THE ALMA CLIMATE NORMALS FOR TODAY
                         NORMAL    RECORD    YEAR
 MAXIMUM TEMPERATURE (F)   78        89      2007
 MINIMUM TEMPERATURE (F)   55        38      1987


SUNRISE AND SUNSET
OCTOBER 23 2017.......SUNRISE   739 AM EDT   SUNSET   649 PM EDT
OCTOBER 24 2017.......SUNRISE   740 AM EDT   SUNSET   648 PM EDT


-  INDICATES NEGATIVE NUMBERS.
R  INDICATES RECORD WAS SET OR TIED.
MM INDICATES DATA IS MISSING.
T  INDICATES TRACE AMOUNT.




$$
