000
CDUS44 KBMX 240744
CLIANB


CLIMATE REPORT
NATIONAL WEATHER SERVICE BIRMINGHAM, AL
243 AM CDT SAT SEP 24 2016


...................................

...THE ANNISTON CLIMATE SUMMARY FOR SEPTEMBER 23 2016...

CLIMATE NORMAL PERIOD 1981 TO 2010
CLIMATE RECORD PERIOD 1903 TO 2016


WEATHER ITEM   OBSERVED TIME   RECORD YEAR NORMAL DEPARTURE LAST
                VALUE   (LST)  VALUE       VALUE  FROM      YEAR
                                                  NORMAL
..................................................................
TEMPERATURE (F)
 YESTERDAY
  MAXIMUM         97R   221 PM  96    1980  82     15       85
  MINIMUM         70    602 AM  40    1999  60     10       66
  AVERAGE         84                        71     13       76

PRECIPITATION (IN)
  YESTERDAY        0.00          3.33 1975   0.09  -0.09     0.00
  MONTH TO DATE    0.60                      2.23  -1.63     2.31
  SINCE SEP 1      0.60                      2.23  -1.63     2.31
  SINCE JAN 1     26.46                     37.15 -10.69    39.47

DEGREE DAYS
 HEATING
  YESTERDAY        0
  MONTH TO DATE    0
  SINCE SEP 1      0
  SINCE JUL 1      0
..................................................................


WIND (MPH)
  HIGHEST WIND SPEED    16   HIGHEST WIND DIRECTION     N (10)
  HIGHEST GUST SPEED    20   HIGHEST GUST DIRECTION     N (20)
  AVERAGE WIND SPEED     3.6


SKY COVER
  AVERAGE SKY COVER 0.1


WEATHER CONDITIONS
 THE FOLLOWING WEATHER WAS RECORDED YESTERDAY.
  NO SIGNIFICANT WEATHER WAS OBSERVED.


RELATIVE HUMIDITY (PERCENT)
 HIGHEST    84
 LOWEST     24
 AVERAGE    54

..........................................................


THE ANNISTON CLIMATE NORMALS FOR TODAY
                         NORMAL    RECORD    YEAR
 MAXIMUM TEMPERATURE (F)   82        96      1931
 MINIMUM TEMPERATURE (F)   60        37      1903


SUNRISE AND SUNSET
SEPTEMBER 24 2016.....SUNRISE   633 AM CDT   SUNSET   637 PM CDT
SEPTEMBER 25 2016.....SUNRISE   634 AM CDT   SUNSET   635 PM CDT


-  INDICATES NEGATIVE NUMBERS.
R  INDICATES RECORD WAS SET OR TIED.
MM INDICATES DATA IS MISSING.
T  INDICATES TRACE AMOUNT.




$$
