000
CDUS44 KBMX 060720
CLIANB


CLIMATE REPORT
NATIONAL WEATHER SERVICE BIRMINGHAM, AL
118 AM CST FRI MAR 6 2015


...................................

...THE ANNISTON CLIMATE SUMMARY FOR MARCH 5 2015...

CLIMATE NORMAL PERIOD 1981 TO 2010
CLIMATE RECORD PERIOD 1903 TO 2015


WEATHER ITEM   OBSERVED TIME   RECORD YEAR NORMAL DEPARTURE LAST
                VALUE   (LST)  VALUE       VALUE  FROM      YEAR
                                                  NORMAL
..................................................................
TEMPERATURE (F)
 YESTERDAY
  MAXIMUM         70   1237 AM  84    1974  63      7       63
  MINIMUM         27   1159 PM  14    1960  41    -14       36
  AVERAGE         49                        52     -3       50

PRECIPITATION (IN)
  YESTERDAY        0.12          2.04 1983   0.17  -0.05     0.00
  MONTH TO DATE    0.64                      0.87  -0.23     0.33
  SINCE MAR 1      0.64                      0.87  -0.23     0.33
  SINCE JAN 1      8.80                     10.47  -1.67     7.49

SNOWFALL (IN)
  YESTERDAY        T                         0.0             0.0
  MONTH TO DATE    T                         0.1             0.0
  SINCE MAR 1      T                         0.1             0.0
  SINCE JUL 1      T                         1.2             2.3

DEGREE DAYS
 HEATING
  YESTERDAY       16
  MONTH TO DATE   49
  SINCE MAR 1     49
  SINCE JUL 1   2570
..................................................................


WIND (MPH)
  HIGHEST WIND SPEED    18   HIGHEST WIND DIRECTION     N (350)
  HIGHEST GUST SPEED    27   HIGHEST GUST DIRECTION     N (350)
  AVERAGE WIND SPEED     7.5


SKY COVER
  AVERAGE SKY COVER 1.0


WEATHER CONDITIONS
 THE FOLLOWING WEATHER WAS RECORDED YESTERDAY.
  LIGHT RAIN
  FOG


RELATIVE HUMIDITY (PERCENT)
 HIGHEST    93
 LOWEST     69
 AVERAGE    81

..........................................................


THE ANNISTON CLIMATE NORMALS FOR TODAY
                         NORMAL    RECORD    YEAR
 MAXIMUM TEMPERATURE (F)   64        84      1974
 MINIMUM TEMPERATURE (F)   41        21      1960


SUNRISE AND SUNSET
MARCH  6 2015.........SUNRISE   606 AM CST   SUNSET   544 PM CST
MARCH  7 2015.........SUNRISE   605 AM CST   SUNSET   545 PM CST


-  INDICATES NEGATIVE NUMBERS.
R  INDICATES RECORD WAS SET OR TIED.
MM INDICATES DATA IS MISSING.
T  INDICATES TRACE AMOUNT.




$$
