000
CDUS44 KBMX 262232
CLIANB


CLIMATE REPORT
NATIONAL WEATHER SERVICE BIRMINGHAM, AL
532 PM CDT WED APR 26 2017


...................................

...THE ANNISTON CLIMATE SUMMARY FOR APRIL 26 2017...
VALID TODAY AS OF 0500 PM LOCAL TIME.

CLIMATE NORMAL PERIOD 1981 TO 2010
CLIMATE RECORD PERIOD 1903 TO 2017


WEATHER ITEM   OBSERVED RECORD YEAR NORMAL DEPARTURE LAST
                VALUE   VALUE       VALUE  FROM      YEAR
                                           NORMAL
...........................................................
TEMPERATURE (F)
 TODAY
  MAXIMUM         81     90    1986  76      5       84
  MINIMUM         52     37    2013  52      0       57
  AVERAGE         67

PRECIPITATION (IN)
  TODAY            0.00   1.37 1944   0.14  -0.14     0.00
  MONTH TO DATE    5.31               3.57   1.74     3.01
  SINCE MAR 1      9.56               8.53   1.03     6.30
  SINCE JAN 1     20.08              18.13   1.95    15.14

SNOWFALL (IN)
  TODAY            0.0                0.0             0.0
  MONTH TO DATE    0.0                0.2             0.0
  SINCE MAR 1      0.0                0.9             0.0
  SINCE JUL 1      0.0                2.0              T

DEGREE DAYS

 COOLING
  TODAY            2                  2      0        6
  MONTH TO DATE   79                 38     41       28
  SINCE MAR 1    122                 50     72       56
  SINCE JAN 1    124                 51     73       56
...........................................................


WIND (MPH)
  HIGHEST WIND SPEED    14   HIGHEST WIND DIRECTION     S (180)
  HIGHEST GUST SPEED    19   HIGHEST GUST DIRECTION     S (160)
  AVERAGE WIND SPEED     3.8


SKY COVER
  AVERAGE SKY COVER 0.1


WEATHER CONDITIONS
 THE FOLLOWING WEATHER WAS RECORDED TODAY.
  FOG


RELATIVE HUMIDITY (PERCENT)
 HIGHEST   100
 LOWEST     49
 AVERAGE    75

..........................................................


THE ANNISTON CLIMATE NORMALS FOR TOMORROW
                         NORMAL    RECORD    YEAR
 MAXIMUM TEMPERATURE (F)   77        90      1986
 MINIMUM TEMPERATURE (F)   53        38      1977


SUNRISE AND SUNSET
APRIL 26 2017.........SUNRISE   600 AM CDT   SUNSET   723 PM CDT
APRIL 27 2017.........SUNRISE   559 AM CDT   SUNSET   724 PM CDT


-  INDICATES NEGATIVE NUMBERS.
R  INDICATES RECORD WAS SET OR TIED.
MM INDICATES DATA IS MISSING.
T  INDICATES TRACE AMOUNT.




$$
