000
CDUS44 KBMX 290739
CLIANB


CLIMATE REPORT
NATIONAL WEATHER SERVICE BIRMINGHAM, AL
238 AM CDT THU JUN 29 2017


...................................

...THE ANNISTON CLIMATE SUMMARY FOR JUNE 28 2017...

CLIMATE NORMAL PERIOD 1981 TO 2010
CLIMATE RECORD PERIOD 1903 TO 2017


WEATHER ITEM   OBSERVED TIME   RECORD YEAR NORMAL DEPARTURE LAST
                VALUE   (LST)  VALUE       VALUE  FROM      YEAR
                                                  NORMAL
..................................................................
TEMPERATURE (F)
 YESTERDAY
  MAXIMUM         88    203 PM 104    1931  89     -1       90
  MINIMUM         63    515 AM  52    1968  69     -6       71
  AVERAGE         76                        79     -3       81

PRECIPITATION (IN)
  YESTERDAY        0.00          1.60 1904   0.14  -0.14     0.00
  MONTH TO DATE    6.29                      3.80   2.49     1.56
  SINCE JUN 1      6.29                      3.80   2.49     1.56
  SINCE JAN 1     32.21                     26.73   5.48    21.28

..................................................................


WIND (MPH)
  HIGHEST WIND SPEED    12   HIGHEST WIND DIRECTION    SE (120)
  HIGHEST GUST SPEED    16   HIGHEST GUST DIRECTION     E (80)
  AVERAGE WIND SPEED     4.5


SKY COVER
  AVERAGE SKY COVER 0.1


WEATHER CONDITIONS
 THE FOLLOWING WEATHER WAS RECORDED YESTERDAY.
  NO SIGNIFICANT WEATHER WAS OBSERVED.


RELATIVE HUMIDITY (PERCENT)
 HIGHEST    87
 LOWEST     43
 AVERAGE    65

..........................................................


THE ANNISTON CLIMATE NORMALS FOR TODAY
                         NORMAL    RECORD    YEAR
 MAXIMUM TEMPERATURE (F)   89       103      1931
 MINIMUM TEMPERATURE (F)   69        56      1974


SUNRISE AND SUNSET
JUNE 29 2017..........SUNRISE   536 AM CDT   SUNSET   758 PM CDT
JUNE 30 2017..........SUNRISE   537 AM CDT   SUNSET   758 PM CDT


-  INDICATES NEGATIVE NUMBERS.
R  INDICATES RECORD WAS SET OR TIED.
MM INDICATES DATA IS MISSING.
T  INDICATES TRACE AMOUNT.




$$
