000
CDUS44 KBMX 290043
CLIANB


CLIMATE REPORT
NATIONAL WEATHER SERVICE BIRMINGHAM, AL
742 PM CDT SUN AUG 28 2016


...................................

...THE ANNISTON CLIMATE SUMMARY FOR AUGUST 28 2016...
VALID TODAY AS OF 0700 PM LOCAL TIME.

CLIMATE NORMAL PERIOD 1981 TO 2010
CLIMATE RECORD PERIOD 1903 TO 2016


WEATHER ITEM   OBSERVED RECORD YEAR NORMAL DEPARTURE LAST
                VALUE   VALUE       VALUE  FROM      YEAR
                                           NORMAL
...........................................................
TEMPERATURE (F)
 TODAY
  MAXIMUM         95    101    1990  89      6       87
  MINIMUM         72     50    1952  68      4       67
  AVERAGE         84

PRECIPITATION (IN)
  TODAY            0.00   1.19 2012   0.10  -0.10     0.00
  MONTH TO DATE    1.56               3.00  -1.44     3.79
  SINCE JUN 1      6.14              11.70  -5.56    11.27
  SINCE JAN 1     25.86              34.63  -8.77    35.79

DEGREE DAYS
 COOLING
  TODAY           19                 14      5       12
  MONTH TO DATE  499                412     87      413
  SINCE JUN 1   1488               1236    252     1355
  SINCE JAN 1   1768               1476    292     1672
...........................................................


WIND (MPH)
  HIGHEST WIND SPEED    15   HIGHEST WIND DIRECTION     E (110)
  HIGHEST GUST SPEED    21   HIGHEST GUST DIRECTION    SE (120)
  AVERAGE WIND SPEED     6.2


SKY COVER
  AVERAGE SKY COVER 0.1


WEATHER CONDITIONS
 THE FOLLOWING WEATHER WAS RECORDED TODAY.
  NO SIGNIFICANT WEATHER WAS OBSERVED.


RELATIVE HUMIDITY (PERCENT)
 HIGHEST    87
 LOWEST     39
 AVERAGE    63

..........................................................


THE ANNISTON CLIMATE NORMALS FOR TOMORROW
                         NORMAL    RECORD    YEAR
 MAXIMUM TEMPERATURE (F)   89        99      1990
                                             1951
 MINIMUM TEMPERATURE (F)   68        52      1992


SUNRISE AND SUNSET
AUGUST 28 2016........SUNRISE   615 AM CDT   SUNSET   713 PM CDT
AUGUST 29 2016........SUNRISE   616 AM CDT   SUNSET   712 PM CDT


-  INDICATES NEGATIVE NUMBERS.
R  INDICATES RECORD WAS SET OR TIED.
MM INDICATES DATA IS MISSING.
T  INDICATES TRACE AMOUNT.




$$
