000
CDAK48 PAFC 121236
CLIANC


CLIMATE REPORT
NATIONAL WEATHER SERVICE ANCHORAGE, AK
336 AM AKST FRI FEB 12 2016


...................................

...THE ANCHORAGE AK CLIMATE SUMMARY FOR FEBRUARY 11 2016...

CLIMATE NORMAL PERIOD 1981 TO 2010
CLIMATE RECORD PERIOD 1952 TO 2016


WEATHER ITEM   OBSERVED RECORD YEAR NORMAL DEPARTURE LAST
                VALUE   VALUE       VALUE  FROM      YEAR
                                           NORMAL
...........................................................
TEMPERATURE (F)
 YESTERDAY
  MAXIMUM         36     45    1980  26     10       33
  MINIMUM         26    -26    1956  13     13       24
  AVERAGE         31                 20     11       29

PRECIPITATION (IN)
  YESTERDAY        T      0.53 1996   0.03  -0.03
  MONTH TO DATE    0.08               0.30  -0.22
  SINCE DEC 1      0.59               2.14  -1.55
  SINCE JAN 1      0.36               1.03  -0.67

SNOWFALL (IN)
  YESTERDAY        T     13.0  1996   0.4   -0.4
  MONTH TO DATE    T                  4.5   -4.5
  SINCE DEC 1      6.1               32.5  -26.4
  SINCE JUL 1     25.8               53.9  -28.1
  SNOW DEPTH       1

DEGREE DAYS
 HEATING
  YESTERDAY       34                       -12
  MONTH TO DATE  415                       -96
  SINCE DEC 1   2926                      -496
  SINCE JUL 1   5740                      -846

 COOLING
  YESTERDAY        0                         0
  MONTH TO DATE    0                         0
  SINCE DEC 1      0                         0
  SINCE JAN 1      0                         0
...........................................................


WIND (MPH)
  HIGHEST WIND SPEED     9   HIGHEST WIND DIRECTION     N (360)
  HIGHEST GUST SPEED    MM   HIGHEST GUST DIRECTION    MM
  AVERAGE WIND SPEED     5.6




RELATIVE HUMIDITY (PERCENT)
 HIGHEST    85
 LOWEST     63
 AVERAGE    74

..........................................................


THE ANCHORAGE AK CLIMATE NORMALS FOR TODAY
                         NORMAL    RECORD    YEAR
 MAXIMUM TEMPERATURE (F)   26        42      2006
 MINIMUM TEMPERATURE (F)   13       -26      1956


SUNRISE AND SUNSET
FEBRUARY 12 2016......SUNRISE   852 AM AKST  SUNSET   538 PM AKST
FEBRUARY 13 2016......SUNRISE   849 AM AKST  SUNSET   541 PM AKST


-  INDICATES NEGATIVE NUMBERS.
R  INDICATES RECORD WAS SET OR TIED.
MM INDICATES DATA IS MISSING.
T  INDICATES TRACE AMOUNT.




$$
