404
CDAK48 PAFC 290047
CLIANC

CLIMATE REPORT
NATIONAL WEATHER SERVICE ANCHORAGE, AK
446 PM AKDT WED JUN 28 2017


...................................

...THE ANCHORAGE AK CLIMATE SUMMARY FOR JUNE 28 2017...
VALID TODAY AS OF 0400 PM LOCAL TIME.

CLIMATE NORMAL PERIOD 1981 TO 2010
CLIMATE RECORD PERIOD 1952 TO 2017


WEATHER ITEM   OBSERVED TIME   RECORD YEAR NORMAL DEPARTURE LAST
                VALUE   (LST)  VALUE       VALUE  FROM      YEAR
                                                  NORMAL
..................................................................
TEMPERATURE (F)
 TODAY
  MAXIMUM         64        MM  80    1997  65     -1       70
  MINIMUM         53        MM  44    1973  50      3       56
                                      1965
  AVERAGE         59                        57      2       63

PRECIPITATION (IN)
  TODAY            0.01          0.50 2000   0.03  -0.02      T
  MONTH TO DATE    0.70                      0.89  -0.19     1.65
  SINCE JUN 1      0.70                      0.89  -0.19     1.65
  SINCE JAN 1      5.53                      4.13   1.40     3.81

SNOWFALL (IN)
  TODAY            0.0           0.0    MM   0.0    0.0      0.0
  MONTH TO DATE    0.0                       0.0    0.0      0.0
  SINCE JUN 1      0.0                       0.0    0.0      0.0
  SINCE JUL 1     82.4                      74.5    7.9     38.3
  SNOW DEPTH       0

DEGREE DAYS
 HEATING
  TODAY            6                         8     -2        2
  MONTH TO DATE  265                       279    -14      167
  SINCE JUN 1    265                       279    -14      167
  SINCE JUL 1   9968                     10179   -211     8507

 COOLING
  TODAY            0                         0      0        0
  MONTH TO DATE    0                         0      0        0
  SINCE JUN 1      0                         0      0        0
  SINCE JAN 1      0                         0      0        0
..................................................................


WIND (MPH)
  RESULTANT WIND SPEED   2   RESULTANT WIND DIRECTION   S (170)
  HIGHEST WIND SPEED    16   HIGHEST WIND DIRECTION     S (160)
  HIGHEST GUST SPEED    25   HIGHEST GUST DIRECTION     S (160)
  AVERAGE WIND SPEED     7.0


SKY COVER
  POSSIBLE SUNSHINE  MM
  AVERAGE SKY COVER 0.9


WEATHER CONDITIONS
 THE FOLLOWING WEATHER WAS RECORDED TODAY.
  LIGHT RAIN


RELATIVE HUMIDITY (PERCENT)
 HIGHEST    89           600 AM
 LOWEST     52          1200 PM
 AVERAGE    71

..........................................................


THE ANCHORAGE AK CLIMATE NORMALS FOR TOMORROW
                         NORMAL    RECORD    YEAR
 MAXIMUM TEMPERATURE (F)   65        77      1990
                                             1989
                                             1968
 MINIMUM TEMPERATURE (F)   50        43      1981


SUNRISE AND SUNSET
JUNE 28 2017..........SUNRISE   426 AM AKDT  SUNSET  1141 PM AKDT
JUNE 29 2017..........SUNRISE   427 AM AKDT  SUNSET  1140 PM AKDT

CIVIL TWILIGHT
JUNE 28 2017            START     **.** GMT     END     **.** GMT
JUNE 29 2017            START     **.** GMT     END     **.** GMT



-  INDICATES NEGATIVE NUMBERS.
R  INDICATES RECORD WAS SET OR TIED.
MM INDICATES DATA IS MISSING.
T  INDICATES TRACE AMOUNT.




$$
&&
------------------------------------------------------
AMOUNT OF DAYLIGHT TODAY  (HOUR:MIN)........19:15
GAIN/LOSS SINCE YESTERDAY (HOUR:MIN:SEC)....-0:01:29
