000
CDAK48 PAFC 181249
CLIANC

CLIMATE REPORT
NATIONAL WEATHER SERVICE ANCHORAGE, AK
447 AM AKDT FRI AUG 18 2017


...................................

...THE ANCHORAGE AK CLIMATE SUMMARY FOR AUGUST 17 2017...

CLIMATE NORMAL PERIOD 1981 TO 2010
CLIMATE RECORD PERIOD 1952 TO 2017


WEATHER ITEM   OBSERVED TIME   RECORD YEAR NORMAL DEPARTURE LAST
                VALUE   (LST)  VALUE       VALUE  FROM      YEAR
                                                  NORMAL
..................................................................
TEMPERATURE (F)
 YESTERDAY
  MAXIMUM         59        MM  78    2004  64     -5       65
  MINIMUM         48        MM  38    1981  50     -2       56
  AVERAGE         54                        57     -3       61

PRECIPITATION (IN)
  YESTERDAY        0.02          1.30 1991   0.12  -0.10
  MONTH TO DATE    2.51                      1.64   0.87
  SINCE JUN 1      5.51                      4.44   1.07
  SINCE JAN 1     10.34                      7.68   2.66

SNOWFALL (IN)
  YESTERDAY        0.0           0.0    MM   0.0    0.0      0.0
  MONTH TO DATE    0.0                       0.0    0.0      0.0
  SINCE JUN 1      0.0                       0.0    0.0      0.0
  SINCE JUL 1      0.0                       0.0    0.0      0.0
  SNOW DEPTH       0

DEGREE DAYS
 HEATING
  YESTERDAY       11                                3
  MONTH TO DATE   94                              -24
  SINCE JUN 1    524                              -81
  SINCE JUL 1    241                              -71

 COOLING
  YESTERDAY        0                                0
  MONTH TO DATE    0                                0
  SINCE JUN 1      3                                1
  SINCE JAN 1      3                                1
..................................................................


WIND (MPH)
  HIGHEST WIND SPEED    14   HIGHEST WIND DIRECTION    SE (140)
  HIGHEST GUST SPEED    31   HIGHEST GUST DIRECTION    SE (150)
  AVERAGE WIND SPEED     6.7




RELATIVE HUMIDITY (PERCENT)
 HIGHEST    93
 LOWEST     62
 AVERAGE    78

..........................................................


THE ANCHORAGE AK CLIMATE NORMALS FOR TODAY
                         NORMAL    RECORD    YEAR
 MAXIMUM TEMPERATURE (F)   64        74      1978
 MINIMUM TEMPERATURE (F)   50        41      1969


SUNRISE AND SUNSET
AUGUST 18 2017........SUNRISE   618 AM AKDT  SUNSET   948 PM AKDT
AUGUST 19 2017........SUNRISE   620 AM AKDT  SUNSET   945 PM AKDT

CIVIL TWILIGHT
AUGUST 18 2017          START    525 AM GMT     END   1041 PM GMT
AUGUST 19 2017          START    528 AM GMT     END   1037 PM GMT



-  INDICATES NEGATIVE NUMBERS.
R  INDICATES RECORD WAS SET OR TIED.
MM INDICATES DATA IS MISSING.
T  INDICATES TRACE AMOUNT.




$$
&&
------------------------------------------------------
AMOUNT OF DAYLIGHT TODAY  (HOUR:MIN)........15:30
GAIN/LOSS SINCE YESTERDAY (HOUR:MIN:SEC)....-0:05:34

$$
