000
CDAK48 PAFC 171233
CLIANC

CLIMATE REPORT
NATIONAL WEATHER SERVICE ANCHORAGE, AK
432 AM AKDT WED SEP 17 2014


...................................

...THE ANCHORAGE AK CLIMATE SUMMARY FOR SEPTEMBER 16 2014...

CLIMATE NORMAL PERIOD 1981 TO 2010
CLIMATE RECORD PERIOD 1915 TO 2014


WEATHER ITEM   OBSERVED RECORD YEAR NORMAL DEPARTURE LAST
                VALUE   VALUE       VALUE  FROM      YEAR
                                           NORMAL
...........................................................
TEMPERATURE (F)
 YESTERDAY
  MAXIMUM         57     70    1919  55      2       57
  MINIMUM         49     26    1935  42      7       36
  AVERAGE         53                 49      4       47

PRECIPITATION (IN)
  YESTERDAY        0.04   1.04 2008   0.10  -0.06
  MONTH TO DATE    2.87               1.61   1.26
  SINCE JUN 1     11.95               7.66   4.29
  SINCE JAN 1     15.18              10.90   4.28

SNOWFALL (IN)
  YESTERDAY       MM      0.0    MM   0.0   MM
  MONTH TO DATE    0.0                0.0    0.0
  SINCE JUN 1      0.0                0.0    0.0
  SINCE JUL 1      0.0                0.0    0.0
  SNOW DEPTH       0

DEGREE DAYS
 HEATING
  YESTERDAY       12                        -4
  MONTH TO DATE  178                       -45
  SINCE SEP 1    178                       -45
  SINCE JUL 1    527                      -146

 COOLING
  YESTERDAY        0                         0
  MONTH TO DATE    0                         0
  SINCE SEP 1      0                         0
  SINCE JAN 1      3                         1
...........................................................


WIND (MPH)
  HIGHEST WIND SPEED    14   HIGHEST WIND DIRECTION    SE (150)
  HIGHEST GUST SPEED    18   HIGHEST GUST DIRECTION    SE (150)
  AVERAGE WIND SPEED     4.2




RELATIVE HUMIDITY (PERCENT)
 HIGHEST    89
 LOWEST     66
 AVERAGE    78

..........................................................


THE ANCHORAGE AK CLIMATE NORMALS FOR TODAY
                         NORMAL    RECORD    YEAR
 MAXIMUM TEMPERATURE (F)   55        70      1925
 MINIMUM TEMPERATURE (F)   42        23      1928


SUNRISE AND SUNSET
SEPTEMBER 17 2014.....SUNRISE   732 AM AKDT  SUNSET   815 PM AKDT
SEPTEMBER 18 2014.....SUNRISE   735 AM AKDT  SUNSET   812 PM AKDT

CIVIL TWILIGHT
SEPTEMBER 17 2014       START   649 AM AKDT     END   859 PM AKDT
SEPTEMBER 18 2014       START   651 AM AKDT     END   856 PM AKDT



-  INDICATES NEGATIVE NUMBERS.
R  INDICATES RECORD WAS SET OR TIED.
MM INDICATES DATA IS MISSING.
T  INDICATES TRACE AMOUNT.
