000
CDAK48 PAFC 020040
CLIANC

CLIMATE REPORT
NATIONAL WEATHER SERVICE ANCHORAGE, AK
439 PM AKDT SAT AUG 1 2015


...................................

...THE ANCHORAGE AK CLIMATE SUMMARY FOR AUGUST 1 2015...
VALID TODAY AS OF 0400 PM LOCAL TIME.

CLIMATE NORMAL PERIOD 1981 TO 2010
CLIMATE RECORD PERIOD 1952 TO 2015


WEATHER ITEM   OBSERVED RECORD YEAR NORMAL DEPARTURE LAST
                VALUE   VALUE       VALUE  FROM      YEAR
                                           NORMAL
...........................................................
TEMPERATURE (F)
 TODAY
  MAXIMUM         76     79    1978  65     11       66
  MINIMUM         55     43    1990  53      2       55
  AVERAGE         66                 59              61

PRECIPITATION (IN)
  TODAY            0.00   0.93 1989   0.08  -0.08     0.00
  MONTH TO DATE    0.00               0.08  -0.08     0.00
  SINCE JUN 1      3.27               2.88   0.39     6.56
  SINCE JAN 1      6.33               6.12   0.21     9.79

SNOWFALL (IN)
  TODAY            0.0    0.0    MM   0.0    0.0      0.0
  MONTH TO DATE    0.0                0.0    0.0      0.0
  SINCE JUN 1      0.0                0.0    0.0      0.0
  SINCE JUL 1      0.0                0.0    0.0      0.0
  SNOW DEPTH       0

DEGREE DAYS
 HEATING
  TODAY            0                  6     -6        4
  MONTH TO DATE    0                  6     -6        4
  SINCE JUN 1    266                493   -227      486
  SINCE JUL 1     93                200   -107      158

 COOLING
  TODAY            1                  0      1        0
  MONTH TO DATE    1                  0      1        0
  SINCE JUN 1     27                  2     25        3
  SINCE JAN 1     27                  2     25        3
...........................................................


WIND (MPH)
  RESULTANT WIND SPEED   3   RESULTANT WIND DIRECTION   S (170)
  HIGHEST WIND SPEED     7   HIGHEST WIND DIRECTION    SE (140)
  HIGHEST GUST SPEED    MM   HIGHEST GUST DIRECTION    MM
  AVERAGE WIND SPEED     3.7


SKY COVER
  POSSIBLE SUNSHINE  MM
  AVERAGE SKY COVER 0.5


WEATHER CONDITIONS
 THE FOLLOWING WEATHER WAS RECORDED TODAY.
  NO SIGNIFICANT WEATHER WAS OBSERVED.


RELATIVE HUMIDITY (PERCENT)
 HIGHEST    86           500 AM
 LOWEST     46           100 PM
 AVERAGE    66

..........................................................


THE ANCHORAGE AK CLIMATE NORMALS FOR TOMORROW
                         NORMAL    RECORD    YEAR
 MAXIMUM TEMPERATURE (F)   65        82      1978
 MINIMUM TEMPERATURE (F)   52        44      2009


SUNRISE AND SUNSET
AUGUST  1 2015........SUNRISE   533 AM AKDT  SUNSET  1038 PM AKDT
AUGUST  2 2015........SUNRISE   535 AM AKDT  SUNSET  1036 PM AKDT

CIVIL TWILIGHT
AUGUST 1 2015           START   427 AM AKDT     END  1144 PM AKDT
AUGUST 2 2015           START   430 AM AKDT     END  1140 PM AKDT



-  INDICATES NEGATIVE NUMBERS.
R  INDICATES RECORD WAS SET OR TIED.
MM INDICATES DATA IS MISSING.
T  INDICATES TRACE AMOUNT.




$$
&&
------------------------------------------------------
AMOUNT OF DAYLIGHT TODAY  (HOUR:MIN)........17:06
GAIN/LOSS SINCE YESTERDAY (HOUR:MIN:SEC)....-0:05:11
