000
CDAK48 PAFC 011327
CLIANC

CLIMATE REPORT
NATIONAL WEATHER SERVICE ANCHORAGE, AK
526 AM AKDT SUN MAY 1 2016


...................................

...THE ANCHORAGE AK CLIMATE SUMMARY FOR APRIL 30 2016...

CLIMATE NORMAL PERIOD 1981 TO 2010
CLIMATE RECORD PERIOD 1952 TO 2016


WEATHER ITEM   OBSERVED TIME   RECORD YEAR NORMAL DEPARTURE LAST
                VALUE   (LST)  VALUE       VALUE  FROM      YEAR
                                                  NORMAL
..................................................................
TEMPERATURE (F)
 YESTERDAY
  MAXIMUM         53        MM  67    2005  51      2       51
  MINIMUM         37        MM  25    1957  35      2       38
  AVERAGE         45                        42      3       45

PRECIPITATION (IN)
  YESTERDAY        0.00          0.14 1973   0.02  -0.02
  MONTH TO DATE    0.02                      0.47  -0.45
  SINCE MAR 1      1.25                      1.07   0.18
  SINCE JAN 1      1.83                      2.52  -0.69

SNOWFALL (IN)
  YESTERDAY        0.0           0.2  1965   0.1   -0.1      0.0
  MONTH TO DATE    0.0                       4.0   -4.0      4.4
  SINCE MAR 1     10.7                      13.9   -3.2      4.6
  SINCE JUL 1     38.3                      74.2  -35.9     25.1
  SNOW DEPTH       0

DEGREE DAYS
 HEATING
  YESTERDAY       20                               -2
  MONTH TO DATE  639                             -206
  SINCE MAR 1   1609                             -429
  SINCE JUL 1   7945                            -1422

 COOLING
  YESTERDAY        0                                0
  MONTH TO DATE    0                                0
  SINCE MAR 1      0                                0
  SINCE JAN 1      0                                0
..................................................................


WIND (MPH)
  HIGHEST WIND SPEED    16   HIGHEST WIND DIRECTION     N (360)
  HIGHEST GUST SPEED    29   HIGHEST GUST DIRECTION     N (20)
  AVERAGE WIND SPEED     7.6




RELATIVE HUMIDITY (PERCENT)
 HIGHEST    85
 LOWEST     38
 AVERAGE    62

..........................................................


THE ANCHORAGE AK CLIMATE NORMALS FOR TODAY
                         NORMAL    RECORD    YEAR
 MAXIMUM TEMPERATURE (F)   51        68      1995
 MINIMUM TEMPERATURE (F)   35        26      1952


SUNRISE AND SUNSET
MAY  1 2016...........SUNRISE   549 AM AKDT  SUNSET  1007 PM AKDT
MAY  2 2016...........SUNRISE   547 AM AKDT  SUNSET  1009 PM AKDT

CIVIL TWILIGHT
MAY 1 2016              START   453 AM AKDT     END  1105 PM AKDT
MAY 2 2016              START   449 AM AKDT     END  1108 PM AKDT



-  INDICATES NEGATIVE NUMBERS.
R  INDICATES RECORD WAS SET OR TIED.
MM INDICATES DATA IS MISSING.
T  INDICATES TRACE AMOUNT.




$$
&&
------------------------------------------------------
AMOUNT OF DAYLIGHT TODAY  (HOUR:MIN)........16:17
GAIN/LOSS SINCE YESTERDAY (HOUR:MIN:SEC)....+0:05:32

-
