000
CDUS43 KAPX 290527
CLIANJ


CLIMATE REPORT
NATIONAL WEATHER SERVICE GAYLORD MI
127 AM EDT FRI AUG 29 2014


...................................

...THE SAULT STE MARIE MI CLIMATE SUMMARY FOR AUGUST 28 2014...

CLIMATE NORMAL PERIOD 1981 TO 2010
CLIMATE RECORD PERIOD 1888 TO 2014


WEATHER ITEM   OBSERVED TIME   RECORD YEAR NORMAL DEPARTURE LAST
                VALUE   (LST)  VALUE       VALUE  FROM      YEAR
                                                  NORMAL
..................................................................
TEMPERATURE (F)
 YESTERDAY
  MAXIMUM         69    435 PM  93    1973  73     -4       83
  MINIMUM         44    601 AM  37    1982  53     -9       64
                                      1941
  AVERAGE         57                        63     -6       74

PRECIPITATION (IN)
  YESTERDAY        0.00          1.94 1960   0.11  -0.11     0.00
  MONTH TO DATE    1.84                      2.84  -1.00     4.42
  SINCE JUN 1      6.24                      8.40  -2.16    13.41
  SINCE JAN 1     18.28                     18.84  -0.56    27.67

DEGREE DAYS
 HEATING
  YESTERDAY        8                         4      4        0
  MONTH TO DATE   62                        65     -3       66
  SINCE JUN 1    282                       314    -32      262
  SINCE JUL 1    173                       134     39      116

 COOLING
  YESTERDAY        0                         1     -1        9
  MONTH TO DATE   42                        64    -22       68
  SINCE JUN 1    100                       172    -72      223
  SINCE JAN 1    102                       177    -75      232
..................................................................


WIND (MPH)
  HIGHEST WIND SPEED    12   HIGHEST WIND DIRECTION    NW (300)
  HIGHEST GUST SPEED    16   HIGHEST GUST DIRECTION    NW (310)
  AVERAGE WIND SPEED     3.2




RELATIVE HUMIDITY (PERCENT)
 HIGHEST    93
 LOWEST     37
 AVERAGE    65

..........................................................


THE SAULT STE MARIE MI CLIMATE NORMALS FOR TODAY
                         NORMAL    RECORD    YEAR
 MAXIMUM TEMPERATURE (F)   73        92      1991
 MINIMUM TEMPERATURE (F)   53        29      1982


SUNRISE AND SUNSET
AUGUST 29 2014........SUNRISE   654 AM EDT   SUNSET   822 PM EDT
AUGUST 30 2014........SUNRISE   655 AM EDT   SUNSET   820 PM EDT


-  INDICATES NEGATIVE NUMBERS.
R  INDICATES RECORD WAS SET OR TIED.
MM INDICATES DATA IS MISSING.
T  INDICATES TRACE AMOUNT.




$$
