000
CDUS43 KAPX 040531
CLIANJ


CLIMATE REPORT
NATIONAL WEATHER SERVICE GAYLORD MI
127 AM EDT FRI SEP 4 2015


...................................

...THE SAULT STE MARIE MI CLIMATE SUMMARY FOR SEPTEMBER 3 2015...

CLIMATE NORMAL PERIOD 1981 TO 2010
CLIMATE RECORD PERIOD 1888 TO 2015


WEATHER ITEM   OBSERVED TIME   RECORD YEAR NORMAL DEPARTURE LAST
                VALUE   (LST)  VALUE       VALUE  FROM      YEAR
                                                  NORMAL
..................................................................
TEMPERATURE (F)
 YESTERDAY
  MAXIMUM         80    241 PM  92    1953  71      9       78
  MINIMUM         64   1057 PM  33    1987  52     12       52
                                      1974
  AVERAGE         72                        61     11       65

PRECIPITATION (IN)
  YESTERDAY        0.02          1.60 1985   0.12  -0.10     0.00
  MONTH TO DATE    0.02                      0.35  -0.33     0.79
  SINCE SEP 1      0.02                      0.35  -0.33     0.79
  SINCE JAN 1     17.27                     19.52  -2.25    19.71

DEGREE DAYS
 HEATING
  YESTERDAY        0                         5     -5        0
  MONTH TO DATE    0                        14    -14        2
  SINCE SEP 1      0                        14    -14        2
  SINCE JUL 1    101                       161    -60      183

 COOLING
  YESTERDAY        7                         1      6        0
  MONTH TO DATE   23                         3     20        1
  SINCE SEP 1     23                         3     20        1
  SINCE JAN 1    215                       181     34      109
..................................................................


WIND (MPH)
  HIGHEST WIND SPEED     9   HIGHEST WIND DIRECTION     E (70)
  HIGHEST GUST SPEED    12   HIGHEST GUST DIRECTION     E (90)
  AVERAGE WIND SPEED     2.9




RELATIVE HUMIDITY (PERCENT)
 HIGHEST   100
 LOWEST     56
 AVERAGE    78

..........................................................


THE SAULT STE MARIE MI CLIMATE NORMALS FOR TODAY
                         NORMAL    RECORD    YEAR
 MAXIMUM TEMPERATURE (F)   71        89      1929
 MINIMUM TEMPERATURE (F)   51        36      1942


SUNRISE AND SUNSET
SEPTEMBER  4 2015.....SUNRISE   701 AM EDT   SUNSET   811 PM EDT
SEPTEMBER  5 2015.....SUNRISE   702 AM EDT   SUNSET   809 PM EDT


-  INDICATES NEGATIVE NUMBERS.
R  INDICATES RECORD WAS SET OR TIED.
MM INDICATES DATA IS MISSING.
T  INDICATES TRACE AMOUNT.




$$
