000
CDUS43 KAPX 310546
CLIANJ


CLIMATE REPORT
NATIONAL WEATHER SERVICE GAYLORD MI
1245 AM EST SAT JAN 31 2015


...................................

...THE SAULT STE MARIE MI CLIMATE SUMMARY FOR JANUARY 30 2015...

CLIMATE NORMAL PERIOD 1981 TO 2010
CLIMATE RECORD PERIOD 1888 TO 2015


WEATHER ITEM   OBSERVED TIME   RECORD YEAR NORMAL DEPARTURE LAST
                VALUE   (LST)  VALUE       VALUE  FROM      YEAR
                                                  NORMAL
..................................................................
TEMPERATURE (F)
 YESTERDAY
  MAXIMUM         12    208 PM  40    1974  23    -11       27
  MINIMUM         -4    823 AM -25    1994   7    -11       14
  AVERAGE          4                        15    -11       21

PRECIPITATION (IN)
  YESTERDAY        T             0.57 1937   0.07  -0.07     0.23
  MONTH TO DATE    1.97                      2.13  -0.16     2.58
  SINCE DEC 1      5.31                      4.92   0.39     5.38
  SINCE JAN 1      1.97                      2.13  -0.16     2.58

SNOWFALL (IN)
  YESTERDAY        T             6.4  1996   1.0   -1.0      2.6
  MONTH TO DATE   26.4                      30.5   -4.1     35.1
  SINCE OCT 1    127.6                      80.7   46.9     89.8
  SINCE JUL 1    127.6                      80.7   46.9     89.8
  SNOW DEPTH      22

DEGREE DAYS
 HEATING
  YESTERDAY       61                        50     11       44
  MONTH TO DATE 1607                      1488    119     1662
  SINCE DEC 1   2836                      2815     21     3284
  SINCE JUL 1   4998                      4747    251     5177
..................................................................


WIND (MPH)
  HIGHEST WIND SPEED    18   HIGHEST WIND DIRECTION    NW (330)
  HIGHEST GUST SPEED    26   HIGHEST GUST DIRECTION    NW (310)
  AVERAGE WIND SPEED     4.8




RELATIVE HUMIDITY (PERCENT)
 HIGHEST    73
 LOWEST     52
 AVERAGE    63

..........................................................


THE SAULT STE MARIE MI CLIMATE NORMALS FOR TODAY
                         NORMAL    RECORD    YEAR
 MAXIMUM TEMPERATURE (F)   23        40      1993
                                             1989
                                             1988
 MINIMUM TEMPERATURE (F)    7       -28      1899


SUNRISE AND SUNSET
JANUARY 31 2015.......SUNRISE   802 AM EST   SUNSET   540 PM EST
FEBRUARY  1 2015......SUNRISE   801 AM EST   SUNSET   541 PM EST


-  INDICATES NEGATIVE NUMBERS.
R  INDICATES RECORD WAS SET OR TIED.
MM INDICATES DATA IS MISSING.
T  INDICATES TRACE AMOUNT.




$$
