547
CDUS43 KAPX 120531
CLIANJ


CLIMATE REPORT
NATIONAL WEATHER SERVICE GAYLORD MI
1230 AM EST FRI FEB 12 2016


...................................

...THE SAULT STE MARIE MI CLIMATE SUMMARY FOR FEBRUARY 11 2016...

CLIMATE NORMAL PERIOD 1981 TO 2010
CLIMATE RECORD PERIOD 1888 TO 2016


WEATHER ITEM   OBSERVED TIME   RECORD YEAR NORMAL DEPARTURE LAST
                VALUE   (LST)  VALUE       VALUE  FROM      YEAR
                                                  NORMAL
..................................................................
TEMPERATURE (F)
 YESTERDAY
  MAXIMUM         17    543 PM  49    1999  25     -8       26
  MINIMUM         -9    729 AM -34    1899   9    -18        5
  AVERAGE          4                        17    -13       16

PRECIPITATION (IN)
  YESTERDAY        0.03          0.84 1951   0.05  -0.02     0.27
  MONTH TO DATE    0.73                      0.55   0.18     0.93
  SINCE DEC 1      7.69                      5.53   2.16     6.27
  SINCE JAN 1      2.28                      2.74  -0.46     2.93

SNOWFALL (IN)
  YESTERDAY        0.6          10.9  1951   0.7   -0.1      3.8
  MONTH TO DATE   10.8                       8.5    2.3     12.7
  SINCE OCT 1     49.8                      90.1  -40.3    141.7
  SINCE JUL 1     49.8                      90.1  -40.3    141.7
  SNOW DEPTH      14

DEGREE DAYS
 HEATING
  YESTERDAY       61                        48     13       49
  MONTH TO DATE  479                       539    -60      620
  SINCE DEC 1   2844                      3407   -563     3507
  SINCE JUL 1   4335                      5339  -1004     5669
..................................................................


WIND (MPH)
  HIGHEST WIND SPEED    21   HIGHEST WIND DIRECTION    SW (240)
  HIGHEST GUST SPEED    28   HIGHEST GUST DIRECTION     W (270)
  AVERAGE WIND SPEED     9.0




RELATIVE HUMIDITY (PERCENT)
 HIGHEST    76
 LOWEST     58
 AVERAGE    67

..........................................................


THE SAULT STE MARIE MI CLIMATE NORMALS FOR TODAY
                         NORMAL    RECORD    YEAR
 MAXIMUM TEMPERATURE (F)   25        47      1999
 MINIMUM TEMPERATURE (F)    9       -28      1981
                                             1914


SUNRISE AND SUNSET
FEBRUARY 12 2016......SUNRISE   746 AM EST   SUNSET   558 PM EST
FEBRUARY 13 2016......SUNRISE   745 AM EST   SUNSET   559 PM EST


-  INDICATES NEGATIVE NUMBERS.
R  INDICATES RECORD WAS SET OR TIED.
MM INDICATES DATA IS MISSING.
T  INDICATES TRACE AMOUNT.




$$
