000
CDUS43 KAPX 260526
CLIANJ


CLIMATE REPORT
NATIONAL WEATHER SERVICE GAYLORD MI
126 AM EDT TUE SEP 26 2017


...................................

...THE SAULT STE MARIE MI CLIMATE SUMMARY FOR SEPTEMBER 25 2017...

CLIMATE NORMAL PERIOD 1981 TO 2010
CLIMATE RECORD PERIOD 1888 TO 2017


WEATHER ITEM   OBSERVED TIME   RECORD YEAR NORMAL DEPARTURE LAST
                VALUE   (LST)  VALUE       VALUE  FROM      YEAR
                                                  NORMAL
..................................................................
TEMPERATURE (F)
 YESTERDAY
  MAXIMUM         88R   256 PM  83    1908  63     25       67
  MINIMUM         64    653 AM  25    1947  45     19       51
  AVERAGE         76                        54     22       59

PRECIPITATION (IN)
  YESTERDAY        0.00          1.48 1915   0.14  -0.14     0.17
  MONTH TO DATE    0.96                      3.18  -2.22     3.61
  SINCE SEP 1      0.96                      3.18  -2.22     3.61
  SINCE JAN 1     28.72                     22.35   6.37    23.69

DEGREE DAYS
 HEATING
  YESTERDAY        0                        12    -12        6
  MONTH TO DATE   92                       191    -99       52
  SINCE SEP 1     92                       191    -99       52
  SINCE JUL 1    175                       338   -163       87

 COOLING
  YESTERDAY       11                         0     11        0
  MONTH TO DATE   73                        15     58       35
  SINCE SEP 1     73                        15     58       35
  SINCE JAN 1    201                       193      8      361
..................................................................


WIND (MPH)
  HIGHEST WIND SPEED    15   HIGHEST WIND DIRECTION     S (200)
  HIGHEST GUST SPEED    19   HIGHEST GUST DIRECTION     S (200)
  AVERAGE WIND SPEED     4.9




RELATIVE HUMIDITY (PERCENT)
 HIGHEST   100
 LOWEST     43
 AVERAGE    72

..........................................................


THE SAULT STE MARIE MI CLIMATE NORMALS FOR TODAY
                         NORMAL    RECORD    YEAR
 MAXIMUM TEMPERATURE (F)   62        84      1908
 MINIMUM TEMPERATURE (F)   44        27      1980


SUNRISE AND SUNSET
SEPTEMBER 26 2017.....SUNRISE   730 AM EDT   SUNSET   727 PM EDT
SEPTEMBER 27 2017.....SUNRISE   731 AM EDT   SUNSET   725 PM EDT


-  INDICATES NEGATIVE NUMBERS.
R  INDICATES RECORD WAS SET OR TIED.
MM INDICATES DATA IS MISSING.
T  INDICATES TRACE AMOUNT.




$$
