000
CDUS43 KAPX 200532
CLIANJ


CLIMATE REPORT
NATIONAL WEATHER SERVICE GAYLORD MI
1232 AM EST SAT JAN 20 2018


...................................

...THE SAULT STE MARIE MI CLIMATE SUMMARY FOR JANUARY 19 2018...

CLIMATE NORMAL PERIOD 1981 TO 2010
CLIMATE RECORD PERIOD 1888 TO 2018


WEATHER ITEM   OBSERVED TIME   RECORD YEAR NORMAL DEPARTURE LAST
                VALUE   (LST)  VALUE       VALUE  FROM      YEAR
                                                  NORMAL
..................................................................
TEMPERATURE (F)
 YESTERDAY
  MAXIMUM         38   1159 PM  42    1996  23     15       37
  MINIMUM         28    742 AM -27    1984   7     21       34
  AVERAGE         33                        15     18       36

PRECIPITATION (IN)
  YESTERDAY        0.00          0.66 1949   0.06  -0.06     0.00
  MONTH TO DATE    1.07                      1.42  -0.35     1.65
  SINCE DEC 1      4.79                      4.21   0.58     5.90
  SINCE JAN 1      1.07                      1.42  -0.35     1.65

SNOWFALL (IN)
  YESTERDAY        0.0           9.8  1949   1.0   -1.0      0.0
  MONTH TO DATE   11.8                      19.9   -8.1     20.7
  SINCE OCT 1     67.5                      70.1   -2.6     78.4
  SINCE JUL 1     67.5                      70.1   -2.6     78.4
  SNOW DEPTH      14

DEGREE DAYS
 HEATING
  YESTERDAY       32                        50    -18       29
  MONTH TO DATE  971                       938     33      811
  SINCE DEC 1   2456                      2265    191     2068
  SINCE JUL 1   4041                      4197   -156     3338
..................................................................


WIND (MPH)
  HIGHEST WIND SPEED    21   HIGHEST WIND DIRECTION    SW (230)
  HIGHEST GUST SPEED    30   HIGHEST GUST DIRECTION    SW (240)
  AVERAGE WIND SPEED     7.7




RELATIVE HUMIDITY (PERCENT)
 HIGHEST    85
 LOWEST     70
 AVERAGE    78

..........................................................


THE SAULT STE MARIE MI CLIMATE NORMALS FOR TODAY
                         NORMAL    RECORD    YEAR
 MAXIMUM TEMPERATURE (F)   23        46      1908
 MINIMUM TEMPERATURE (F)    7       -23      1984


SUNRISE AND SUNSET
JANUARY 20 2018.......SUNRISE   813 AM EST   SUNSET   524 PM EST
JANUARY 21 2018.......SUNRISE   812 AM EST   SUNSET   525 PM EST


-  INDICATES NEGATIVE NUMBERS.
R  INDICATES RECORD WAS SET OR TIED.
MM INDICATES DATA IS MISSING.
T  INDICATES TRACE AMOUNT.




$$
