845
CDUS43 KAPX 080531
CLIANJ


CLIMATE REPORT
NATIONAL WEATHER SERVICE GAYLORD MI
1231 AM EST THU DEC 8 2016


...................................

...THE SAULT STE MARIE MI CLIMATE SUMMARY FOR DECEMBER 7 2016...

CLIMATE NORMAL PERIOD 1981 TO 2010
CLIMATE RECORD PERIOD 1888 TO 2016


WEATHER ITEM   OBSERVED TIME   RECORD YEAR NORMAL DEPARTURE LAST
                VALUE   (LST)  VALUE       VALUE  FROM      YEAR
                                                  NORMAL
..................................................................
TEMPERATURE (F)
 YESTERDAY
  MAXIMUM         35   1247 AM  45    1951  31      4       42
  MINIMUM         23   1159 PM -16    1906  20      3       30
  AVERAGE         29                        25      4       36

PRECIPITATION (IN)
  YESTERDAY        T             0.90 1974   0.10  -0.10     0.00
  MONTH TO DATE    1.06                      0.72   0.34     0.19
  SINCE DEC 1      1.06                      0.72   0.34     0.19
  SINCE JAN 1     31.81                     30.88   0.93    27.66

SNOWFALL (IN)
  YESTERDAY        T             8.8  1974   1.0   -1.0      0.0
  MONTH TO DATE    7.9                       6.9    1.0       T
  SINCE OCT 1     14.8                      23.6   -8.8      9.0
  SINCE JUL 1     14.8                      23.6   -8.8      9.0
  SNOW DEPTH       3

DEGREE DAYS
 HEATING
  YESTERDAY       36                        40     -4       29
  MONTH TO DATE  215                       269    -54      194
  SINCE DEC 1    215                       269    -54      194
  SINCE JUL 1   1485                      2201   -716     1685
..................................................................


WIND (MPH)
  HIGHEST WIND SPEED    25   HIGHEST WIND DIRECTION    SW (240)
  HIGHEST GUST SPEED    39   HIGHEST GUST DIRECTION    SW (220)
  AVERAGE WIND SPEED    13.1




RELATIVE HUMIDITY (PERCENT)
 HIGHEST    89
 LOWEST     63
 AVERAGE    76

..........................................................


THE SAULT STE MARIE MI CLIMATE NORMALS FOR TODAY
                         NORMAL    RECORD    YEAR
 MAXIMUM TEMPERATURE (F)   31        46      1923
 MINIMUM TEMPERATURE (F)   19        -8      1895


SUNRISE AND SUNSET
DECEMBER  8 2016......SUNRISE   809 AM EST   SUNSET   450 PM EST
DECEMBER  9 2016......SUNRISE   810 AM EST   SUNSET   450 PM EST


-  INDICATES NEGATIVE NUMBERS.
R  INDICATES RECORD WAS SET OR TIED.
MM INDICATES DATA IS MISSING.
T  INDICATES TRACE AMOUNT.




$$
