000
CDUS43 KAPX 240533
CLIANJ


CLIMATE REPORT
NATIONAL WEATHER SERVICE GAYLORD MI
133 AM EDT WED MAY 24 2017


...................................

...THE SAULT STE MARIE MI CLIMATE SUMMARY FOR MAY 23 2017...

CLIMATE NORMAL PERIOD 1981 TO 2010
CLIMATE RECORD PERIOD 1888 TO 2017


WEATHER ITEM   OBSERVED TIME   RECORD YEAR NORMAL DEPARTURE LAST
                VALUE   (LST)  VALUE       VALUE  FROM      YEAR
                                                  NORMAL
..................................................................
TEMPERATURE (F)
 YESTERDAY
  MAXIMUM         64    338 PM  89    1975  65     -1       81
  MINIMUM         46    549 AM  28    1963  43      3       45
                                      1956
  AVERAGE         55                        54      1       63

PRECIPITATION (IN)
  YESTERDAY        0.06          1.12 1910   0.09  -0.03     0.00
  MONTH TO DATE    2.46                      1.86   0.60     0.55
  SINCE MAR 1      7.08                      6.20   0.88     5.63
  SINCE JAN 1     13.04                      9.73   3.31     9.34

DEGREE DAYS
 HEATING
  YESTERDAY       10                        11     -1        2
  MONTH TO DATE  350                       331     19      337
  SINCE MAR 1   2200                      2274    -74     2191
  SINCE JUL 1   7074                      8400  -1326     7332

 COOLING
  YESTERDAY        0                         0      0        0
  MONTH TO DATE    1                         0      1        0
  SINCE MAR 1      1                         0      1        0
  SINCE JAN 1      1                         0      1        0
..................................................................


WIND (MPH)
  HIGHEST WIND SPEED    13   HIGHEST WIND DIRECTION     W (280)
  HIGHEST GUST SPEED    16   HIGHEST GUST DIRECTION    NW (300)
  AVERAGE WIND SPEED     4.4




RELATIVE HUMIDITY (PERCENT)
 HIGHEST   100
 LOWEST     52
 AVERAGE    76

..........................................................


THE SAULT STE MARIE MI CLIMATE NORMALS FOR TODAY
                         NORMAL    RECORD    YEAR
 MAXIMUM TEMPERATURE (F)   65        87      1980
                                             1975
 MINIMUM TEMPERATURE (F)   43        27      1956
                                             1925


SUNRISE AND SUNSET
MAY 24 2017...........SUNRISE   554 AM EDT   SUNSET   915 PM EDT
MAY 25 2017...........SUNRISE   553 AM EDT   SUNSET   916 PM EDT


-  INDICATES NEGATIVE NUMBERS.
R  INDICATES RECORD WAS SET OR TIED.
MM INDICATES DATA IS MISSING.
T  INDICATES TRACE AMOUNT.




$$
