000
CDUS43 KAPX 280530
CLIANJ


CLIMATE REPORT
NATIONAL WEATHER SERVICE GAYLORD MI
128 AM EDT TUE JUL 28 2015


...................................

...THE SAULT STE MARIE MI CLIMATE SUMMARY FOR JULY 27 2015...

CLIMATE NORMAL PERIOD 1981 TO 2010
CLIMATE RECORD PERIOD 1888 TO 2015


WEATHER ITEM   OBSERVED TIME   RECORD YEAR NORMAL DEPARTURE LAST
                VALUE   (LST)  VALUE       VALUE  FROM      YEAR
                                                  NORMAL
..................................................................
TEMPERATURE (F)
 YESTERDAY
  MAXIMUM         92R       MM  92    1894  77     15       72
  MINIMUM         60        MM  39    1971  55      5       55
  AVERAGE         76                        66     10       64

PRECIPITATION (IN)
  YESTERDAY        0.00          1.23 1901   0.10  -0.10     0.01
  MONTH TO DATE    3.05                      2.45   0.60     1.48
  SINCE JUN 1      5.78                      5.15   0.63     4.40
  SINCE JAN 1     14.48                     15.59  -1.11    16.44

DEGREE DAYS
 HEATING
  YESTERDAY        0                         2     -2        1
  MONTH TO DATE   51                        64    -13       87
  SINCE JUN 1    239                       244     -5      196
  SINCE JUL 1     51                        64    -13       87

 COOLING
  YESTERDAY       11                         3      8        0
  MONTH TO DATE   68                        72     -4       21
  SINCE JUN 1     75                       102    -27       58
  SINCE JAN 1     77                       107    -30       60
..................................................................


WIND (MPH)
  HIGHEST WIND SPEED    MM   HIGHEST WIND DIRECTION    MM
  HIGHEST GUST SPEED    MM   HIGHEST GUST DIRECTION    MM
  AVERAGE WIND SPEED    MM




RELATIVE HUMIDITY (PERCENT)
 HIGHEST    MM
 LOWEST     MM
 AVERAGE    MM

..........................................................


THE SAULT STE MARIE MI CLIMATE NORMALS FOR TODAY
                         NORMAL    RECORD    YEAR
 MAXIMUM TEMPERATURE (F)   77        90      1988
                                             1931
 MINIMUM TEMPERATURE (F)   55        39      1978


SUNRISE AND SUNSET
JULY 28 2015..........SUNRISE   613 AM EDT   SUNSET   914 PM EDT
JULY 29 2015..........SUNRISE   615 AM EDT   SUNSET   913 PM EDT


-  INDICATES NEGATIVE NUMBERS.
R  INDICATES RECORD WAS SET OR TIED.
MM INDICATES DATA IS MISSING.
T  INDICATES TRACE AMOUNT.




$$
