000
CDUS43 KAPX 180551
CLIANJ


CLIMATE REPORT
NATIONAL WEATHER SERVICE GAYLORD MI
1250 AM EST SAT NOV 18 2017


...................................

...THE SAULT STE MARIE MI CLIMATE SUMMARY FOR NOVEMBER 17 2017...

CLIMATE NORMAL PERIOD 1981 TO 2010
CLIMATE RECORD PERIOD 1888 TO 2017


WEATHER ITEM   OBSERVED TIME   RECORD YEAR NORMAL DEPARTURE LAST
                VALUE   (LST)  VALUE       VALUE  FROM      YEAR
                                                  NORMAL
..................................................................
TEMPERATURE (F)
 YESTERDAY
  MAXIMUM         38    649 PM  66    1953  39     -1       54
  MINIMUM         21    114 AM   4    1959  28     -7       37
  AVERAGE         30                        34     -4       46

PRECIPITATION (IN)
  YESTERDAY        0.25          2.54 2013   0.11   0.14     0.00
  MONTH TO DATE    2.92                      1.91   1.01     0.39
  SINCE SEP 1     10.57                      9.53   1.04     8.50
  SINCE JAN 1     38.33                     28.70   9.63    28.58

SNOWFALL (IN)
  YESTERDAY        0.1          12.5  1914   0.6   -0.5      0.0
                                      1988
  MONTH TO DATE    8.2                       6.3    1.9      0.0
  SINCE OCT 1      8.9                       7.9    0.0      0.0
  SINCE JUL 1      8.9                       7.9    0.0      0.0
  SNOW DEPTH       T

DEGREE DAYS
 HEATING
  YESTERDAY       35                        31      4       19
  MONTH TO DATE  550                       481     69      308
  SINCE SEP 1   1100                      1339   -239      854
  SINCE JUL 1   1183                      1486   -303      889
..................................................................


WIND (MPH)
  HIGHEST WIND SPEED    22   HIGHEST WIND DIRECTION    SE (140)
  HIGHEST GUST SPEED    30   HIGHEST GUST DIRECTION    SE (120)
  AVERAGE WIND SPEED     9.6




RELATIVE HUMIDITY (PERCENT)
 HIGHEST    92
 LOWEST     70
 AVERAGE    81

..........................................................


THE SAULT STE MARIE MI CLIMATE NORMALS FOR TODAY
                         NORMAL    RECORD    YEAR
 MAXIMUM TEMPERATURE (F)   39        62      1953
 MINIMUM TEMPERATURE (F)   27         6      1959
                                             1936


SUNRISE AND SUNSET
NOVEMBER 18 2017......SUNRISE   744 AM EST   SUNSET   501 PM EST
NOVEMBER 19 2017......SUNRISE   745 AM EST   SUNSET   500 PM EST


-  INDICATES NEGATIVE NUMBERS.
R  INDICATES RECORD WAS SET OR TIED.
MM INDICATES DATA IS MISSING.
T  INDICATES TRACE AMOUNT.




$$
