000
CDUS43 KAPX 180530
CLIANJ


CLIMATE REPORT
NATIONAL WEATHER SERVICE GAYLORD MI
1230 AM EST WED JAN 18 2017


...................................

...THE SAULT STE MARIE MI CLIMATE SUMMARY FOR JANUARY 17 2017...

CLIMATE NORMAL PERIOD 1981 TO 2010
CLIMATE RECORD PERIOD 1888 TO 2017


WEATHER ITEM   OBSERVED TIME   RECORD YEAR NORMAL DEPARTURE LAST
                VALUE   (LST)  VALUE       VALUE  FROM      YEAR
                                                  NORMAL
..................................................................
TEMPERATURE (F)
 YESTERDAY
  MAXIMUM         37    433 PM  44    1913  23     14       13
  MINIMUM         24    327 AM -24    1982   7     17        2
  AVERAGE         31                        15     16        8

PRECIPITATION (IN)
  YESTERDAY        T             0.59 1897   0.07  -0.07     0.06
  MONTH TO DATE    1.65                      1.28   0.37     1.11
  SINCE DEC 1      5.90                      4.07   1.83     6.52
  SINCE JAN 1      1.65                      1.28   0.37     1.11

SNOWFALL (IN)
  YESTERDAY        T             7.6  1979   1.0   -1.0      1.0
  MONTH TO DATE   20.7                      17.8    2.9     13.4
  SINCE OCT 1     78.4                      68.0   10.4     32.8
  SINCE JUL 1     78.4                      68.0   10.4     32.8
  SNOW DEPTH      19

DEGREE DAYS
 HEATING
  YESTERDAY       34                        50    -16       57
  MONTH TO DATE  749                       838    -89      785
  SINCE DEC 1   2006                      2165   -159     1748
  SINCE JUL 1   3276                      4097   -821     3239
..................................................................


WIND (MPH)
  HIGHEST WIND SPEED    10   HIGHEST WIND DIRECTION     E (80)
  HIGHEST GUST SPEED    14   HIGHEST GUST DIRECTION     E (90)
  AVERAGE WIND SPEED     4.1




RELATIVE HUMIDITY (PERCENT)
 HIGHEST    88
 LOWEST     64
 AVERAGE    76

..........................................................


THE SAULT STE MARIE MI CLIMATE NORMALS FOR TODAY
                         NORMAL    RECORD    YEAR
 MAXIMUM TEMPERATURE (F)   23        45      1973
 MINIMUM TEMPERATURE (F)    7       -26      1997


SUNRISE AND SUNSET
JANUARY 18 2017.......SUNRISE   815 AM EST   SUNSET   522 PM EST
JANUARY 19 2017.......SUNRISE   814 AM EST   SUNSET   523 PM EST


-  INDICATES NEGATIVE NUMBERS.
R  INDICATES RECORD WAS SET OR TIED.
MM INDICATES DATA IS MISSING.
T  INDICATES TRACE AMOUNT.




$$
