570
CDAK47 PANT 300939
CLIANN

CLIMATE REPORT
NATIONAL WEATHER SERVICE ANNETTE, AK
139 AM AKDT SAT JUL 30 2016

...................................
...THE ANNETTE WSO AP CLIMATE SUMMARY FOR JULY 29 2016...

CLIMATE NORMAL PERIOD  1981 TO  2010
CLIMATE RECORD PERIOD  1948 TO  2016

WEATHER ITEM   OBSERVED TIME    RECORD YEAR NORMAL DEPARTURE LAST
               VALUE    (LST)   VALUE       VALUE  FROM      YEAR
                                                   NORMAL
...................................................................
TEMPERATURE
YESTERDAY
 MAXIMUM            71  1108 AM    88  2009     66       5     61
 MINIMUM            54  0424 AM    44  1999     54       0     55
 AVERAGE            63                          60       3     58

PRECIPITATION
(INCHES)
 YESTERDAY           T           1.30  1984   0.16   -0.16   0.09
 MONTH TO DATE    3.76                        4.33   -0.57   5.87
 SINCE JUN 1      8.01                        9.21   -1.20   9.86
 SINCE JAN 1     57.75                       47.63   10.12  53.34

SNOWFALL
(INCHES)
 YESTERDAY         0.0            0.0  2016    0.0     0.0    0.0
 MONTH TO DATE     0.0                         0.0     0.0    0.0
 SINCE JUN 1       0.0                         0.0     0.0    0.0
 SINCE JUL 1       0.0                         0.0     0.0    0.0
 SNOW DEPTH (IN)     0                                          0

DEGREE DAYS
 HEATING
  YESTERDAY          2                           6      -4      7
  MONTH TO DATE    119                         196     -77    105
  SINCE JUN 1      388                         494    -106    293
  SINCE JUL 1      119                         196     -77    105

 COOLING
  YESTERDAY          0                           0       0      0
  MONTH TO DATE     20                           0      20     35
  SINCE JUN 1       20                           0      20     37
  SINCE JAN 1       22                           0      22     37
...................................................................

WIND (MPH)
 HIGHEST WIND SPEED    13     HIGHEST WIND DIRECTION    310
 HIGHEST GUST SPEED    17     HIGHEST GUST DIRECTION    300
 AVERAGE WIND SPEED   5.6

SKY COVER
  POSSIBLE SUNSHINE    MM          AVERAGE SKY COVER     MM

WEATHER CONDITIONS
 THE FOLLOWING WEATHER WAS RECORDED YESTERDAY.
  RAIN


RELATIVE HUMIDITY
 HIGHEST RH     MM PERCENT       MM
 LOWEST  RH     MM PERCENT       MM
 AVERAGE RH     MM PERCENT       MM
...................................................................

THE ANNETTE CLIMATE NORMALS FOR TODAY
                           NORMAL    RECORD   YEAR
 MAXIMUM TEMPERATURE (F)     66        89     1976
 MINIMUM TEMPERATURE (F)     54        46     1986

SUNRISE AND SUNSET
 JUL 30 2016..........SUNRISE  4:53 AM      SUNSET  8:52 PM
 JUL 31 2016..........SUNRISE  4:55 AM      SUNSET  8:50 PM

-  INDICATES NEGATIVE NUMBERS.
R  INDICATES RECORD HAS BEEN SET OR TIED.
MM INDICATES DATA IS MISSING.
T  INDICATES TRACE OF PRECIPITATION.

&&
-------------------------------------------------------------------

AMOUNT OF DAYLIGHT TODAY  (HOUR:MIN)........15 HOURS 59 MINUTES
GAIN/LOSS SINCE YESTERDAY (HOUR:MIN:SEC)....-0:03:37

$$
*** JUL 16
