000
CDAK47 PANT 280904
CLIANN

CLIMATE REPORT
NATIONAL WEATHER SERVICE ANNETTE, AK
1204 AM AKST WED JAN 28 2015

...................................
...THE ANNETTE WSO AP CLIMATE SUMMARY FOR JANUARY 27 2015...

CLIMATE NORMAL PERIOD  1981 TO  2010
CLIMATE RECORD PERIOD  1948 TO  2015

WEATHER ITEM   OBSERVED TIME    RECORD YEAR NORMAL DEPARTURE LAST
               VALUE    (LST)   VALUE       VALUE  FROM      YEAR
                                                   NORMAL
...................................................................
TEMPERATURE
YESTERDAY
 MAXIMUM            43  1152 AM    51  2014     42       1     51
 MINIMUM            37  0523 AM     8  1969     33       4     27
 AVERAGE            40                          37       3     39

PRECIPITATION
(INCHES)
 YESTERDAY        0.02           2.06  2001   0.33   -0.31   0.05
 MONTH TO DATE   12.72                        9.46    3.26   7.85
 SINCE DEC 1     25.68                       20.18    5.50  26.23
 SINCE JAN 1     12.72                        9.46    3.26   7.85

SNOWFALL
(INCHES)
 YESTERDAY         0.0            2.8  1954    0.3    -0.3    0.0
 MONTH TO DATE     3.3                         6.7    -3.4    1.0
 SINCE DEC 1       3.7                        14.8   -11.1    4.4
 SINCE JUL 1       7.9                        18.4   -10.5   10.1
 SNOW DEPTH (IN)     0                                          0

DEGREE DAYS
 HEATING
  YESTERDAY         25                          28      -3     26
  MONTH TO DATE    604                         756    -152    700
  SINCE DEC 1     1320                        1617    -297   1599
  SINCE JUL 1     3325                        3667    -342   3413

 COOLING
  YESTERDAY          0                           0       0      0
  MONTH TO DATE      0                           0       0      0
  SINCE DEC 1        0                           0       0      0
  SINCE JAN 1        0                           0       0      0
...................................................................

WIND (MPH)
 HIGHEST WIND SPEED    12     HIGHEST WIND DIRECTION    130
 HIGHEST GUST SPEED    15     HIGHEST GUST DIRECTION    120
 AVERAGE WIND SPEED   3.6

SKY COVER
  POSSIBLE SUNSHINE    MM          AVERAGE SKY COVER     MM

WEATHER CONDITIONS
 THE FOLLOWING WEATHER WAS RECORDED YESTERDAY.
  RAIN


RELATIVE HUMIDITY
 HIGHEST RH     MM PERCENT       MM
 LOWEST  RH     MM PERCENT       MM
 AVERAGE RH     MM PERCENT       MM
...................................................................

THE ANNETTE CLIMATE NORMALS FOR TODAY
                           NORMAL    RECORD   YEAR
 MAXIMUM TEMPERATURE (F)     42        53     1995
 MINIMUM TEMPERATURE (F)     33         5     1969

SUNRISE AND SUNSET
 JAN 28 2015..........SUNRISE  7:45 AM      SUNSET  4:15 PM
 JAN 29 2015..........SUNRISE  7:43 AM      SUNSET  4:18 PM

-  INDICATES NEGATIVE NUMBERS.
R  INDICATES RECORD HAS BEEN SET OR TIED.
MM INDICATES DATA IS MISSING.
T  INDICATES TRACE OF PRECIPITATION.

&&
-------------------------------------------------------------------

AMOUNT OF DAYLIGHT TODAY  (HOUR:MIN)........8 HOURS 30 MINUTES
GAIN/LOSS SINCE YESTERDAY (HOUR:MIN:SEC)....+0:03:41

$$
JZ JAN 15
