000
CDAK47 PANT 301400
CLIANN

CLIMATE REPORT
NATIONAL WEATHER SERVICE ANNETTE, AK
600 AM AKDT SAT AUG 30 2014

...................................
...THE ANNETTE WSO AP CLIMATE SUMMARY FOR AUGUST 29 2014...

CLIMATE NORMAL PERIOD  1981 TO  2010
CLIMATE RECORD PERIOD  1948 TO  2014

WEATHER ITEM   OBSERVED TIME    RECORD YEAR NORMAL DEPARTURE LAST
               VALUE    (LST)   VALUE       VALUE  FROM      YEAR
                                                   NORMAL
...................................................................
TEMPERATURE
YESTERDAY
 MAXIMUM            58  0153 PM    82  1974     63      -5     70
 MINIMUM            53  0318 AM    42  1960     52       1     52
 AVERAGE            56                          57      -1     61

PRECIPITATION
(INCHES)
 YESTERDAY        0.55           1.09  1980   0.27    0.28   0.10
 MONTH TO DATE    5.19                        6.40   -1.21   3.87
 SINCE JUN 1     20.54                       15.93    4.61  11.45
 SINCE JAN 1     61.34                       54.35    6.99  50.76

SNOWFALL
(INCHES)
 YESTERDAY         0.0            0.0  2014    0.0     0.0    0.0
 MONTH TO DATE     0.0                         0.0     0.0    0.0
 SINCE JUN 1       0.0                         0.0     0.0    0.0
 SINCE JUL 1       0.0                         0.0     0.0    0.0
 SNOW DEPTH (IN)     0                                          0

DEGREE DAYS
 HEATING
  YESTERDAY          9                           8       1      4
  MONTH TO DATE     MM                         179      MM    144
  SINCE JUN 1      879                         683     196    515
  SINCE JUL 1      552                         385     167    295

 COOLING
  YESTERDAY          0                           0       0      0
  MONTH TO DATE     MM                           0      MM      2
  SINCE JUN 1       14                           0      14     22
  SINCE JAN 1       MM                           0      MM     22
...................................................................

WIND (MPH)
 HIGHEST WIND SPEED    21     HIGHEST WIND DIRECTION    140
 HIGHEST GUST SPEED    30     HIGHEST GUST DIRECTION    140
 AVERAGE WIND SPEED  10.9

SKY COVER
  POSSIBLE SUNSHINE    MM          AVERAGE SKY COVER     MM

WEATHER CONDITIONS
 THE FOLLOWING WEATHER WAS RECORDED YESTERDAY.
  FOG
RAIN


RELATIVE HUMIDITY
 HIGHEST RH     MM PERCENT       MM
 LOWEST  RH     MM PERCENT       MM
 AVERAGE RH     MM PERCENT       MM
...................................................................

THE ANNETTE CLIMATE NORMALS FOR TODAY
                           NORMAL    RECORD   YEAR
 MAXIMUM TEMPERATURE (F)     63        83     1974
 MINIMUM TEMPERATURE (F)     51        41     1960

SUNRISE AND SUNSET
 AUG 30 2014..........SUNRISE  5:50 AM      SUNSET  7:44 PM
 AUG 31 2014..........SUNRISE  5:51 AM      SUNSET  7:41 PM

-  INDICATES NEGATIVE NUMBERS.
R  INDICATES RECORD HAS BEEN SET OR TIED.
MM INDICATES DATA IS MISSING.
T  INDICATES TRACE OF PRECIPITATION.

&&
-------------------------------------------------------------------

AMOUNT OF DAYLIGHT TODAY  (HOUR:MIN)........13 HOURS 54 MINUTES
GAIN/LOSS SINCE YESTERDAY (HOUR:MIN:SEC)....-0:04:21

$$
JH AUG 14
