000
CDAK47 PANT 290000
CLIANN

CLIMATE REPORT
NATIONAL WEATHER SERVICE ANNETTE, AK
317 PM AKST FRI NOV 28 2014

...................................
...THE ANNETTE WSO AP CLIMATE SUMMARY FOR NOVEMBER 28 2014...
VALID TODAY AS OF 2:00 PM LOCAL TIME

CLIMATE NORMAL PERIOD  1981 TO  2010
CLIMATE RECORD PERIOD  1948 TO  2014

WEATHER ITEM   OBSERVED TIME    RECORD YEAR NORMAL DEPARTURE LAST
               VALUE    (LST)   VALUE       VALUE  FROM      YEAR
                                                   NORMAL
...................................................................
TEMPERATURE
TODAY
 MAXIMUM            31  0146 PM    58  1979     43     -12     45
 MINIMUM            26  0806 AM    10  2006     34      -8     37
 AVERAGE            29                          38      -9     41

PRECIPITATION
(INCHES)
 TODAY            0.00           2.90  1974   0.38   -0.38   0.14
 MONTH TO DATE    8.81                       11.54   -2.73  11.72
 SINCE SEP 1     32.88                       35.25   -2.37  27.93
 SINCE JAN 1     94.96                       90.16    4.80  79.53

SNOWFALL
(INCHES)
 TODAY             0.0            2.5  1951    0.2    -0.2    0.0
 MONTH TO DATE     0.0                         3.2    -3.2    5.7
 SINCE SEP 1       0.0                         3.3    -3.3    5.7
 SINCE JUL 1       0.0                         3.3    -3.3    5.7
 SNOW DEPTH (IN)     0                                          0

DEGREE DAYS
 HEATING
  TODAY             36                          27       9     24
  MONTH TO DATE    660                         696     -36    691
  SINCE SEP 1     1361                        1595    -234   1463
  SINCE JUL 1     1930                        1996     -66   1765

 COOLING
  TODAY              0                           0       0      0
  MONTH TO DATE      0                           0       0      0
  SINCE SEP 1        0                           0       0      0
  SINCE JAN 1       MM                           0      MM     22
...................................................................

WIND (MPH)
 HIGHEST WIND SPEED    12     HIGHEST WIND DIRECTION    330
 HIGHEST GUST SPEED    21     HIGHEST GUST DIRECTION     30
 AVERAGE WIND SPEED    MM

SKY COVER
  POSSIBLE SUNSHINE  MM            AVERAGE SKY COVER MM

WEATHER CONDITIONS
 THE FOLLOWING WEATHER WAS RECORDED TODAY.
NO SIGNIFICANT WEATHER WAS OBSERVED.

RELATIVE HUMIDITY
 HIGHEST RH     MM PERCENT       MM
 LOWEST  RH     MM PERCENT       MM
 AVERAGE RH     MM PERCENT       MM
...................................................................

THE ANNETTE CLIMATE NORMALS FOR TOMORROW
                        NORMAL    RECORD   YEAR
 MAXIMUM TEMPERATURE      43        61     2002
 MINIMUM TEMPERATURE      34        11     1985

SUNRISE AND SUNSET
 NOV 28 2014..........SUNRISE  7:43 AM      SUNSET  3:26 PM
 NOV 29 2014..........SUNRISE  7:45 AM      SUNSET  3:25 PM

-  INDICATES NEGATIVE NUMBERS.
R  INDICATES RECORD HAS BEEN SET OR TIED.
MM INDICATES DATA IS MISSING.
T  INDICATES TRACE OF PRECIPITATION.

&&
-------------------------------------------------------------------

AMOUNT OF DAYLIGHT TODAY  (HOUR:MIN)........7 HOURS 43 MINUTES
GAIN/LOSS SINCE YESTERDAY (HOUR:MIN:SEC)....-0:02:42

$$
LTB NOV 14
