000
CDAK47 PANT 310930
CLIANN

CLIMATE REPORT
NATIONAL WEATHER SERVICE ANNETTE, AK
130 AM AKDT MON AUG 31 2015

...................................
...THE ANNETTE WSO AP CLIMATE SUMMARY FOR AUGUST 30 2015...

CLIMATE NORMAL PERIOD  1981 TO  2010
CLIMATE RECORD PERIOD  1948 TO  2015

WEATHER ITEM   OBSERVED TIME    RECORD YEAR NORMAL DEPARTURE LAST
               VALUE    (LST)   VALUE       VALUE  FROM      YEAR
                                                   NORMAL
...................................................................
TEMPERATURE
YESTERDAY
 MAXIMUM            60  0330 PM    83  1974     63      -3     63
 MINIMUM            50  1014 PM    41  1960     51      -1     50
 AVERAGE            55                          57      -2     57

PRECIPITATION
(INCHES)
 YESTERDAY        0.92           3.82  1956   0.28    0.64   0.03
 MONTH TO DATE    9.58                        6.68    2.90   5.22
 SINCE JUN 1     21.21                       16.21    5.00  20.57
 SINCE JAN 1     64.69                       54.63   10.06  61.37

SNOWFALL
(INCHES)
 YESTERDAY         0.0            0.0  2015    0.0     0.0    0.0
 MONTH TO DATE     0.0                         0.0     0.0    0.0
 SINCE JUN 1       0.0                         0.0     0.0    0.0
 SINCE JUL 1       0.0                         0.0     0.0    0.0
 SNOW DEPTH (IN)     0                                          0

DEGREE DAYS
 HEATING
  YESTERDAY         10                           8       2      8
  MONTH TO DATE    160                         187     -27     MM
  SINCE JUN 1      467                         691    -224    887
  SINCE JUL 1      279                         393    -114     MM

 COOLING
  YESTERDAY          0                           0       0      0
  MONTH TO DATE      0                           0       0     MM
  SINCE JUN 1       37                           0      37     14
  SINCE JAN 1       37                           0      37     MM
...................................................................

WIND (MPH)
 HIGHEST WIND SPEED    31     HIGHEST WIND DIRECTION    140
 HIGHEST GUST SPEED    45     HIGHEST GUST DIRECTION    150
 AVERAGE WIND SPEED   9.6

SKY COVER
  POSSIBLE SUNSHINE    MM          AVERAGE SKY COVER     MM

WEATHER CONDITIONS
 THE FOLLOWING WEATHER WAS RECORDED YESTERDAY.
  FOG
RAIN


RELATIVE HUMIDITY
 HIGHEST RH     MM PERCENT       MM
 LOWEST  RH     MM PERCENT       MM
 AVERAGE RH     MM PERCENT       MM
...................................................................

THE ANNETTE CLIMATE NORMALS FOR TODAY
                           NORMAL    RECORD   YEAR
 MAXIMUM TEMPERATURE (F)     63        79     1974
 MINIMUM TEMPERATURE (F)     51        40     1973

SUNRISE AND SUNSET
 AUG 31 2015..........SUNRISE  5:51 AM      SUNSET  7:42 PM
 SEP 1 2015..........SUNRISE  5:53 AM      SUNSET  7:39 PM

-  INDICATES NEGATIVE NUMBERS.
R  INDICATES RECORD HAS BEEN SET OR TIED.
MM INDICATES DATA IS MISSING.
T  INDICATES TRACE OF PRECIPITATION.

&&
-------------------------------------------------------------------

AMOUNT OF DAYLIGHT TODAY  (HOUR:MIN)........13 HOURS 51 MINUTES
GAIN/LOSS SINCE YESTERDAY (HOUR:MIN:SEC)....-0:04:21

$$
JH AUG 15
