000
CDAK47 PANT 040930
CLIANN

CLIMATE REPORT
NATIONAL WEATHER SERVICE ANNETTE, AK
130 AM AKDT SAT JUL 4 2015

...................................
...THE ANNETTE WSO AP CLIMATE SUMMARY FOR JULY 4 2015...
VALID TODAY AS OF 2:00 PM LOCAL TIME

CLIMATE NORMAL PERIOD  1981 TO  2010
CLIMATE RECORD PERIOD  1948 TO  2015

WEATHER ITEM   OBSERVED TIME    RECORD YEAR NORMAL DEPARTURE LAST
               VALUE    (LST)   VALUE       VALUE  FROM      YEAR
                                                   NORMAL
...................................................................
TEMPERATURE
TODAY
 MAXIMUM            74  0119 PM    80  1972     63      11     58
 MINIMUM            53  0410 AM    45  1977     52       1     51
 AVERAGE            64                          57       7     55

PRECIPITATION
(INCHES)
 TODAY            0.00           1.09  2011   0.15   -0.15   0.12
 MONTH TO DATE    0.00                        0.60   -0.60   0.95
 SINCE JUN 1      3.99                        5.48   -1.49   8.70
 SINCE JAN 1     47.47                       43.90    3.57  49.50

SNOWFALL
(INCHES)
 TODAY             0.0            0.0  2015    0.0     0.0    0.0
 MONTH TO DATE     0.0                         0.0     0.0    0.0
 SINCE JUN 1       0.0                         0.0     0.0    0.0
 SINCE JUL 1       0.0                         0.0     0.0    0.0
 SNOW DEPTH (IN)     0                                          0

DEGREE DAYS
 HEATING
  TODAY              1                           8      -7     10
  MONTH TO DATE      7                          32     -25     32
  SINCE JUN 1      195                         330    -135    359
  SINCE JUL 1        7                          32     -25     32

 COOLING
  TODAY              0                           0       0      0
  MONTH TO DATE      0                           0       0      0
  SINCE JUN 1        2                           0       2      0
  SINCE JAN 1        2                           0       2      0
...................................................................

WIND (MPH)
 HIGHEST WIND SPEED    18     HIGHEST WIND DIRECTION    330
 HIGHEST GUST SPEED    24     HIGHEST GUST DIRECTION    330
 AVERAGE WIND SPEED   9.7

SKY COVER
  POSSIBLE SUNSHINE  MM            AVERAGE SKY COVER MM

WEATHER CONDITIONS
 THE FOLLOWING WEATHER WAS RECORDED TODAY.
NO SIGNIFICANT WEATHER WAS OBSERVED.

RELATIVE HUMIDITY
 HIGHEST RH     MM PERCENT       MM
 LOWEST  RH     MM PERCENT       MM
 AVERAGE RH     MM PERCENT       MM
...................................................................

THE ANNETTE CLIMATE NORMALS FOR TOMORROW
                        NORMAL    RECORD   YEAR
 MAXIMUM TEMPERATURE      63        82     1958
 MINIMUM TEMPERATURE      52        44     1973

SUNRISE AND SUNSET
 JUL 4 2015..........SUNRISE  4:15 AM      SUNSET  9:27 PM
 JUL 5 2015..........SUNRISE  4:16 AM      SUNSET  9:27 PM

-  INDICATES NEGATIVE NUMBERS.
R  INDICATES RECORD HAS BEEN SET OR TIED.
MM INDICATES DATA IS MISSING.
T  INDICATES TRACE OF PRECIPITATION.

&&
-------------------------------------------------------------------

AMOUNT OF DAYLIGHT TODAY  (HOUR:MIN)........17 HOURS 12 MINUTES
GAIN/LOSS SINCE YESTERDAY (HOUR:MIN:SEC)....-0:01:30

$$
MM JUL 15
