642
CDAK47 PAJK 201232
CLIANN
CLIMATE REPORT
NATIONAL WEATHER SERVICE JUNEAU, AK
331 AM AKST SAT JAN 20 2018


...................................

...THE ANNETTE ISLAND CLIMATE SUMMARY FOR JANUARY 19 2018...

CLIMATE NORMAL PERIOD 1981 TO 2010
CLIMATE RECORD PERIOD 1941 TO 2018


WEATHER ITEM   OBSERVED RECORD YEAR NORMAL DEPARTURE LAST
                VALUE   VALUE       VALUE  FROM      YEAR
                                           NORMAL
...........................................................
TEMPERATURE (F)
 YESTERDAY
  MAXIMUM         45     61    1961  42      3       44
  MINIMUM         36      2    2012  32      4       34
  AVERAGE         41                 37      4       39

PRECIPITATION (IN)
  YESTERDAY       MM      3.47 1988   0.36  MM        0.12
  MONTH TO DATE    0.91               6.70  -5.79     4.76
  SINCE JAN 1      0.91               6.70  -5.79     4.76

SNOWFALL (IN)
  YESTERDAY       MM      8.0  1993   0.2   MM        0.0
  MONTH TO DATE    T                  4.8   -4.8      1.0
  SINCE JUL 1      T                 16.5  -16.5      6.8
  SNOW DEPTH      MM

DEGREE DAYS
 HEATING
  YESTERDAY       24                 28     -4       26
  MONTH TO DATE  207                532   -325      521
...........................................................


WIND (MPH)
  HIGHEST WIND SPEED     7   HIGHEST WIND DIRECTION    NW (320)
  HIGHEST GUST SPEED    MM   HIGHEST GUST DIRECTION    MM
  AVERAGE WIND SPEED     2.7


SKY COVER
  AVERAGE SKY COVER 0.9


WEATHER CONDITIONS
 THE FOLLOWING WEATHER WAS RECORDED YESTERDAY.
  NO SIGNIFICANT WEATHER WAS OBSERVED.


..........................................................


THE ANNETTE ISLAND CLIMATE NORMALS FOR TODAY
                         NORMAL    RECORD    YEAR
 MAXIMUM TEMPERATURE (F)   42        56      1981
                                             1942
 MINIMUM TEMPERATURE (F)   32         6      1943


SUNRISE AND SUNSET
JANUARY 20 2018.......SUNRISE   756 AM AKST  SUNSET   400 PM AKST
JANUARY 21 2018.......SUNRISE   754 AM AKST  SUNSET   401 PM AKST


-  INDICATES NEGATIVE NUMBERS.
R  INDICATES RECORD WAS SET OR TIED.
MM INDICATES DATA IS MISSING.
T  INDICATES TRACE AMOUNT.




$$
--------------------------------------------------------------

AMOUNT OF DAYLIGHT TODAY (HOUR:MIN)......... 8 HOURS 04 MINUTES
GAIN/LOSS SINCE YESTERDAY (HOUR:MIN:SEC).... +0:03:13

$$
