000
CDAK47 PANT 250954
CLIANN

CLIMATE REPORT
NATIONAL WEATHER SERVICE ANNETTE, AK
1254 AM AKST THU DEC 25 2014

...................................
...THE ANNETTE WSO AP CLIMATE SUMMARY FOR DECEMBER 24 2014...

CLIMATE NORMAL PERIOD  1981 TO  2010
CLIMATE RECORD PERIOD  1948 TO  2014

WEATHER ITEM   OBSERVED TIME    RECORD YEAR NORMAL DEPARTURE LAST
               VALUE    (LST)   VALUE       VALUE  FROM      YEAR
                                                   NORMAL
...................................................................
TEMPERATURE
YESTERDAY
 MAXIMUM            46  0156 PM    52  2003     41       5     42
 MINIMUM            36  1046 PM     5  1964     33       3     37
 AVERAGE            41                          37       4     40

PRECIPITATION
(INCHES)
 YESTERDAY        0.04           3.36  1956   0.33   -0.29   0.69
 MONTH TO DATE   11.66                        8.39    3.27  13.06
 SINCE DEC 1     11.66                        8.39    3.27  13.06
 SINCE JAN 1    107.64                       99.30    8.34  94.27

SNOWFALL
(INCHES)
 YESTERDAY         0.0            4.2  1961    0.2    -0.2    0.0
 MONTH TO DATE     0.4                         5.9    -5.5    3.4
 SINCE DEC 1       0.4                         5.9    -5.5    3.4
 SINCE JUL 1       4.6                         9.5    -4.9    9.1
 SNOW DEPTH (IN)     0                                          0

DEGREE DAYS
 HEATING
  YESTERDAY         24                          28      -4     25
  MONTH TO DATE    520                         665    -145    724
  SINCE DEC 1      520                         665    -145    724
  SINCE JUL 1     2525                        2715    -190   2538

 COOLING
  YESTERDAY          0                           0       0      0
  MONTH TO DATE      0                           0       0      0
  SINCE DEC 1        0                           0       0      0
  SINCE JAN 1       MM                           0      MM     22
...................................................................

WIND (MPH)
 HIGHEST WIND SPEED    21     HIGHEST WIND DIRECTION    320
 HIGHEST GUST SPEED    29     HIGHEST GUST DIRECTION    310
 AVERAGE WIND SPEED   5.4

WEATHER CONDITIONS
 THE FOLLOWING WEATHER WAS RECORDED YESTERDAY.
  FOG
RAIN
...................................................................

THE ANNETTE CLIMATE NORMALS FOR TODAY
                           NORMAL    RECORD   YEAR
 MAXIMUM TEMPERATURE (F)     41        55     2009
 MINIMUM TEMPERATURE (F)     33        10     1955

SUNRISE AND SUNSET
 DEC 25 2014..........SUNRISE  8:12 AM      SUNSET  3:22 PM
 DEC 26 2014..........SUNRISE  8:12 AM      SUNSET  3:23 PM

-  INDICATES NEGATIVE NUMBERS.
R  INDICATES RECORD HAS BEEN SET OR TIED.
MM INDICATES DATA IS MISSING.
T  INDICATES TRACE OF PRECIPITATION.

&&
-------------------------------------------------------------------

AMOUNT OF DAYLIGHT TODAY  (HOUR:MIN)........7 HOURS 10 MINUTES
GAIN SINCE YESTERDAY (HOUR:MIN:SEC)....+0:00:26
