000
CDUS45 KBOU 010725
CLIAPA


CLIMATE REPORT
NATIONAL WEATHER SERVICE BOULDER, CO
125 AM MDT MON SEP 1 2014


...................................

...THE CENTENNIAL CO CLIMATE SUMMARY FOR AUGUST 31 2014...

CLIMATE NORMAL PERIOD 1981 TO 2010
CLIMATE RECORD PERIOD 9999 TO 9999


WEATHER ITEM   OBSERVED RECORD YEAR NORMAL DEPARTURE LAST
                VALUE   VALUE       VALUE  FROM      YEAR
                                           NORMAL
...........................................................
TEMPERATURE (F)
 YESTERDAY
  MAXIMUM         79     MM      MM  81     -2       89
  MINIMUM         54     MM      MM  53      1       63
  AVERAGE         67                 67      0       76

PRECIPITATION (IN)
  YESTERDAY        0.00  MM      MM   0.06  -0.06     0.00
  MONTH TO DATE    1.79               2.59  -0.80     3.24
  SINCE JUN 1      6.82               6.75   0.07     5.05
  SINCE JAN 1     11.30              13.33  -2.03     9.81

DEGREE DAYS
 HEATING
  YESTERDAY        0
  MONTH TO DATE   13

 COOLING
  YESTERDAY        2
  MONTH TO DATE  116
...........................................................


WIND (MPH)
  RESULTANT WIND SPEED   2   RESULTANT WIND DIRECTION   E (100)
  HIGHEST WIND SPEED    24   HIGHEST WIND DIRECTION     N (10)
  HIGHEST GUST SPEED    28   HIGHEST GUST DIRECTION     N (340)


SKY COVER
  POSSIBLE SUNSHINE  MM
  AVERAGE SKY COVER 0.6


WEATHER CONDITIONS
 THE FOLLOWING WEATHER WAS RECORDED YESTERDAY.
  NO SIGNIFICANT WEATHER WAS OBSERVED.


RELATIVE HUMIDITY (PERCENT)
 HIGHEST    77
 LOWEST     35
 AVERAGE    56

..........................................................


THE CENTENNIAL CO CLIMATE NORMALS FOR TODAY
                         NORMAL    RECORD    YEAR
 MAXIMUM TEMPERATURE (F)   80        MM        MM
 MINIMUM TEMPERATURE (F)   53        MM        MM


SUNRISE AND SUNSET
SEPTEMBER  1 2014.....SUNRISE   628 AM MDT   SUNSET   730 PM MDT
SEPTEMBER  2 2014.....SUNRISE   629 AM MDT   SUNSET   729 PM MDT


-  INDICATES NEGATIVE NUMBERS.
R  INDICATES RECORD WAS SET OR TIED.
MM INDICATES DATA IS MISSING.
T  INDICATES TRACE AMOUNT.




$$
