000
CDUS45 KBOU 260725
CLIAPA


CLIMATE REPORT
NATIONAL WEATHER SERVICE DENVER/BOULDER CO
125 AM MDT THU MAY 26 2016


...................................

...THE CENTENNIAL CO CLIMATE SUMMARY FOR MAY 25 2016...

CLIMATE NORMAL PERIOD 1981 TO 2010
CLIMATE RECORD PERIOD 9999 TO 9999


WEATHER ITEM   OBSERVED RECORD YEAR NORMAL DEPARTURE LAST
                VALUE   VALUE       VALUE  FROM      YEAR
                                           NORMAL
...........................................................
TEMPERATURE (F)
 YESTERDAY
  MAXIMUM         72     MM      MM  73     -1       66
  MINIMUM         43     MM      MM  45     -2       40
  AVERAGE         58                 59     -1       53

PRECIPITATION (IN)
  YESTERDAY        0.00  MM      MM   0.07  -0.07     0.37
  MONTH TO DATE    0.81               1.92  -1.11     4.33
  SINCE MAR 1      4.40               5.18  -0.78     7.87
  SINCE JAN 1      4.88               6.11  -1.23     9.49

DEGREE DAYS
 HEATING
  YESTERDAY        7
  MONTH TO DATE  303

 COOLING
  YESTERDAY        0
  MONTH TO DATE    3
...........................................................


WIND (MPH)
  RESULTANT WIND SPEED   3   RESULTANT WIND DIRECTION   E (80)
  HIGHEST WIND SPEED    16   HIGHEST WIND DIRECTION     E (90)
  HIGHEST GUST SPEED    23   HIGHEST GUST DIRECTION     E (90)


SKY COVER
  POSSIBLE SUNSHINE  MM
  AVERAGE SKY COVER 0.4


WEATHER CONDITIONS
 THE FOLLOWING WEATHER WAS RECORDED YESTERDAY.
  NO SIGNIFICANT WEATHER WAS OBSERVED.


RELATIVE HUMIDITY (PERCENT)
 HIGHEST    86
 LOWEST     26
 AVERAGE    56

..........................................................


THE CENTENNIAL CO CLIMATE NORMALS FOR TODAY
                         NORMAL    RECORD    YEAR
 MAXIMUM TEMPERATURE (F)   73        MM        MM
 MINIMUM TEMPERATURE (F)   45        MM        MM


SUNRISE AND SUNSET
MAY 26 2016...........SUNRISE   537 AM MDT   SUNSET   817 PM MDT
MAY 27 2016...........SUNRISE   536 AM MDT   SUNSET   818 PM MDT


-  INDICATES NEGATIVE NUMBERS.
R  INDICATES RECORD WAS SET OR TIED.
MM INDICATES DATA IS MISSING.
T  INDICATES TRACE AMOUNT.




$$
