000
CDUS45 KBOU 280725
CLIAPA


CLIMATE REPORT
NATIONAL WEATHER SERVICE DENVER/BOULDER CO
125 AM MDT WED JUN 28 2017


...................................

...THE CENTENNIAL CO CLIMATE SUMMARY FOR JUNE 27 2017...

CLIMATE NORMAL PERIOD 1981 TO 2010
CLIMATE RECORD PERIOD 9999 TO 9999


WEATHER ITEM   OBSERVED RECORD YEAR NORMAL DEPARTURE LAST
                VALUE   VALUE       VALUE  FROM      YEAR
                                           NORMAL
...........................................................
TEMPERATURE (F)
 YESTERDAY
  MAXIMUM         94     MM      MM  84     10       90
  MINIMUM         61     MM      MM  55      6       58
  AVERAGE         78                 69      9       74

PRECIPITATION (IN)
  YESTERDAY        T     MM      MM   0.06  -0.06     0.00
  MONTH TO DATE    0.93               1.95  -1.02     2.24
  SINCE JUN 1      0.93               1.95  -1.02     2.24
  SINCE JAN 1      7.64               8.53  -0.89     7.88

DEGREE DAYS
 HEATING
  YESTERDAY        0
  MONTH TO DATE   25

 COOLING
  YESTERDAY       13
  MONTH TO DATE  131
...........................................................


WIND (MPH)
  RESULTANT WIND SPEED   4   RESULTANT WIND DIRECTION  SW (210)
  HIGHEST WIND SPEED    24   HIGHEST WIND DIRECTION    SW (240)
  HIGHEST GUST SPEED    32   HIGHEST GUST DIRECTION    SW (240)


SKY COVER
  POSSIBLE SUNSHINE  MM
  AVERAGE SKY COVER 0.5


WEATHER CONDITIONS
 THE FOLLOWING WEATHER WAS RECORDED YESTERDAY.
  NO SIGNIFICANT WEATHER WAS OBSERVED.


RELATIVE HUMIDITY (PERCENT)
 HIGHEST    52
 LOWEST      9
 AVERAGE    31

..........................................................


THE CENTENNIAL CO CLIMATE NORMALS FOR TODAY
                         NORMAL    RECORD    YEAR
 MAXIMUM TEMPERATURE (F)   84        MM        MM
 MINIMUM TEMPERATURE (F)   55        MM        MM


SUNRISE AND SUNSET
JUNE 28 2017..........SUNRISE   534 AM MDT   SUNSET   831 PM MDT
JUNE 29 2017..........SUNRISE   535 AM MDT   SUNSET   831 PM MDT


-  INDICATES NEGATIVE NUMBERS.
R  INDICATES RECORD WAS SET OR TIED.
MM INDICATES DATA IS MISSING.
T  INDICATES TRACE AMOUNT.




$$
