315
CDUS42 KMFL 222116
CLIAPF


CLIMATE REPORT
NATIONAL WEATHER SERVICE MIAMI, FL
415 PM EST MON JAN 22 2018


...................................

...THE NAPLES CLIMATE SUMMARY FOR JANUARY 22 2018...
VALID TODAY AS OF 0400 PM LOCAL TIME.

CLIMATE NORMAL PERIOD 1981 TO 2010
CLIMATE RECORD PERIOD 1942 TO 2018


WEATHER ITEM   OBSERVED TIME   RECORD YEAR NORMAL DEPARTURE LAST
                VALUE   (LST)  VALUE       VALUE  FROM      YEAR
                                                  NORMAL
..................................................................
TEMPERATURE (F)
 TODAY
  MAXIMUM         82   1257 PM  87    1962  75      7       82
  MINIMUM         61    602 AM  28    1985  54      7       72
  AVERAGE         72                        64      8       77

PRECIPITATION (IN)
  TODAY            0.00          2.04 1967   0.07  -0.07     0.10
  MONTH TO DATE    0.14                      1.20  -1.06     0.48
  SINCE NOV 1      1.29                      4.69  -3.40     0.83
  SINCE JAN 1      0.14                      1.20  -1.06     0.48

SNOWFALL (IN)
  TODAY            0.0
  MONTH TO DATE    0.0
  SINCE DEC 1      0.0
  SINCE JUL 1      0.0
  SNOW DEPTH       0

DEGREE DAYS
 HEATING
  TODAY            0                         3     -3        0
  MONTH TO DATE  118                        79     39       20
  SINCE DEC 1    165                       143     22       25
  SINCE JUL 1    169                       157     12       29

 COOLING
  TODAY            7                         3      4       12
  MONTH TO DATE   41                        66    -25      132
  SINCE DEC 1    200                       186     14      399
  SINCE JAN 1     41                        66    -25      132
..................................................................


WIND (MPH)
  HIGHEST WIND SPEED    17   HIGHEST WIND DIRECTION    SE (150)
  HIGHEST GUST SPEED    22   HIGHEST GUST DIRECTION    SE (140)
  AVERAGE WIND SPEED     8.7


SKY COVER
  AVERAGE SKY COVER 0.1


WEATHER CONDITIONS
 THE FOLLOWING WEATHER WAS RECORDED TODAY.
  FOG


RELATIVE HUMIDITY (PERCENT)
 HIGHEST   100
 LOWEST     58
 AVERAGE    79

..........................................................


THE NAPLES CLIMATE NORMALS FOR TOMORROW
                         NORMAL    RECORD    YEAR
 MAXIMUM TEMPERATURE (F)   75        87      1975
 MINIMUM TEMPERATURE (F)   54        31      1985


SUNRISE AND SUNSET
JANUARY 22 2018.......SUNRISE   715 AM EST   SUNSET   603 PM EST
JANUARY 23 2018.......SUNRISE   715 AM EST   SUNSET   603 PM EST


-  INDICATES NEGATIVE NUMBERS.
R  INDICATES RECORD WAS SET OR TIED.
MM INDICATES DATA IS MISSING.
T  INDICATES TRACE AMOUNT.




$$
