000
CDUS42 KMFL 292017
CLIAPF


CLIMATE REPORT
NATIONAL WEATHER SERVICE MIAMI, FL
417 PM EDT SUN MAR 29 2015


...................................

...THE NAPLES CLIMATE SUMMARY FOR MARCH 29 2015...
VALID TODAY AS OF 0400 PM LOCAL TIME.

CLIMATE NORMAL PERIOD 1981 TO 2010
CLIMATE RECORD PERIOD 1942 TO 2015


WEATHER ITEM   OBSERVED TIME   RECORD YEAR NORMAL DEPARTURE LAST
                VALUE   (LST)  VALUE       VALUE  FROM      YEAR
                                                  NORMAL
..................................................................
TEMPERATURE (F)
 TODAY
  MAXIMUM         79    257 PM  90    1975  81     -2       81
  MINIMUM         54    614 AM  45    1955  61     -7       69
  AVERAGE         67                        71     -4       75

PRECIPITATION (IN)
  TODAY            0.00          0.53 2014   0.10  -0.10     0.53
  MONTH TO DATE    1.45                      2.18  -0.73     1.90
  SINCE NOV 1      4.39                      9.62  -5.23     6.16
  SINCE JAN 1      3.09                      6.13  -3.04     5.06

SNOWFALL (IN)
  TODAY            0.0
  MONTH TO DATE    0.0
  SINCE MAR 1      0.0
  SINCE JUL 1      0.0
  SNOW DEPTH       0

DEGREE DAYS
 HEATING
  TODAY            0                         0      0        0
  MONTH TO DATE    0                        19    -19        7
  SINCE MAR 1      0                        19    -19        7
  SINCE JUL 1    197                       252    -55      149

 COOLING
  TODAY            2                         6     -4       10
  MONTH TO DATE  299                       159    140      153
  SINCE MAR 1    299                       159    140      153
  SINCE JAN 1    475                       350    125      426
..................................................................


WIND (MPH)
  HIGHEST WIND SPEED    17   HIGHEST WIND DIRECTION    NE (60)
  HIGHEST GUST SPEED    22   HIGHEST GUST DIRECTION     E (70)
  AVERAGE WIND SPEED     7.7


SKY COVER
  AVERAGE SKY COVER 0.0


WEATHER CONDITIONS
 THE FOLLOWING WEATHER WAS RECORDED TODAY.
  NO SIGNIFICANT WEATHER WAS OBSERVED.


RELATIVE HUMIDITY (PERCENT)
 HIGHEST    72
 LOWEST     29
 AVERAGE    51

..........................................................


THE NAPLES CLIMATE NORMALS FOR TOMORROW
                         NORMAL    RECORD    YEAR
 MAXIMUM TEMPERATURE (F)   81        89      2002
 MINIMUM TEMPERATURE (F)   61        42      1955


SUNRISE AND SUNSET
MARCH 29 2015.........SUNRISE   722 AM EDT   SUNSET   742 PM EDT
MARCH 30 2015.........SUNRISE   721 AM EDT   SUNSET   743 PM EDT


-  INDICATES NEGATIVE NUMBERS.
R  INDICATES RECORD WAS SET OR TIED.
MM INDICATES DATA IS MISSING.
T  INDICATES TRACE AMOUNT.




$$
