000
CDUS42 KMFL 232015
CLIAPF


CLIMATE REPORT
NATIONAL WEATHER SERVICE MIAMI, FL
415 PM EDT MON OCT 23 2017


...................................

...THE NAPLES CLIMATE SUMMARY FOR OCTOBER 23 2017...
VALID TODAY AS OF 0400 PM LOCAL TIME.

CLIMATE NORMAL PERIOD 1981 TO 2010
CLIMATE RECORD PERIOD 1942 TO 2017


WEATHER ITEM   OBSERVED TIME   RECORD YEAR NORMAL DEPARTURE LAST
                VALUE   (LST)  VALUE       VALUE  FROM      YEAR
                                                  NORMAL
..................................................................
TEMPERATURE (F)
 TODAY
  MAXIMUM         88    204 PM  91    1985  86      2       83
  MINIMUM         76    655 AM  50    1976  69      7       58
  AVERAGE         82                        77      5       71

PRECIPITATION (IN)
  TODAY            0.00          0.87 1991   0.10  -0.10     0.00
  MONTH TO DATE    1.47                      3.50  -2.03     4.60
  SINCE JUN 1     60.92                     35.86  25.06    32.10
  SINCE JAN 1     66.55                     47.71  18.84    44.20

SNOWFALL (IN)
  TODAY            0.0
  MONTH TO DATE    0.0
  SINCE SEP 1      0.0
  SINCE JUL 1      0.0
  SNOW DEPTH       0

DEGREE DAYS
 HEATING
  TODAY            0                         0      0        0
  MONTH TO DATE    0                         0      0        0
  SINCE SEP 1      0                         0      0        0
  SINCE JUL 1      0                         0      0        0

 COOLING
  TODAY           17                        12      5        6
  MONTH TO DATE  376                       327     49      352
  SINCE SEP 1    836                       847    -11      903
  SINCE JAN 1   3876                      3504    372     3819
..................................................................


WIND (MPH)
  HIGHEST WIND SPEED    18   HIGHEST WIND DIRECTION     S (160)
  HIGHEST GUST SPEED    23   HIGHEST GUST DIRECTION    SE (150)
  AVERAGE WIND SPEED     8.9


SKY COVER
  AVERAGE SKY COVER 0.1


WEATHER CONDITIONS
 THE FOLLOWING WEATHER WAS RECORDED TODAY.
  NO SIGNIFICANT WEATHER WAS OBSERVED.


RELATIVE HUMIDITY (PERCENT)
 HIGHEST   100
 LOWEST     59
 AVERAGE    80

..........................................................


THE NAPLES CLIMATE NORMALS FOR TOMORROW
                         NORMAL    RECORD    YEAR
 MAXIMUM TEMPERATURE (F)   86        91      2001
 MINIMUM TEMPERATURE (F)   68        50      1976


SUNRISE AND SUNSET
OCTOBER 23 2017.......SUNRISE   731 AM EDT   SUNSET   652 PM EDT
OCTOBER 24 2017.......SUNRISE   731 AM EDT   SUNSET   651 PM EDT


-  INDICATES NEGATIVE NUMBERS.
R  INDICATES RECORD WAS SET OR TIED.
MM INDICATES DATA IS MISSING.
T  INDICATES TRACE AMOUNT.




$$
