000
CDUS42 KMFL 260856
CLIAPF


CLIMATE REPORT
NATIONAL WEATHER SERVICE MIAMI, FL
456 AM EDT SAT JUL 26 2014


...................................

...THE NAPLES CLIMATE SUMMARY FOR JULY 25 2014...

CLIMATE NORMAL PERIOD 1981 TO 2010
CLIMATE RECORD PERIOD 1942 TO 2014


WEATHER ITEM   OBSERVED TIME   RECORD YEAR NORMAL DEPARTURE LAST
                VALUE   (LST)  VALUE       VALUE  FROM      YEAR
                                                  NORMAL
..................................................................
TEMPERATURE (F)
 YESTERDAY
  MAXIMUM         91    310 PM  97    1998  91      0       93
  MINIMUM         78   1159 PM  63    2001  75      3       76
  AVERAGE         85                        83      2       85

PRECIPITATION (IN)
  YESTERDAY        0.00          1.96 1948   0.21  -0.21     0.00
  MONTH TO DATE    5.40                      6.04  -0.64     8.41
  SINCE JUN 1     13.58                     14.86  -1.28    17.17
  SINCE JAN 1     22.41                     26.71  -4.30    27.51

SNOWFALL (IN)
  YESTERDAY        0.0
  MONTH TO DATE    0.0
  SINCE JUN 1      0.0
  SINCE JUL 1      0.0
  SNOW DEPTH       0

DEGREE DAYS
 HEATING
  YESTERDAY        0                         0      0
  MONTH TO DATE    0                         0      0
  SINCE JUN 1      0                         0      0
  SINCE JUL 1      0                         0      0

 COOLING
  YESTERDAY       20                        18      2
  MONTH TO DATE  452                       450      2
  SINCE JUN 1    959                       957      2
  SINCE JAN 1   2148                      1985    163
..................................................................


WIND (MPH)
  HIGHEST WIND SPEED    17   HIGHEST WIND DIRECTION     E (80)
  HIGHEST GUST SPEED    22   HIGHEST GUST DIRECTION    NE (60)
  AVERAGE WIND SPEED     4.7


SKY COVER
  AVERAGE SKY COVER 0.1


WEATHER CONDITIONS
 THE FOLLOWING WEATHER WAS RECORDED YESTERDAY.
  THUNDERSTORM


RELATIVE HUMIDITY (PERCENT)
 HIGHEST    97
 LOWEST     64
 AVERAGE    81

..........................................................


THE NAPLES CLIMATE NORMALS FOR TODAY
                         NORMAL    RECORD    YEAR
 MAXIMUM TEMPERATURE (F)   91        97      1996
 MINIMUM TEMPERATURE (F)   75        68      1973


SUNRISE AND SUNSET
JULY 26 2014..........SUNRISE   650 AM EDT   SUNSET   817 PM EDT
JULY 27 2014..........SUNRISE   650 AM EDT   SUNSET   817 PM EDT


-  INDICATES NEGATIVE NUMBERS.
R  INDICATES RECORD WAS SET OR TIED.
MM INDICATES DATA IS MISSING.
T  INDICATES TRACE AMOUNT.




$$
