000
CDUS42 KMFL 200850
CLIAPF


CLIMATE REPORT
NATIONAL WEATHER SERVICE MIAMI, FL
449 AM EDT MON OCT 20 2014


...................................

...THE NAPLES CLIMATE SUMMARY FOR OCTOBER 19 2014...

CLIMATE NORMAL PERIOD 1981 TO 2010
CLIMATE RECORD PERIOD 1942 TO 2014


WEATHER ITEM   OBSERVED TIME   RECORD YEAR NORMAL DEPARTURE LAST
                VALUE   (LST)  VALUE       VALUE  FROM      YEAR
                                                  NORMAL
..................................................................
TEMPERATURE (F)
 YESTERDAY
  MAXIMUM         85   1240 PM  92    1985  87     -2       88
  MINIMUM         65    643 AM  52    1977  69     -4       73
  AVERAGE         75                        78     -3       81

PRECIPITATION (IN)
  YESTERDAY        0.00          2.46 1944   0.10  -0.10     0.00
  MONTH TO DATE    1.43                      3.11  -1.68     1.24
  SINCE JUN 1     40.53                     35.47   5.06    37.88
  SINCE JAN 1     49.36                     47.32   2.04    48.22

SNOWFALL (IN)
  YESTERDAY        0.0
  MONTH TO DATE    0.0
  SINCE SEP 1      0.0
  SINCE JUL 1      0.0
  SNOW DEPTH       0

DEGREE DAYS
 HEATING
  YESTERDAY        0                         0      0
  MONTH TO DATE    0                         0      0
  SINCE SEP 1      0                         0      0
  SINCE JUL 1      0                         0      0

 COOLING
  YESTERDAY       10                        13     -3
  MONTH TO DATE  283                       277      6
  SINCE SEP 1    802                       797      5
  SINCE JAN 1   3672                      3454    218
..................................................................


WIND (MPH)
  HIGHEST WIND SPEED    13   HIGHEST WIND DIRECTION     W (280)
  HIGHEST GUST SPEED    15   HIGHEST GUST DIRECTION     W (280)
  AVERAGE WIND SPEED     5.8


SKY COVER
  AVERAGE SKY COVER 0.0


WEATHER CONDITIONS
 THE FOLLOWING WEATHER WAS RECORDED YESTERDAY.
  NO SIGNIFICANT WEATHER WAS OBSERVED.


RELATIVE HUMIDITY (PERCENT)
 HIGHEST    93
 LOWEST     51
 AVERAGE    72

..........................................................


THE NAPLES CLIMATE NORMALS FOR TODAY
                         NORMAL    RECORD    YEAR
 MAXIMUM TEMPERATURE (F)   86        92      1969
 MINIMUM TEMPERATURE (F)   69        54      1955


SUNRISE AND SUNSET
OCTOBER 20 2014.......SUNRISE   729 AM EDT   SUNSET   655 PM EDT
OCTOBER 21 2014.......SUNRISE   729 AM EDT   SUNSET   654 PM EDT


-  INDICATES NEGATIVE NUMBERS.
R  INDICATES RECORD WAS SET OR TIED.
MM INDICATES DATA IS MISSING.
T  INDICATES TRACE AMOUNT.




$$
