000
CDUS42 KMFL 182258
CLIAPF


CLIMATE REPORT
NATIONAL WEATHER SERVICE MIAMI, FL
558 PM EST WED JAN 18 2017


...................................

...THE NAPLES CLIMATE SUMMARY FOR JANUARY 17 2017...

CLIMATE NORMAL PERIOD 1981 TO 2010
CLIMATE RECORD PERIOD 1942 TO 2017


WEATHER ITEM   OBSERVED TIME   RECORD YEAR NORMAL DEPARTURE LAST
                VALUE   (LST)  VALUE       VALUE  FROM      YEAR
                                                  NORMAL
..................................................................
TEMPERATURE (F)
 YESTERDAY
  MAXIMUM         84    223 PM  87    1947  75      9       77
  MINIMUM         63    740 AM  37    1983  54      9       57
                                      1971
                                      1968
  AVERAGE         74                        64     10       67

PRECIPITATION (IN)
  YESTERDAY        0.00          1.10 1993   0.05  -0.05     0.41
  MONTH TO DATE    0.38                      0.91  -0.53     2.43
  SINCE NOV 1      0.73                      4.40  -3.67     7.05
  SINCE JAN 1      0.38                      0.91  -0.53     2.43

SNOWFALL (IN)
  YESTERDAY        0.0
  MONTH TO DATE    0.0
  SINCE DEC 1      0.0
  SINCE JUL 1      0.0
  SNOW DEPTH       0

DEGREE DAYS
 HEATING
  YESTERDAY        0                         4     -4        0
  MONTH TO DATE   20                        62    -42       13
  SINCE DEC 1     25                       126   -101       13
  SINCE JUL 1     29                       140   -111       13

 COOLING
  YESTERDAY        9                         3      6        2
  MONTH TO DATE   98                        51     47       66
  SINCE DEC 1    365                       171    194      422
  SINCE JAN 1     98                        51     47       66
..................................................................


WIND (MPH)
  HIGHEST WIND SPEED    18   HIGHEST WIND DIRECTION    SE (140)
  HIGHEST GUST SPEED    22   HIGHEST GUST DIRECTION    SE (140)
  AVERAGE WIND SPEED     6.8


SKY COVER
  AVERAGE SKY COVER 0.1


WEATHER CONDITIONS
 THE FOLLOWING WEATHER WAS RECORDED YESTERDAY.
  NO SIGNIFICANT WEATHER WAS OBSERVED.


RELATIVE HUMIDITY (PERCENT)
 HIGHEST   100
 LOWEST     40
 AVERAGE    70

..........................................................


THE NAPLES CLIMATE NORMALS FOR TODAY
                         NORMAL    RECORD    YEAR
 MAXIMUM TEMPERATURE (F)   75        85      1962
 MINIMUM TEMPERATURE (F)   54        32      1981
                                             1977


SUNRISE AND SUNSET
JANUARY 18 2017.......SUNRISE   716 AM EST   SUNSET   600 PM EST
JANUARY 19 2017.......SUNRISE   716 AM EST   SUNSET   601 PM EST


-  INDICATES NEGATIVE NUMBERS.
R  INDICATES RECORD WAS SET OR TIED.
MM INDICATES DATA IS MISSING.
T  INDICATES TRACE AMOUNT.




$$
