000
CDUS42 KMFL 042124
CLIAPF


CLIMATE REPORT
NATIONAL WEATHER SERVICE MIAMI, FL
423 PM EST WED MAR 4 2015


...................................

...THE NAPLES CLIMATE SUMMARY FOR MARCH 4 2015...
VALID TODAY AS OF 0400 PM LOCAL TIME.

CLIMATE NORMAL PERIOD 1981 TO 2010
CLIMATE RECORD PERIOD 1942 TO 2015


WEATHER ITEM   OBSERVED TIME   RECORD YEAR NORMAL DEPARTURE LAST
                VALUE   (LST)  VALUE       VALUE  FROM      YEAR
                                                  NORMAL
..................................................................
TEMPERATURE (F)
 TODAY
  MAXIMUM         86    142 PM  88    2003  79      7       83
  MINIMUM         67    716 AM  33    1980  59      8       61
  AVERAGE         77                        69      8       72

PRECIPITATION (IN)
  TODAY            0.00          0.74 1957   0.07  -0.07     0.00
  MONTH TO DATE    0.17                      0.25  -0.08     0.00
  SINCE NOV 1      3.11                      7.69  -4.58     4.26
  SINCE JAN 1      1.81                      4.20  -2.39     3.16

SNOWFALL (IN)
  TODAY            0.0
  MONTH TO DATE    0.0
  SINCE MAR 1      0.0
  SINCE JUL 1      0.0
  SNOW DEPTH       0

DEGREE DAYS
 HEATING
  TODAY            0                         1     -1        0
  MONTH TO DATE    0                         4     -4        1
  SINCE MAR 1      0                         4     -4        1
  SINCE JUL 1    197                       237    -40      143

 COOLING
  TODAY           12                         5      7        7
  MONTH TO DATE   46                        20     26       18
  SINCE MAR 1     46                        20     26       18
  SINCE JAN 1    222                       211     11      291
..................................................................


WIND (MPH)
  HIGHEST WIND SPEED    20   HIGHEST WIND DIRECTION    SE (140)
  HIGHEST GUST SPEED    23   HIGHEST GUST DIRECTION    SE (140)
  AVERAGE WIND SPEED     9.8


SKY COVER
  AVERAGE SKY COVER 0.1


WEATHER CONDITIONS
 THE FOLLOWING WEATHER WAS RECORDED TODAY.
  FOG


RELATIVE HUMIDITY (PERCENT)
 HIGHEST   100
 LOWEST     48
 AVERAGE    74

..........................................................


THE NAPLES CLIMATE NORMALS FOR TOMORROW
                         NORMAL    RECORD    YEAR
 MAXIMUM TEMPERATURE (F)   79        87      2003
                                             1989
 MINIMUM TEMPERATURE (F)   59        36      1971


SUNRISE AND SUNSET
MARCH  4 2015.........SUNRISE   648 AM EST   SUNSET   630 PM EST
MARCH  5 2015.........SUNRISE   647 AM EST   SUNSET   631 PM EST


-  INDICATES NEGATIVE NUMBERS.
R  INDICATES RECORD WAS SET OR TIED.
MM INDICATES DATA IS MISSING.
T  INDICATES TRACE AMOUNT.




$$
