000
CDUS42 KMFL 300843
CLIAPF


CLIMATE REPORT
NATIONAL WEATHER SERVICE MIAMI, FL
431 AM EDT MON MAY 30 2016


...................................

...THE NAPLES CLIMATE SUMMARY FOR MAY 29 2016...

CLIMATE NORMAL PERIOD 1981 TO 2010
CLIMATE RECORD PERIOD 1942 TO 2016


WEATHER ITEM   OBSERVED TIME   RECORD YEAR NORMAL DEPARTURE LAST
                VALUE   (LST)  VALUE       VALUE  FROM      YEAR
                                                  NORMAL
..................................................................
TEMPERATURE (F)
 YESTERDAY
  MAXIMUM         90   1106 AM  96    2011  89      1       88
  MINIMUM         73   1159 PM  62    1975  71      2       68
  AVERAGE         82                        80      2       78

PRECIPITATION (IN)
  YESTERDAY        0.00          6.77 1975   0.15  -0.15      T
  MONTH TO DATE    2.44                      2.85  -0.41     2.57
  SINCE NOV 1     16.68                     15.03   1.65     8.71
  SINCE JAN 1     12.06                     11.54   0.52     7.41

SNOWFALL (IN)
  YESTERDAY        0.0
  MONTH TO DATE    0.0
  SINCE MAR 1      0.0
  SINCE JUL 1      0.0
  SNOW DEPTH       0

DEGREE DAYS
 HEATING
  YESTERDAY        0                         0      0        0
  MONTH TO DATE    0                         0      0        0
  SINCE MAR 1      4                        27    -23        1
  SINCE JUL 1    142                       260   -118      198

 COOLING
  YESTERDAY       17                        15      2       13
  MONTH TO DATE  410                       378     32      431
  SINCE MAR 1    992                       807    185     1148
  SINCE JAN 1   1154                       998    156     1324
..................................................................


WIND (MPH)
  HIGHEST WIND SPEED    17   HIGHEST WIND DIRECTION     W (290)
  HIGHEST GUST SPEED    21   HIGHEST GUST DIRECTION     W (280)
  AVERAGE WIND SPEED     7.3


SKY COVER
  AVERAGE SKY COVER 0.2


WEATHER CONDITIONS
 THE FOLLOWING WEATHER WAS RECORDED YESTERDAY.
  THUNDERSTORM


RELATIVE HUMIDITY (PERCENT)
 HIGHEST    93
 LOWEST     38
 AVERAGE    66

..........................................................


THE NAPLES CLIMATE NORMALS FOR TODAY
                         NORMAL    RECORD    YEAR
 MAXIMUM TEMPERATURE (F)   89        95      2011
 MINIMUM TEMPERATURE (F)   71        64      1945


SUNRISE AND SUNSET
MAY 30 2016...........SUNRISE   635 AM EDT   SUNSET   814 PM EDT
MAY 31 2016...........SUNRISE   635 AM EDT   SUNSET   815 PM EDT


-  INDICATES NEGATIVE NUMBERS.
R  INDICATES RECORD WAS SET OR TIED.
MM INDICATES DATA IS MISSING.
T  INDICATES TRACE AMOUNT.




$$
