000
CDUS42 KMFL 272016
CLIAPF


CLIMATE REPORT
NATIONAL WEATHER SERVICE MIAMI, FL
416 PM EDT MON JUL 27 2015


...................................

...THE NAPLES CLIMATE SUMMARY FOR JULY 27 2015...
VALID TODAY AS OF 0400 PM LOCAL TIME.

CLIMATE NORMAL PERIOD 1981 TO 2010
CLIMATE RECORD PERIOD 1942 TO 2015


WEATHER ITEM   OBSERVED TIME   RECORD YEAR NORMAL DEPARTURE LAST
                VALUE   (LST)  VALUE       VALUE  FROM      YEAR
                                                  NORMAL
..................................................................
TEMPERATURE (F)
 TODAY
  MAXIMUM         84    259 PM  97    1996  91     -7       89
  MINIMUM         77    840 AM  68    1978  75      2       77
  AVERAGE         81                        83     -2       83

PRECIPITATION (IN)
  TODAY            0.41          1.63 1981   0.21   0.20     1.45
  MONTH TO DATE    9.56                      6.46   3.10     6.85
  SINCE JUN 1     15.88                     15.28   0.60    15.03
  SINCE JAN 1     23.90                     27.13  -3.23    23.86

SNOWFALL (IN)
  TODAY            0.0
  MONTH TO DATE    0.0
  SINCE JUN 1      0.0
  SINCE JUL 1      0.0
  SNOW DEPTH       0

DEGREE DAYS
 HEATING
  TODAY            0                         0      0        0
  MONTH TO DATE    0                         0      0        0
  SINCE JUN 1      0                         0      0        0
  SINCE JUL 1      0                         0      0        0

 COOLING
  TODAY           16                        18     -2       18
  MONTH TO DATE  484                       486     -2      489
  SINCE JUN 1    994                       993      1      996
  SINCE JAN 1   2349                      2021    328     2185
..................................................................


WIND (MPH)
  HIGHEST WIND SPEED    32   HIGHEST WIND DIRECTION     W (250)
  HIGHEST GUST SPEED    40   HIGHEST GUST DIRECTION    SW (230)
  AVERAGE WIND SPEED     8.8


SKY COVER
  AVERAGE SKY COVER 0.6


WEATHER CONDITIONS
 THE FOLLOWING WEATHER WAS RECORDED TODAY.
  THUNDERSTORM
  HEAVY RAIN
  RAIN
  LIGHT RAIN
  FOG
  HAZE


RELATIVE HUMIDITY (PERCENT)
 HIGHEST    97
 LOWEST     74
 AVERAGE    86

..........................................................


THE NAPLES CLIMATE NORMALS FOR TOMORROW
                         NORMAL    RECORD    YEAR
 MAXIMUM TEMPERATURE (F)   91        98      1996
 MINIMUM TEMPERATURE (F)   75        68      1976


SUNRISE AND SUNSET
JULY 27 2015..........SUNRISE   650 AM EDT   SUNSET   817 PM EDT
JULY 28 2015..........SUNRISE   651 AM EDT   SUNSET   816 PM EDT


-  INDICATES NEGATIVE NUMBERS.
R  INDICATES RECORD WAS SET OR TIED.
MM INDICATES DATA IS MISSING.
T  INDICATES TRACE AMOUNT.




$$
