000
CDUS43 KAPX 290529
CLIAPN


CLIMATE REPORT
NATIONAL WEATHER SERVICE GAYLORD MI
127 AM EDT THU JUN 29 2017


...................................

...THE ALPENA MI CLIMATE SUMMARY FOR JUNE 28 2017...

CLIMATE NORMAL PERIOD 1981 TO 2010
CLIMATE RECORD PERIOD 1916 TO 2017


WEATHER ITEM   OBSERVED TIME   RECORD YEAR NORMAL DEPARTURE LAST
                VALUE   (LST)  VALUE       VALUE  FROM      YEAR
                                                  NORMAL
..................................................................
TEMPERATURE (F)
 YESTERDAY
  MAXIMUM         77    307 PM  98    1971  78     -1       73
  MINIMUM         48    511 AM  32    1925  53     -5       54
  AVERAGE         63                        66     -3       64

PRECIPITATION (IN)
  YESTERDAY        0.08          1.47 1957   0.09  -0.01      T
  MONTH TO DATE    5.95                      2.44   3.51     1.34
  SINCE JUN 1      5.95                      2.44   3.51     1.34
  SINCE JAN 1     21.26                     12.34   8.92    16.07

DEGREE DAYS
 HEATING
  YESTERDAY        2                         2      0        1
  MONTH TO DATE   83                       138    -55      105
  SINCE JUN 1     83                       138    -55      105
  SINCE JUL 1   6829                      8095  -1266     7058

 COOLING
  YESTERDAY        0                         3     -3        0
  MONTH TO DATE   56                        51      5       65
  SINCE JUN 1     56                        51      5       65
  SINCE JAN 1     62                        64     -2       97
..................................................................


WIND (MPH)
  HIGHEST WIND SPEED    21   HIGHEST WIND DIRECTION    SW (220)
  HIGHEST GUST SPEED    27   HIGHEST GUST DIRECTION    SW (220)
  AVERAGE WIND SPEED     8.2




RELATIVE HUMIDITY (PERCENT)
 HIGHEST   100
 LOWEST     41
 AVERAGE    71

..........................................................


THE ALPENA MI CLIMATE NORMALS FOR TODAY
                         NORMAL    RECORD    YEAR
 MAXIMUM TEMPERATURE (F)   78        99      1927
 MINIMUM TEMPERATURE (F)   53        35      1925
                                             1919


SUNRISE AND SUNSET
JUNE 29 2017..........SUNRISE   550 AM EDT   SUNSET   925 PM EDT
JUNE 30 2017..........SUNRISE   551 AM EDT   SUNSET   925 PM EDT


-  INDICATES NEGATIVE NUMBERS.
R  INDICATES RECORD WAS SET OR TIED.
MM INDICATES DATA IS MISSING.
T  INDICATES TRACE AMOUNT.




$$
