000
CDUS43 KAPX 240533
CLIAPN


CLIMATE REPORT
NATIONAL WEATHER SERVICE GAYLORD MI
133 AM EDT WED MAY 24 2017


...................................

...THE ALPENA MI CLIMATE SUMMARY FOR MAY 23 2017...

CLIMATE NORMAL PERIOD 1981 TO 2010
CLIMATE RECORD PERIOD 1916 TO 2017


WEATHER ITEM   OBSERVED TIME   RECORD YEAR NORMAL DEPARTURE LAST
                VALUE   (LST)  VALUE       VALUE  FROM      YEAR
                                                  NORMAL
..................................................................
TEMPERATURE (F)
 YESTERDAY
  MAXIMUM         66   1013 AM  89    1964  67     -1       77
  MINIMUM         38    526 AM  26    2015  43     -5       32
                                      1958
  AVERAGE         52                        55     -3       55

PRECIPITATION (IN)
  YESTERDAY        0.02          1.46 2004   0.09  -0.07     0.00
  MONTH TO DATE    1.37                      1.93  -0.56     0.75
  SINCE MAR 1      9.05                      6.18   2.87     9.69
  SINCE JAN 1     14.54                      9.16   5.38    14.17

DEGREE DAYS
 HEATING
  YESTERDAY       13                        11      2       10
  MONTH TO DATE  346                       322     24      341
  SINCE MAR 1   2062                      2149    -87     2164
  SINCE JUL 1   6693                      7881  -1188     6946

 COOLING
  YESTERDAY        0                         0      0        0
  MONTH TO DATE    6                         0      6        0
  SINCE MAR 1      6                         2      4        0
  SINCE JAN 1      6                         2      4        0
..................................................................


WIND (MPH)
  HIGHEST WIND SPEED    13   HIGHEST WIND DIRECTION    SE (120)
  HIGHEST GUST SPEED    17   HIGHEST GUST DIRECTION     E (80)
  AVERAGE WIND SPEED     3.4




RELATIVE HUMIDITY (PERCENT)
 HIGHEST   100
 LOWEST     56
 AVERAGE    78

..........................................................


THE ALPENA MI CLIMATE NORMALS FOR TODAY
                         NORMAL    RECORD    YEAR
 MAXIMUM TEMPERATURE (F)   67        89      2016
 MINIMUM TEMPERATURE (F)   43        24      1963


SUNRISE AND SUNSET
MAY 24 2017...........SUNRISE   556 AM EDT   SUNSET   907 PM EDT
MAY 25 2017...........SUNRISE   555 AM EDT   SUNSET   908 PM EDT


-  INDICATES NEGATIVE NUMBERS.
R  INDICATES RECORD WAS SET OR TIED.
MM INDICATES DATA IS MISSING.
T  INDICATES TRACE AMOUNT.




$$
