000
CDUS43 KAPX 242126
CLIAPN


CLIMATE REPORT
NATIONAL WEATHER SERVICE GAYLORD MI
525 PM EDT SAT SEP 24 2016


...................................

...THE ALPENA MI CLIMATE SUMMARY FOR SEPTEMBER 24 2016...
VALID TODAY AS OF 0500 PM LOCAL TIME.

CLIMATE NORMAL PERIOD 1981 TO 2010
CLIMATE RECORD PERIOD 1916 TO 2016


WEATHER ITEM   OBSERVED TIME   RECORD YEAR NORMAL DEPARTURE LAST
                VALUE   (LST)  VALUE       VALUE  FROM      YEAR
                                                  NORMAL
..................................................................
TEMPERATURE (F)
 TODAY
  MAXIMUM         65    215 PM  89    2007  66     -1       71
  MINIMUM         39    618 AM  27    1981  44     -5       47
                                      1924
  AVERAGE         52                        55     -3       59

PRECIPITATION (IN)
  TODAY            0.00          1.95 1945   0.10  -0.10     0.00
  MONTH TO DATE    2.06                      2.35  -0.29     1.04
  SINCE SEP 1      2.06                      2.35  -0.29     1.04
  SINCE JAN 1     22.69                     21.13   1.56    15.69

DEGREE DAYS
 HEATING
  TODAY           13                        11      2        6
  MONTH TO DATE   62                       169   -107       70
  SINCE SEP 1     62                       169   -107       70
  SINCE JUL 1     85                       284   -199      144

 COOLING
  TODAY            0                         0      0        0
  MONTH TO DATE   56                        21     35       80
  SINCE SEP 1     56                        21     35       80
  SINCE JAN 1    547                       287    260      376
..................................................................


WIND (MPH)
  RESULTANT WIND SPEED   3   RESULTANT WIND DIRECTION   E (100)
  HIGHEST WIND SPEED    12   HIGHEST WIND DIRECTION    SE (130)
  HIGHEST GUST SPEED    16   HIGHEST GUST DIRECTION    NE (60)
  AVERAGE WIND SPEED     3.4


SKY COVER
  POSSIBLE SUNSHINE  MM
  AVERAGE SKY COVER 0.0


WEATHER CONDITIONS
 THE FOLLOWING WEATHER WAS RECORDED TODAY.
  NO SIGNIFICANT WEATHER WAS OBSERVED.


RELATIVE HUMIDITY (PERCENT)
 HIGHEST    92
 LOWEST     40
 AVERAGE    66

..........................................................


THE ALPENA MI CLIMATE NORMALS FOR TOMORROW
                         NORMAL    RECORD    YEAR
 MAXIMUM TEMPERATURE (F)   65        85      1935
 MINIMUM TEMPERATURE (F)   43        25      1925


SUNRISE AND SUNSET
SEPTEMBER 24 2016.....SUNRISE   724 AM EDT   SUNSET   727 PM EDT
SEPTEMBER 25 2016.....SUNRISE   726 AM EDT   SUNSET   725 PM EDT


-  INDICATES NEGATIVE NUMBERS.
R  INDICATES RECORD WAS SET OR TIED.
MM INDICATES DATA IS MISSING.
T  INDICATES TRACE AMOUNT.




$$
