000
CDUS43 KAPX 142232
CLIAPN


CLIMATE REPORT
NATIONAL WEATHER SERVICE GAYLORD MI
531 PM EST SUN FEB 14 2016


...................................

...THE ALPENA MI CLIMATE SUMMARY FOR FEBRUARY 14 2016...
VALID TODAY AS OF 0500 PM LOCAL TIME.

CLIMATE NORMAL PERIOD 1981 TO 2010
CLIMATE RECORD PERIOD 1916 TO 2016


WEATHER ITEM   OBSERVED TIME   RECORD YEAR NORMAL DEPARTURE LAST
                VALUE   (LST)  VALUE       VALUE  FROM      YEAR
                                                  NORMAL
..................................................................
TEMPERATURE (F)
 TODAY
  MAXIMUM         19    318 PM  52    1954  29    -10       15
  MINIMUM        -11    816 AM -17    1970  11    -22       -8
  AVERAGE          4                        20    -16        4

PRECIPITATION (IN)
  TODAY            T             0.81 1946   0.04  -0.04      T
  MONTH TO DATE    1.57                      0.60   0.97     0.55
  SINCE DEC 1      7.26                      4.01   3.25     3.43
  SINCE JAN 1      3.47                      2.26   1.21     1.74

SNOWFALL (IN)
  TODAY            0.2           7.3  1946   0.6              T
  MONTH TO DATE   12.4                       8.9             9.9
  SINCE OCT 1     37.0                      57.5            41.3
  SINCE JUL 1     37.0                      57.5            41.3

DEGREE DAYS
 HEATING
  TODAY           61                        45     16       61
  MONTH TO DATE  627                       640    -13      750
  SINCE DEC 1   2815                      3299   -484     3453
  SINCE JUL 1   4188                      5122   -934     5386
..................................................................


WIND (MPH)
  RESULTANT WIND SPEED   4   RESULTANT WIND DIRECTION   S (170)
  HIGHEST WIND SPEED    13   HIGHEST WIND DIRECTION     S (180)
  HIGHEST GUST SPEED    16   HIGHEST GUST DIRECTION    SE (140)
  AVERAGE WIND SPEED     4.3


SKY COVER
  POSSIBLE SUNSHINE  MM
  AVERAGE SKY COVER 0.4


WEATHER CONDITIONS
 THE FOLLOWING WEATHER WAS RECORDED TODAY.
  LIGHT SNOW
  FOG
  HAZE


RELATIVE HUMIDITY (PERCENT)
 HIGHEST    86
 LOWEST     47
 AVERAGE    67

..........................................................


THE ALPENA MI CLIMATE NORMALS FOR TOMORROW
                         NORMAL    RECORD    YEAR
 MAXIMUM TEMPERATURE (F)   29        52      1954
 MINIMUM TEMPERATURE (F)   11       -27      1943


SUNRISE AND SUNSET
FEBRUARY 14 2016......SUNRISE   737 AM EST   SUNSET   600 PM EST
FEBRUARY 15 2016......SUNRISE   736 AM EST   SUNSET   601 PM EST


-  INDICATES NEGATIVE NUMBERS.
R  INDICATES RECORD WAS SET OR TIED.
MM INDICATES DATA IS MISSING.
T  INDICATES TRACE AMOUNT.




$$
