000
CDUS43 KAPX 210527
CLIAPN


CLIMATE REPORT
NATIONAL WEATHER SERVICE GAYLORD MI
127 AM EDT MON AUG 21 2017


...................................

...THE ALPENA MI CLIMATE SUMMARY FOR AUGUST 20 2017...

CLIMATE NORMAL PERIOD 1981 TO 2010
CLIMATE RECORD PERIOD 1916 TO 2017


WEATHER ITEM   OBSERVED TIME   RECORD YEAR NORMAL DEPARTURE LAST
                VALUE   (LST)  VALUE       VALUE  FROM      YEAR
                                                  NORMAL
..................................................................
TEMPERATURE (F)
 YESTERDAY
  MAXIMUM         85    338 PM  95    1955  77      8       82
  MINIMUM         56    454 AM  34    1929  53      3       63
  AVERAGE         71                        65      6       73

PRECIPITATION (IN)
  YESTERDAY        0.00          1.74 1968   0.11  -0.11     0.07
  MONTH TO DATE    3.57                      2.04   1.53     1.00
  SINCE JUN 1     11.98                      7.69   4.29     4.98
  SINCE JAN 1     27.29                     17.59   9.70    19.71

DEGREE DAYS
 HEATING
  YESTERDAY        0                         2     -2        0
  MONTH TO DATE    5                        36    -31        0
  SINCE JUN 1     95                       223   -128      125
  SINCE JUL 1     12                        80    -68       17

 COOLING
  YESTERDAY        6                         2      4        8
  MONTH TO DATE   59                        58      1      159
  SINCE JUN 1    242                       230     12      415
  SINCE JAN 1    248                       243      5      447
..................................................................


WIND (MPH)
  HIGHEST WIND SPEED    14   HIGHEST WIND DIRECTION    SW (220)
  HIGHEST GUST SPEED    18   HIGHEST GUST DIRECTION    SW (220)
  AVERAGE WIND SPEED     4.8




RELATIVE HUMIDITY (PERCENT)
 HIGHEST   100
 LOWEST     40
 AVERAGE    70

..........................................................


THE ALPENA MI CLIMATE NORMALS FOR TODAY
                         NORMAL    RECORD    YEAR
 MAXIMUM TEMPERATURE (F)   76        99      1955
 MINIMUM TEMPERATURE (F)   53        31      1922


SUNRISE AND SUNSET
AUGUST 21 2017........SUNRISE   643 AM EDT   SUNSET   830 PM EDT
AUGUST 22 2017........SUNRISE   645 AM EDT   SUNSET   829 PM EDT


-  INDICATES NEGATIVE NUMBERS.
R  INDICATES RECORD WAS SET OR TIED.
MM INDICATES DATA IS MISSING.
T  INDICATES TRACE AMOUNT.




$$
