000
CDUS43 KAPX 310528
CLIAPN


CLIMATE REPORT
NATIONAL WEATHER SERVICE GAYLORD MI
127 AM EDT FRI JUL 31 2015


...................................

...THE ALPENA MI CLIMATE SUMMARY FOR JULY 30 2015...

CLIMATE NORMAL PERIOD 1981 TO 2010
CLIMATE RECORD PERIOD 1916 TO 2015


WEATHER ITEM   OBSERVED TIME   RECORD YEAR NORMAL DEPARTURE LAST
                VALUE   (LST)  VALUE       VALUE  FROM      YEAR
                                                  NORMAL
..................................................................
TEMPERATURE (F)
 YESTERDAY
  MAXIMUM         85    229 PM  98    1917  79      6       73
  MINIMUM         56   1159 PM  36    1965  56      0       50
  AVERAGE         71                        67      4       62

PRECIPITATION (IN)
  YESTERDAY        T             2.38 1973   0.09  -0.09     0.02
  MONTH TO DATE    1.62                      2.93  -1.31     3.91
  SINCE JUN 1      3.78                      5.55  -1.77     5.09
  SINCE JAN 1     12.33                     15.45  -3.12    16.59

DEGREE DAYS
 HEATING
  YESTERDAY        0                         1     -1        3
  MONTH TO DATE   35                        40     -5       69
  SINCE JUN 1    178                       183     -5      181
  SINCE JUL 1     35                        40     -5       69

 COOLING
  YESTERDAY        6                         4      2        0
  MONTH TO DATE  134                       117     17       50
  SINCE JUN 1    145                       173    -28      105
  SINCE JAN 1    169                       186    -17      110
..................................................................


WIND (MPH)
  HIGHEST WIND SPEED    21   HIGHEST WIND DIRECTION     W (270)
  HIGHEST GUST SPEED    31   HIGHEST GUST DIRECTION     W (250)
  AVERAGE WIND SPEED     8.2




RELATIVE HUMIDITY (PERCENT)
 HIGHEST    86
 LOWEST     32
 AVERAGE    59

..........................................................


THE ALPENA MI CLIMATE NORMALS FOR TODAY
                         NORMAL    RECORD    YEAR
 MAXIMUM TEMPERATURE (F)   79       100      1917
 MINIMUM TEMPERATURE (F)   56        35      1978


SUNRISE AND SUNSET
JULY 31 2015..........SUNRISE   618 AM EDT   SUNSET   903 PM EDT
AUGUST  1 2015........SUNRISE   619 AM EDT   SUNSET   901 PM EDT


-  INDICATES NEGATIVE NUMBERS.
R  INDICATES RECORD WAS SET OR TIED.
MM INDICATES DATA IS MISSING.
T  INDICATES TRACE AMOUNT.




$$
