432
CDUS43 KAPX 040540
CLIAPN


CLIMATE REPORT
NATIONAL WEATHER SERVICE GAYLORD MI
139 AM EDT WED MAY 4 2016


...................................

...THE ALPENA MI CLIMATE SUMMARY FOR MAY 3 2016...

CLIMATE NORMAL PERIOD 1981 TO 2010
CLIMATE RECORD PERIOD 1916 TO 2016


WEATHER ITEM   OBSERVED TIME   RECORD YEAR NORMAL DEPARTURE LAST
                VALUE   (LST)  VALUE       VALUE  FROM      YEAR
                                                  NORMAL
..................................................................
TEMPERATURE (F)
 YESTERDAY
  MAXIMUM         69   1253 PM  86    1949  60      9       81
  MINIMUM         32    525 AM  20    1950  37     -5       42
  AVERAGE         51                        48      3       62

PRECIPITATION (IN)
  YESTERDAY        0.00          1.16 1929   0.08  -0.08     0.00
  MONTH TO DATE    0.03                      0.23  -0.20     0.00
  SINCE MAR 1      8.97                      4.48   4.49     3.10
  SINCE JAN 1     13.45                      7.46   5.99     4.89

DEGREE DAYS
 HEATING
  YESTERDAY       14                        17     -3        3
  MONTH TO DATE   50                        51     -1       26
  SINCE MAR 1   1877                      1878     -1     1904
  SINCE JUL 1   6659                      7610   -951     8167

 COOLING
  YESTERDAY        0                         0      0        0
  MONTH TO DATE    0                         0      0        0
  SINCE MAR 1      0                         2     -2        0
  SINCE JAN 1      0                         2     -2        0
..................................................................


WIND (MPH)
  HIGHEST WIND SPEED    16   HIGHEST WIND DIRECTION    SW (220)
  HIGHEST GUST SPEED    23   HIGHEST GUST DIRECTION     S (190)
  AVERAGE WIND SPEED     5.0




RELATIVE HUMIDITY (PERCENT)
 HIGHEST    92
 LOWEST     24
 AVERAGE    58

..........................................................


THE ALPENA MI CLIMATE NORMALS FOR TODAY
                         NORMAL    RECORD    YEAR
 MAXIMUM TEMPERATURE (F)   60        88      1949
 MINIMUM TEMPERATURE (F)   37        21      2005
                                             1926


SUNRISE AND SUNSET
MAY  4 2016...........SUNRISE   618 AM EDT   SUNSET   844 PM EDT
MAY  5 2016...........SUNRISE   617 AM EDT   SUNSET   846 PM EDT


-  INDICATES NEGATIVE NUMBERS.
R  INDICATES RECORD WAS SET OR TIED.
MM INDICATES DATA IS MISSING.
T  INDICATES TRACE AMOUNT.




$$
