000
CDUS43 KAPX 250530
CLIAPN


CLIMATE REPORT
NATIONAL WEATHER SERVICE GAYLORD MI
129 AM EDT FRI JUL 25 2014


...................................

...THE ALPENA MI CLIMATE SUMMARY FOR JULY 24 2014...

CLIMATE NORMAL PERIOD 1981 TO 2010
CLIMATE RECORD PERIOD 1916 TO 2014


WEATHER ITEM   OBSERVED TIME   RECORD YEAR NORMAL DEPARTURE LAST
                VALUE   (LST)  VALUE       VALUE  FROM      YEAR
                                                  NORMAL
..................................................................
TEMPERATURE (F)
 YESTERDAY
  MAXIMUM         75    248 PM  96    1941  80     -5       73
  MINIMUM         49    551 AM  40    1932  56     -7       45
                                      1925
  AVERAGE         62                        68     -6       59

PRECIPITATION (IN)
  YESTERDAY        0.00          1.43 1979   0.09  -0.09     0.00
  MONTH TO DATE    3.19                      2.37   0.82     1.24
  SINCE JUN 1      4.37                      4.99  -0.62     3.27
  SINCE JAN 1     15.87                     14.89   0.98    18.20

DEGREE DAYS
 HEATING
  YESTERDAY        3                         1      2        6
  MONTH TO DATE   56                        34     22       34
  SINCE JUN 1    168                       177     -9      170
  SINCE JUL 1     56                        34     22       34

 COOLING
  YESTERDAY        0                         4     -4        0
  MONTH TO DATE   44                        93    -49      123
  SINCE JUN 1     99                       149    -50      187
  SINCE JAN 1    104                       162    -58      200
..................................................................


WIND (MPH)
  HIGHEST WIND SPEED    14   HIGHEST WIND DIRECTION     N (340)
  HIGHEST GUST SPEED    19   HIGHEST GUST DIRECTION     N (340)
  AVERAGE WIND SPEED     3.9




RELATIVE HUMIDITY (PERCENT)
 HIGHEST    93
 LOWEST     41
 AVERAGE    67

..........................................................


THE ALPENA MI CLIMATE NORMALS FOR TODAY
                         NORMAL    RECORD    YEAR
 MAXIMUM TEMPERATURE (F)   79        95      1966
                                             1941
 MINIMUM TEMPERATURE (F)   56        40      2004


SUNRISE AND SUNSET
JULY 25 2014..........SUNRISE   612 AM EDT   SUNSET   909 PM EDT
JULY 26 2014..........SUNRISE   613 AM EDT   SUNSET   908 PM EDT


-  INDICATES NEGATIVE NUMBERS.
R  INDICATES RECORD WAS SET OR TIED.
MM INDICATES DATA IS MISSING.
T  INDICATES TRACE AMOUNT.




$$
