000
CDUS43 KAPX 190529
CLIAPN


CLIMATE REPORT
NATIONAL WEATHER SERVICE GAYLORD MI
128 AM EDT THU OCT 19 2017


...................................

...THE ALPENA MI CLIMATE SUMMARY FOR OCTOBER 18 2017...

CLIMATE NORMAL PERIOD 1981 TO 2010
CLIMATE RECORD PERIOD 1916 TO 2017


WEATHER ITEM   OBSERVED TIME   RECORD YEAR NORMAL DEPARTURE LAST
                VALUE   (LST)  VALUE       VALUE  FROM      YEAR
                                                  NORMAL
..................................................................
TEMPERATURE (F)
 YESTERDAY
  MAXIMUM         71    342 PM  85    1950  55     16       75
  MINIMUM         39    348 AM  20    1952  36      3       49
  AVERAGE         55                        45     10       62

PRECIPITATION (IN)
  YESTERDAY        0.00          1.47 2007   0.08  -0.08      T
  MONTH TO DATE    1.63                      1.60   0.03     2.09
  SINCE SEP 1      4.63                      4.52   0.11     4.92
  SINCE JAN 1     32.06                     23.30   8.76    25.55

SNOWFALL (IN)
  YESTERDAY        0.0           1.8  1930   0.0    0.0      0.0
  MONTH TO DATE    0.0                       0.1   -0.1      0.0
  SINCE OCT 1      0.0                       0.1   -0.1      0.0
  SINCE JUL 1      0.0                       0.1   -0.1      0.0
  SNOW DEPTH       0

DEGREE DAYS
 HEATING
  YESTERDAY       10                        20    -10        3
  MONTH TO DATE  159                       300   -141      163
  SINCE SEP 1    331                       542   -211      263
  SINCE JUL 1    389                       657   -268      286

 COOLING
  YESTERDAY        0                         0      0        0
  MONTH TO DATE    5                         0      5        2
  SINCE SEP 1     87                        23     64       58
  SINCE JAN 1    357                       289     68      549
..................................................................


WIND (MPH)
  HIGHEST WIND SPEED    18   HIGHEST WIND DIRECTION    SW (220)
  HIGHEST GUST SPEED    29   HIGHEST GUST DIRECTION    SW (220)
  AVERAGE WIND SPEED     9.7




RELATIVE HUMIDITY (PERCENT)
 HIGHEST   100
 LOWEST     39
 AVERAGE    70

..........................................................


THE ALPENA MI CLIMATE NORMALS FOR TODAY
                         NORMAL    RECORD    YEAR
 MAXIMUM TEMPERATURE (F)   55        78      1953
 MINIMUM TEMPERATURE (F)   35        20      1934


SUNRISE AND SUNSET
OCTOBER 19 2017.......SUNRISE   756 AM EDT   SUNSET   642 PM EDT
OCTOBER 20 2017.......SUNRISE   757 AM EDT   SUNSET   640 PM EDT


-  INDICATES NEGATIVE NUMBERS.
R  INDICATES RECORD WAS SET OR TIED.
MM INDICATES DATA IS MISSING.
T  INDICATES TRACE AMOUNT.




$$
