000
CDUS43 KLOT 030633
CLIARR


CLIMATE REPORT
NATIONAL WEATHER SERVICE CHICAGO IL
1232 AM CST TUE MAR 3 2015


...................................

...THE AURORA MUNICIPAL AIRPORT CLIMATE SUMMARY FOR MARCH 2 2015...

CLIMATE NORMAL PERIOD 1981 TO 2010
CLIMATE RECORD PERIOD 1998 TO 2015


WEATHER ITEM   OBSERVED TIME   RECORD YEAR NORMAL DEPARTURE LAST
                VALUE   (LST)  VALUE       VALUE  FROM      YEAR
                                                  NORMAL
..................................................................
TEMPERATURE (F)
 YESTERDAY
  MAXIMUM         31    259 PM  53    2008  40     -9       11
  MINIMUM          1    629 AM  -4    2014  22    -21       -4
  AVERAGE         16                        31    -15        4

PRECIPITATION (IN)
  YESTERDAY        0.00          0.55 2002   0.06  -0.06    MM
  MONTH TO DATE    0.00                      0.13  -0.13    MM
  SINCE MAR 1      0.00                      0.13  -0.13    MM
  SINCE JAN 1      0.68                      3.22  -2.54     1.85

DEGREE DAYS
 HEATING
  YESTERDAY       49                        34     15       61
  MONTH TO DATE  100                        69     31      107
  SINCE MAR 1    100                        69     31      107
  SINCE JUL 1   5555                      5207    348     5683

 COOLING
  YESTERDAY        0                         0      0        0
  MONTH TO DATE    0                         0      0        0
  SINCE MAR 1      0                         0      0        0
  SINCE JAN 1      0                         0      0        0
..................................................................


WIND (MPH)
  RESULTANT WIND SPEED   3   RESULTANT WIND DIRECTION   W (250)
  HIGHEST WIND SPEED    12   HIGHEST WIND DIRECTION     S (190)
  HIGHEST GUST SPEED    15   HIGHEST GUST DIRECTION     S (170)
  AVERAGE WIND SPEED     6.0


SKY COVER
  POSSIBLE SUNSHINE  MM
  AVERAGE SKY COVER 0.2


WEATHER CONDITIONS
 THE FOLLOWING WEATHER WAS RECORDED YESTERDAY.
  FOG
  HAZE


RELATIVE HUMIDITY (PERCENT)
 HIGHEST    87           500 AM
 LOWEST     47           300 PM
 AVERAGE    67

..........................................................


THE AURORA MUNICIPAL AIRPORT CLIMATE NORMALS FOR TODAY
                         NORMAL    RECORD    YEAR
 MAXIMUM TEMPERATURE (F)   41        50      2008
 MINIMUM TEMPERATURE (F)   22        -9      2014


SUNRISE AND SUNSET
MARCH  3 2015.........SUNRISE   626 AM CST   SUNSET   546 PM CST
MARCH  4 2015.........SUNRISE   624 AM CST   SUNSET   547 PM CST


-  INDICATES NEGATIVE NUMBERS.
R  INDICATES RECORD WAS SET OR TIED.
MM INDICATES DATA IS MISSING.
T  INDICATES TRACE AMOUNT.




$$
