000
CDUS43 KLOT 080642
CLIARR


CLIMATE REPORT
NATIONAL WEATHER SERVICE CHICAGO IL
1241 AM CST THU DEC 8 2016


...................................

...THE AURORA MUNICIPAL AIRPORT CLIMATE SUMMARY FOR DECEMBER 7 2016...

CLIMATE NORMAL PERIOD 1981 TO 2010
CLIMATE RECORD PERIOD 1998 TO 2016


WEATHER ITEM   OBSERVED TIME   RECORD YEAR NORMAL DEPARTURE LAST
                VALUE   (LST)  VALUE       VALUE  FROM      YEAR
                                                  NORMAL
..................................................................
TEMPERATURE (F)
 YESTERDAY
  MAXIMUM         27    102 PM  49    2004  36     -9       39
  MINIMUM         23    704 PM -10    2005  20      3       29
  AVERAGE         25                        28     -3       34

PRECIPITATION (IN)
  YESTERDAY        0.00          0.61 2004   0.08  -0.08     0.00
  MONTH TO DATE    0.19                      0.63  -0.44     0.31
  SINCE DEC 1      0.19                      0.63  -0.44     0.31
  SINCE JAN 1     33.75                     35.53  -1.78    35.47

DEGREE DAYS
 HEATING
  YESTERDAY       40                        37      3       31
  MONTH TO DATE  227                       253    -26      201
  SINCE DEC 1    227                       253    -26      201
  SINCE JUL 1   1125                      1667   -542     1281

 COOLING
  YESTERDAY        0                         0      0        0
  MONTH TO DATE    0                         0      0        0
  SINCE DEC 1      0                         0      0        0
  SINCE JAN 1   1039                       655    384      750
..................................................................


WIND (MPH)
  RESULTANT WIND SPEED  16   RESULTANT WIND DIRECTION   W (260)
  HIGHEST WIND SPEED    29   HIGHEST WIND DIRECTION     W (270)
  HIGHEST GUST SPEED    33   HIGHEST GUST DIRECTION     W (270)
  AVERAGE WIND SPEED    16.8


SKY COVER
  POSSIBLE SUNSHINE  MM
  AVERAGE SKY COVER 0.2


WEATHER CONDITIONS
 THE FOLLOWING WEATHER WAS RECORDED YESTERDAY.
  NO SIGNIFICANT WEATHER WAS OBSERVED.


RELATIVE HUMIDITY (PERCENT)
 HIGHEST    75          1200 AM
 LOWEST     68           300 AM
 AVERAGE    72

..........................................................


THE AURORA MUNICIPAL AIRPORT CLIMATE NORMALS FOR TODAY
                         NORMAL    RECORD    YEAR
 MAXIMUM TEMPERATURE (F)   35        48      2015
                                             2001
                                             1999
 MINIMUM TEMPERATURE (F)   19        -6      2006


SUNRISE AND SUNSET
DECEMBER  8 2016......SUNRISE   709 AM CST   SUNSET   423 PM CST
DECEMBER  9 2016......SUNRISE   710 AM CST   SUNSET   423 PM CST


-  INDICATES NEGATIVE NUMBERS.
R  INDICATES RECORD WAS SET OR TIED.
MM INDICATES DATA IS MISSING.
T  INDICATES TRACE AMOUNT.




$$
