000
CDUS43 KLOT 230639
CLIARR


CLIMATE REPORT
NATIONAL WEATHER SERVICE CHICAGO IL
139 AM CDT SAT AUG 23 2014


...................................

...THE AURORA MUNICIPAL AIRPORT CLIMATE SUMMARY FOR AUGUST 22 2014...

CLIMATE NORMAL PERIOD 1981 TO 2010
CLIMATE RECORD PERIOD 1998 TO 2014


WEATHER ITEM   OBSERVED TIME   RECORD YEAR NORMAL DEPARTURE LAST
                VALUE   (LST)  VALUE       VALUE  FROM      YEAR
                                                  NORMAL
..................................................................
TEMPERATURE (F)
 YESTERDAY
  MAXIMUM         83    501 PM  89    2007  81      2       76
  MINIMUM         73    549 AM  45    2004  59     14       60
  AVERAGE         78                        70      8       68

PRECIPITATION (IN)
  YESTERDAY        0.16          1.82 2013   0.11   0.05     1.82
  MONTH TO DATE    2.72                      3.13  -0.41     2.37
  SINCE JUN 1     13.80                     11.33   2.47     8.37
  SINCE JAN 1     21.79                     24.21  -2.42    25.23

DEGREE DAYS
 HEATING
  YESTERDAY        0                         0      0        0
  MONTH TO DATE    6                         0      6       12
  SINCE JUN 1     37                        50    -13       72
  SINCE JUL 1     21                         9     12       28

 COOLING
  YESTERDAY       13                         5      8        3
  MONTH TO DATE  135                       129      6       89
  SINCE JUN 1    452                       499    -47      454
  SINCE JAN 1    538                       540     -2      534
..................................................................


WIND (MPH)
  RESULTANT WIND SPEED   4   RESULTANT WIND DIRECTION  SW (230)
  HIGHEST WIND SPEED    17   HIGHEST WIND DIRECTION     W (270)
  HIGHEST GUST SPEED    21   HIGHEST GUST DIRECTION     W (270)
  AVERAGE WIND SPEED     6.8


SKY COVER
  POSSIBLE SUNSHINE  MM
  AVERAGE SKY COVER 0.6


WEATHER CONDITIONS
 THE FOLLOWING WEATHER WAS RECORDED YESTERDAY.
  THUNDERSTORM
  HEAVY RAIN
  LIGHT RAIN
  FOG


RELATIVE HUMIDITY (PERCENT)
 HIGHEST    93          1200 AM
 LOWEST     69          1200 PM
 AVERAGE    81

..........................................................


THE AURORA MUNICIPAL AIRPORT CLIMATE NORMALS FOR TODAY
                         NORMAL    RECORD    YEAR
 MAXIMUM TEMPERATURE (F)   81        90      2012
 MINIMUM TEMPERATURE (F)   59        50      2009


SUNRISE AND SUNSET
AUGUST 23 2014........SUNRISE   610 AM CDT   SUNSET   742 PM CDT
AUGUST 24 2014........SUNRISE   611 AM CDT   SUNSET   740 PM CDT


-  INDICATES NEGATIVE NUMBERS.
R  INDICATES RECORD WAS SET OR TIED.
MM INDICATES DATA IS MISSING.
T  INDICATES TRACE AMOUNT.




$$
