000
CDUS43 KLOT 020633
CLIARR


CLIMATE REPORT
NATIONAL WEATHER SERVICE CHICAGO IL
132 AM CDT MON MAY 2 2016


...................................

...THE AURORA MUNICIPAL AIRPORT CLIMATE SUMMARY FOR MAY 1 2016...

CLIMATE NORMAL PERIOD 1981 TO 2010
CLIMATE RECORD PERIOD 1998 TO 2016


WEATHER ITEM   OBSERVED TIME   RECORD YEAR NORMAL DEPARTURE LAST
                VALUE   (LST)  VALUE       VALUE  FROM      YEAR
                                                  NORMAL
..................................................................
TEMPERATURE (F)
 YESTERDAY
  MAXIMUM         52    257 PM  83    2007  66    -14       70
                                      2001
  MINIMUM         46    817 AM  27    2005  42      4       30
  AVERAGE         49                        54     -5       50

PRECIPITATION (IN)
  YESTERDAY        0.41          1.26 2003   0.13   0.28     0.00
  MONTH TO DATE    0.41                      0.13   0.28     0.00
  SINCE MAR 1      5.74                      5.66   0.08     4.63
  SINCE JAN 1      7.23                      8.75  -1.52     5.31

DEGREE DAYS
 HEATING
  YESTERDAY       16                        11      5       15
  MONTH TO DATE   16                        11      5       15
  SINCE MAR 1   1144                      1379   -235     1409
  SINCE JUL 1   5265                      6517  -1252     6864

 COOLING
  YESTERDAY        0                         0      0        0
  MONTH TO DATE    0                         0      0        0
  SINCE MAR 1      5                         3      2        0
  SINCE JAN 1      5                         3      2        0
..................................................................


WIND (MPH)
  RESULTANT WIND SPEED  12   RESULTANT WIND DIRECTION  NE (50)
  HIGHEST WIND SPEED    20   HIGHEST WIND DIRECTION    NE (30)
  HIGHEST GUST SPEED    25   HIGHEST GUST DIRECTION    NE (30)
  AVERAGE WIND SPEED    11.5


SKY COVER
  POSSIBLE SUNSHINE  MM
  AVERAGE SKY COVER 1.0


WEATHER CONDITIONS
 THE FOLLOWING WEATHER WAS RECORDED YESTERDAY.
  THUNDERSTORM
  HEAVY RAIN
  RAIN
  LIGHT RAIN
  FOG
  HAZE


RELATIVE HUMIDITY (PERCENT)
 HIGHEST    93          1200 AM
 LOWEST     80           500 PM
 AVERAGE    87

..........................................................


THE AURORA MUNICIPAL AIRPORT CLIMATE NORMALS FOR TODAY
                         NORMAL    RECORD    YEAR
 MAXIMUM TEMPERATURE (F)   66        82      2001
 MINIMUM TEMPERATURE (F)   42        32      2004


SUNRISE AND SUNSET
MAY  2 2016...........SUNRISE   548 AM CDT   SUNSET   754 PM CDT
MAY  3 2016...........SUNRISE   547 AM CDT   SUNSET   755 PM CDT


-  INDICATES NEGATIVE NUMBERS.
R  INDICATES RECORD WAS SET OR TIED.
MM INDICATES DATA IS MISSING.
T  INDICATES TRACE AMOUNT.




$$
