000
CDUS43 KLOT 300636
CLIARR


CLIMATE REPORT
NATIONAL WEATHER SERVICE CHICAGO IL
135 AM CDT SUN AUG 30 2015


...................................

...THE AURORA MUNICIPAL AIRPORT CLIMATE SUMMARY FOR AUGUST 29 2015...

CLIMATE NORMAL PERIOD 1981 TO 2010
CLIMATE RECORD PERIOD 1998 TO 2015


WEATHER ITEM   OBSERVED TIME   RECORD YEAR NORMAL DEPARTURE LAST
                VALUE   (LST)  VALUE       VALUE  FROM      YEAR
                                                  NORMAL
..................................................................
TEMPERATURE (F)
 YESTERDAY
  MAXIMUM         73    149 PM  93    2010  80     -7       86
  MINIMUM         64    639 AM  48    2001  58      6       69
  AVERAGE         69                        69      0       78

PRECIPITATION (IN)
  YESTERDAY        1.09R         0.11 2006   0.10   0.99     0.01
  MONTH TO DATE    3.43                      3.93  -0.50     3.46
  SINCE JUN 1     17.16                     12.13   5.03    14.54
  SINCE JAN 1     26.51                     25.01   1.50    22.53

DEGREE DAYS
 HEATING
  YESTERDAY        0                         1     -1        0
  MONTH TO DATE   20                         4     16        6
  SINCE JUN 1     50                        54     -4       37
  SINCE JUL 1     32                        13     19       21

 COOLING
  YESTERDAY        4                         5     -1       13
  MONTH TO DATE  153                       164    -11      208
  SINCE JUN 1    518                       534    -16      525
  SINCE JAN 1    587                       575     12      611
..................................................................


WIND (MPH)
  RESULTANT WIND SPEED   2   RESULTANT WIND DIRECTION   E (110)
  HIGHEST WIND SPEED    12   HIGHEST WIND DIRECTION    SE (150)
  HIGHEST GUST SPEED    14   HIGHEST GUST DIRECTION    SE (150)
  AVERAGE WIND SPEED     4.3


SKY COVER
  POSSIBLE SUNSHINE  MM
  AVERAGE SKY COVER 1.0


WEATHER CONDITIONS
 THE FOLLOWING WEATHER WAS RECORDED YESTERDAY.
  THUNDERSTORM
  HEAVY RAIN
  RAIN
  LIGHT RAIN
  FOG
  HAZE


RELATIVE HUMIDITY (PERCENT)
 HIGHEST    97           600 PM
 LOWEST     84           200 PM
 AVERAGE    91

..........................................................


THE AURORA MUNICIPAL AIRPORT CLIMATE NORMALS FOR TODAY
                         NORMAL    RECORD    YEAR
 MAXIMUM TEMPERATURE (F)   80        93      2013
 MINIMUM TEMPERATURE (F)   57        43      2009


SUNRISE AND SUNSET
AUGUST 30 2015........SUNRISE   617 AM CDT   SUNSET   731 PM CDT
AUGUST 31 2015........SUNRISE   618 AM CDT   SUNSET   729 PM CDT


-  INDICATES NEGATIVE NUMBERS.
R  INDICATES RECORD WAS SET OR TIED.
MM INDICATES DATA IS MISSING.
T  INDICATES TRACE AMOUNT.




$$
