000
CDUS43 KLOT 270637
CLIARR


CLIMATE REPORT
NATIONAL WEATHER SERVICE CHICAGO IL
136 AM CDT SAT MAY 27 2017


...................................

...THE AURORA MUNICIPAL AIRPORT CLIMATE SUMMARY FOR MAY 26 2017...

CLIMATE NORMAL PERIOD 1981 TO 2010
CLIMATE RECORD PERIOD 1998 TO 2017


WEATHER ITEM   OBSERVED TIME   RECORD YEAR NORMAL DEPARTURE LAST
                VALUE   (LST)  VALUE       VALUE  FROM      YEAR
                                                  NORMAL
..................................................................
TEMPERATURE (F)
 YESTERDAY
  MAXIMUM         75   1224 PM  90    2014  74      1       85
                                      2012
  MINIMUM         52    456 AM  37    2002  51      1       65
  AVERAGE         64                        62      2       75

PRECIPITATION (IN)
  YESTERDAY        0.54          1.34 2008   0.13   0.41     0.01
  MONTH TO DATE    4.49                      3.58   0.91     5.98
  SINCE MAR 1     14.19                      9.11   5.08    11.31
  SINCE JAN 1     18.08                     12.20   5.88    12.80

DEGREE DAYS
 HEATING
  YESTERDAY        1                         5     -4        0
  MONTH TO DATE  211                       209      2      204
  SINCE MAR 1   1348                      1577   -229     1332
  SINCE JUL 1   5409                      6715  -1306     5453

 COOLING
  YESTERDAY        0                         2     -2       10
  MONTH TO DATE   24                        26     -2       32
  SINCE MAR 1     30                        29      1       37
  SINCE JAN 1     30                        29      1       37
..................................................................


WIND (MPH)
  RESULTANT WIND SPEED   6   RESULTANT WIND DIRECTION   E (90)
  HIGHEST WIND SPEED    22   HIGHEST WIND DIRECTION     E (70)
  HIGHEST GUST SPEED    26   HIGHEST GUST DIRECTION     E (70)
  AVERAGE WIND SPEED     8.5


SKY COVER
  POSSIBLE SUNSHINE  MM
  AVERAGE SKY COVER 0.5


WEATHER CONDITIONS
 THE FOLLOWING WEATHER WAS RECORDED YESTERDAY.
  HEAVY RAIN
  RAIN
  LIGHT RAIN
  FOG
  HAZE


RELATIVE HUMIDITY (PERCENT)
 HIGHEST   100           500 AM
 LOWEST     57           100 PM
 AVERAGE    79

..........................................................


THE AURORA MUNICIPAL AIRPORT CLIMATE NORMALS FOR TODAY
                         NORMAL    RECORD    YEAR
 MAXIMUM TEMPERATURE (F)   74        97      2012
 MINIMUM TEMPERATURE (F)   51        42      2008


SUNRISE AND SUNSET
MAY 27 2017...........SUNRISE   524 AM CDT   SUNSET   818 PM CDT
MAY 28 2017...........SUNRISE   524 AM CDT   SUNSET   819 PM CDT


-  INDICATES NEGATIVE NUMBERS.
R  INDICATES RECORD WAS SET OR TIED.
MM INDICATES DATA IS MISSING.
T  INDICATES TRACE AMOUNT.




$$
