000
CDUS43 KLOT 020641
CLIARR


CLIMATE REPORT
NATIONAL WEATHER SERVICE CHICAGO IL
141 AM CDT THU JUL 2 2015


...................................

...THE AURORA MUNICIPAL AIRPORT CLIMATE SUMMARY FOR JULY 1 2015...

CLIMATE NORMAL PERIOD 1981 TO 2010
CLIMATE RECORD PERIOD 1998 TO 2015


WEATHER ITEM   OBSERVED TIME   RECORD YEAR NORMAL DEPARTURE LAST
                VALUE   (LST)  VALUE       VALUE  FROM      YEAR
                                                  NORMAL
..................................................................
TEMPERATURE (F)
 YESTERDAY
  MAXIMUM         73    415 PM  93    2002  84    -11       80
  MINIMUM         53   1148 PM  47    2001  60     -7       65
  AVERAGE         63                        72     -9       73

PRECIPITATION (IN)
  YESTERDAY        T             0.45 1999   0.10  -0.10      T
  MONTH TO DATE    T                         0.10  -0.10      T
  SINCE JUN 1      8.69                      4.11   4.58     8.96
  SINCE JAN 1     18.04                     16.99   1.05    16.95

DEGREE DAYS
 HEATING
  YESTERDAY        2                         0      2        0
  MONTH TO DATE    2                         0      2        0
  SINCE JUN 1     20                        41    -21       16
  SINCE JUL 1      2                         0      2        0

 COOLING
  YESTERDAY        0                         7     -7        8
  MONTH TO DATE    0                         7     -7        8
  SINCE JUN 1    151                       162    -11      204
  SINCE JAN 1    220                       203     17      290
..................................................................


WIND (MPH)
  RESULTANT WIND SPEED   6   RESULTANT WIND DIRECTION  NE (50)
  HIGHEST WIND SPEED    15   HIGHEST WIND DIRECTION     E (80)
  HIGHEST GUST SPEED    20   HIGHEST GUST DIRECTION    NE (40)
  AVERAGE WIND SPEED     6.9


SKY COVER
  POSSIBLE SUNSHINE  MM
  AVERAGE SKY COVER 0.5


WEATHER CONDITIONS
 THE FOLLOWING WEATHER WAS RECORDED YESTERDAY.
  LIGHT RAIN


RELATIVE HUMIDITY (PERCENT)
 HIGHEST    86           400 AM
 LOWEST     49           400 PM
 AVERAGE    68

..........................................................


THE AURORA MUNICIPAL AIRPORT CLIMATE NORMALS FOR TODAY
                         NORMAL    RECORD    YEAR
 MAXIMUM TEMPERATURE (F)   84        95      2012
 MINIMUM TEMPERATURE (F)   60        44      2005
                                             2001


SUNRISE AND SUNSET
JULY  2 2015..........SUNRISE   523 AM CDT   SUNSET   832 PM CDT
JULY  3 2015..........SUNRISE   524 AM CDT   SUNSET   832 PM CDT


-  INDICATES NEGATIVE NUMBERS.
R  INDICATES RECORD WAS SET OR TIED.
MM INDICATES DATA IS MISSING.
T  INDICATES TRACE AMOUNT.




$$
