000
CDUS41 KBUF 271013
CLIART


CLIMATE REPORT
NATIONAL WEATHER SERVICE BUFFALO NY
511 AM EST SAT DEC 27 2014


...................................

...THE WATERTOWN NY CLIMATE SUMMARY FOR DECEMBER 26 2014...

CLIMATE NORMAL PERIOD 1981 TO 2010
CLIMATE RECORD PERIOD 1949 TO 2014


WEATHER ITEM   OBSERVED TIME   RECORD YEAR NORMAL DEPARTURE LAST
                VALUE   (LST)  VALUE       VALUE  FROM      YEAR
                                                  NORMAL
..................................................................
TEMPERATURE (F)
 YESTERDAY
  MAXIMUM         44    346 PM  60    1982  32     12       31
  MINIMUM         39    813 PM -21    1989  14     25       20
  AVERAGE         42                        23     19       26

PRECIPITATION (IN)
  YESTERDAY        0.00          0.82 1975   0.10  -0.10     0.02
  MONTH TO DATE    1.09                      2.67  -1.58     2.31
  SINCE DEC 1      1.09                      2.67  -1.58     2.31
  SINCE JAN 1     41.31                     35.60   5.71    34.65

DEGREE DAYS
 HEATING
  YESTERDAY       23                        42    -19       39
  MONTH TO DATE  814                       982   -168     1073
  SINCE DEC 1    814                       982   -168     1073
  SINCE JUL 1   2167                      2581   -414     2648

 COOLING
  YESTERDAY        0                         0      0        0
  MONTH TO DATE    0                         0      0        0
  SINCE DEC 1      0                         0      0        0
  SINCE JAN 1    433                       362     71      481
..................................................................


WIND (MPH)
  HIGHEST WIND SPEED    22   HIGHEST WIND DIRECTION     W (260)
  HIGHEST GUST SPEED    32   HIGHEST GUST DIRECTION     W (260)
  AVERAGE WIND SPEED    10.1


SKY COVER
  AVERAGE SKY COVER 0.8


WEATHER CONDITIONS
 THE FOLLOWING WEATHER WAS RECORDED YESTERDAY.
  NO SIGNIFICANT WEATHER WAS OBSERVED.


RELATIVE HUMIDITY (PERCENT)
 HIGHEST    65          1200 AM
 LOWEST     53          1000 PM
 AVERAGE    59

..........................................................


THE WATERTOWN NY CLIMATE NORMALS FOR TODAY
                         NORMAL    RECORD    YEAR
 MAXIMUM TEMPERATURE (F)   32        59      2008
 MINIMUM TEMPERATURE (F)   14       -37      1989


SUNRISE AND SUNSET
DECEMBER 27 2014......SUNRISE   738 AM EST   SUNSET   433 PM EST
DECEMBER 28 2014......SUNRISE   738 AM EST   SUNSET   433 PM EST


-  INDICATES NEGATIVE NUMBERS.
R  INDICATES RECORD WAS SET OR TIED.
MM INDICATES DATA IS MISSING.
T  INDICATES TRACE AMOUNT.




$$
