600
CDUS41 KBUF 291020
CLIART


CLIMATE REPORT
NATIONAL WEATHER SERVICE BUFFALO NY
620 AM EDT WED MAR 29 2017


...................................

...THE WATERTOWN NY CLIMATE SUMMARY FOR MARCH 28 2017...

CLIMATE NORMAL PERIOD 1981 TO 2010
CLIMATE RECORD PERIOD 1949 TO 2017


WEATHER ITEM   OBSERVED TIME   RECORD YEAR NORMAL DEPARTURE LAST
                VALUE   (LST)  VALUE       VALUE  FROM      YEAR
                                                  NORMAL
..................................................................
TEMPERATURE (F)
 YESTERDAY
  MAXIMUM         50    218 AM  80    1998  46      4       57
  MINIMUM         38   1159 PM   2    1966  26     12       36
  AVERAGE         44                        36      8       47

PRECIPITATION (IN)
  YESTERDAY        T             1.00 2000   0.08  -0.08     0.32
  MONTH TO DATE    1.88                      2.07  -0.19     1.97
  SINCE MAR 1      1.88                      2.07  -0.19     1.97
  SINCE JAN 1      5.51                      6.95  -1.44     7.78

DEGREE DAYS
 HEATING
  YESTERDAY       21                        29     -8       18
  MONTH TO DATE 1083                       982    101      854
  SINCE MAR 1   1083                       982    101      854
  SINCE JUL 1   5694                      6423   -729     5502

 COOLING
  YESTERDAY        0                         0      0        0
  MONTH TO DATE    0                         0      0        0
  SINCE MAR 1      0                         0      0        0
  SINCE JAN 1      0                         0      0        0
..................................................................


WIND (MPH)
  HIGHEST WIND SPEED    15   HIGHEST WIND DIRECTION    NE (30)
  HIGHEST GUST SPEED    17   HIGHEST GUST DIRECTION    NE (30)
  AVERAGE WIND SPEED     5.4


SKY COVER
  AVERAGE SKY COVER 1.0


WEATHER CONDITIONS
 THE FOLLOWING WEATHER WAS RECORDED YESTERDAY.
  LIGHT RAIN
  FOG


RELATIVE HUMIDITY (PERCENT)
 HIGHEST   100           400 AM
 LOWEST     82           600 PM
 AVERAGE    91

..........................................................


THE WATERTOWN NY CLIMATE NORMALS FOR TODAY
                         NORMAL    RECORD    YEAR
 MAXIMUM TEMPERATURE (F)   46        78      1977
 MINIMUM TEMPERATURE (F)   26         9      1974


SUNRISE AND SUNSET
MARCH 29 2017.........SUNRISE   650 AM EDT   SUNSET   728 PM EDT
MARCH 30 2017.........SUNRISE   649 AM EDT   SUNSET   729 PM EDT


-  INDICATES NEGATIVE NUMBERS.
R  INDICATES RECORD WAS SET OR TIED.
MM INDICATES DATA IS MISSING.
T  INDICATES TRACE AMOUNT.




$$
