000
CDUS45 KGJT 240728
CLIASE


CLIMATE REPORT
NATIONAL WEATHER SERVICE GRAND JUNCTION CO
126 AM MDT WED AUG 24 2016


...................................

...THE ASPEN CO CLIMATE SUMMARY FOR AUGUST 23 2016...

CLIMATE NORMAL PERIOD 1981 TO 2010
CLIMATE RECORD PERIOD 9999 TO 9999


WEATHER ITEM   OBSERVED TIME   RECORD YEAR NORMAL DEPARTURE LAST
                VALUE   (LST)  VALUE       VALUE  FROM      YEAR
                                                  NORMAL
..................................................................
TEMPERATURE (F)
 YESTERDAY
  MAXIMUM         74    238 PM  MM      MM  76     -2       81
  MINIMUM         44    608 AM  MM      MM  45     -1       45
  AVERAGE         59                        60     -1       63

PRECIPITATION (IN)
  YESTERDAY        0.09         MM      MM   0.04   0.05     0.00
  MONTH TO DATE    1.51                      1.26   0.25     0.78
  SINCE JUN 1      4.11                      4.10   0.01     5.74
  SINCE JAN 1     11.29                     11.04   0.25    13.05

SNOWFALL (IN)
  YESTERDAY       MM            MM      MM  MM     MM       MM
  MONTH TO DATE   MM                        MM     MM       MM
  SINCE JUN 1     MM                        MM     MM       MM
  SINCE JUL 1     MM                        MM     MM       MM
  SNOW DEPTH      MM

DEGREE DAYS
 HEATING
  YESTERDAY        6                         5      1        2
  MONTH TO DATE   66                        78    -12       43
  SINCE JUN 1    175                       378   -203      254
  SINCE JUL 1     98                       149    -51      147

 COOLING
  YESTERDAY        0                         0      0        0
  MONTH TO DATE   13                         9      4       17
  SINCE JUN 1     69                        38     31       69
  SINCE JAN 1     69                        38     31       69
..................................................................


WIND (MPH)
  HIGHEST WIND SPEED    21   HIGHEST WIND DIRECTION    NW (320)
  HIGHEST GUST SPEED    26   HIGHEST GUST DIRECTION    NW (310)
  AVERAGE WIND SPEED     7.4


SKY COVER
  POSSIBLE SUNSHINE  MM
  AVERAGE SKY COVER 0.6


WEATHER CONDITIONS
 THE FOLLOWING WEATHER WAS RECORDED YESTERDAY.
  LIGHT RAIN
  HAZE


RELATIVE HUMIDITY (PERCENT)
 HIGHEST    83           600 AM
 LOWEST     25           200 PM
 AVERAGE    54

..........................................................


THE ASPEN CO CLIMATE NORMALS FOR TODAY
                         NORMAL    RECORD    YEAR
 MAXIMUM TEMPERATURE (F)   75        MM        MM
 MINIMUM TEMPERATURE (F)   45        MM        MM


SUNRISE AND SUNSET
AUGUST 24 2016........SUNRISE   629 AM MDT   SUNSET   749 PM MDT
AUGUST 25 2016........SUNRISE   630 AM MDT   SUNSET   748 PM MDT


-  INDICATES NEGATIVE NUMBERS.
R  INDICATES RECORD WAS SET OR TIED.
MM INDICATES DATA IS MISSING.
T  INDICATES TRACE AMOUNT.




$$
