000
CDUS45 KGJT 270740
CLIASE


CLIMATE REPORT
NATIONAL WEATHER SERVICE GRAND JUNCTION CO
137 AM MDT WED AUG 27 2014


...................................

...THE ASPEN CO CLIMATE SUMMARY FOR AUGUST 26 2014...

CLIMATE NORMAL PERIOD 1981 TO 2010
CLIMATE RECORD PERIOD 9999 TO 9999


WEATHER ITEM   OBSERVED TIME   RECORD YEAR NORMAL DEPARTURE LAST
                VALUE   (LST)  VALUE       VALUE  FROM      YEAR
                                                  NORMAL
..................................................................
TEMPERATURE (F)
 YESTERDAY
  MAXIMUM         72    111 PM  MM      MM  75     -3       76
  MINIMUM         46    454 AM  MM      MM  44      2       51
  AVERAGE         59                        60     -1       64

PRECIPITATION (IN)
  YESTERDAY        0.10         MM      MM   0.05   0.05      T
  MONTH TO DATE    1.43                      1.40   0.03     1.24
  SINCE JUN 1      3.37                      4.24  -0.87     2.91
  SINCE JAN 1      8.90                     11.18  -2.28     9.59

SNOWFALL (IN)
  YESTERDAY       MM            MM      MM  MM     MM       MM
  MONTH TO DATE   MM                        MM     MM       MM
  SINCE JUN 1     MM                        MM     MM       MM
  SINCE JUL 1     MM                        MM     MM       MM
  SNOW DEPTH      MM

DEGREE DAYS
 HEATING
  YESTERDAY        6                         5      1        1
  MONTH TO DATE   96                        93      3      102
  SINCE JUN 1    326                       393    -67      280
  SINCE JUL 1    121                       164    -43      134

 COOLING
  YESTERDAY        0                         0      0        0
  MONTH TO DATE    1                         9     -8        4
  SINCE JUN 1     56                        38     18       60
  SINCE JAN 1     56                        38     18       60
..................................................................


WIND (MPH)
  HIGHEST WIND SPEED    18   HIGHEST WIND DIRECTION    NW (310)
  HIGHEST GUST SPEED    32   HIGHEST GUST DIRECTION    NW (310)
  AVERAGE WIND SPEED     4.7


SKY COVER
  POSSIBLE SUNSHINE  MM
  AVERAGE SKY COVER 0.4


WEATHER CONDITIONS
 THE FOLLOWING WEATHER WAS RECORDED YESTERDAY.
  RAIN
  LIGHT RAIN


RELATIVE HUMIDITY (PERCENT)
 HIGHEST    89          1100 PM
 LOWEST     31           100 PM
 AVERAGE    60

..........................................................


THE ASPEN CO CLIMATE NORMALS FOR TODAY
                         NORMAL    RECORD    YEAR
 MAXIMUM TEMPERATURE (F)   75        MM        MM
 MINIMUM TEMPERATURE (F)   44        MM        MM


SUNRISE AND SUNSET
AUGUST 27 2014........SUNRISE   632 AM MDT   SUNSET   746 PM MDT
AUGUST 28 2014........SUNRISE   632 AM MDT   SUNSET   744 PM MDT


-  INDICATES NEGATIVE NUMBERS.
R  INDICATES RECORD WAS SET OR TIED.
MM INDICATES DATA IS MISSING.
T  INDICATES TRACE AMOUNT.




$$
