000
CDUS45 KGJT 152334
CLIASE


CLIMATE REPORT
NATIONAL WEATHER SERVICE GRAND JUNCTION CO
530 PM MDT MON SEP 15 2014


...................................

...THE ASPEN CO CLIMATE SUMMARY FOR SEPTEMBER 15 2014...
VALID TODAY AS OF 0500 PM LOCAL TIME.

CLIMATE NORMAL PERIOD 1981 TO 2010
CLIMATE RECORD PERIOD 9999 TO 9999


WEATHER ITEM   OBSERVED TIME   RECORD YEAR NORMAL DEPARTURE LAST
                VALUE   (LST)  VALUE       VALUE  FROM      YEAR
                                                  NORMAL
..................................................................
TEMPERATURE (F)
 TODAY
  MAXIMUM         76    301 PM  MM      MM  69      7       65
  MINIMUM         42    636 AM  MM      MM  39      3       43
  AVERAGE         59                        54      5       54

PRECIPITATION (IN)
  TODAY            0.00         MM      MM   0.07  -0.07     0.11
  MONTH TO DATE    0.57                      0.86  -0.29     1.61
  SINCE SEP 1      0.57                      0.86  -0.29     1.61
  SINCE JAN 1      9.81                     12.32  -2.51    11.57

SNOWFALL (IN)
  TODAY           MM            MM      MM  MM     MM       MM
  MONTH TO DATE   MM                        MM     MM       MM
  SINCE SEP 1     MM                        MM     MM       MM
  SINCE JUL 1     MM                        MM     MM       MM
  SNOW DEPTH      MM

DEGREE DAYS
 HEATING
  TODAY            6                        11     -5       11
  MONTH TO DATE  119                       135    -16       63
  SINCE SEP 1    119                       135    -16       63
  SINCE JUL 1    272                       331    -59      198

 COOLING
  TODAY            0                         0      0        0
  MONTH TO DATE    0                         0      0        9
  SINCE SEP 1      0                         0      0        9
  SINCE JAN 1     56                        39     17       69
..................................................................


WIND (MPH)
  HIGHEST WIND SPEED    13   HIGHEST WIND DIRECTION     N (350)
  HIGHEST GUST SPEED    17   HIGHEST GUST DIRECTION    NW (330)
  AVERAGE WIND SPEED     6.2


SKY COVER
  POSSIBLE SUNSHINE  MM
  AVERAGE SKY COVER 0.1


WEATHER CONDITIONS
 THE FOLLOWING WEATHER WAS RECORDED TODAY.
  NO SIGNIFICANT WEATHER WAS OBSERVED.


RELATIVE HUMIDITY (PERCENT)
 HIGHEST    65          1200 AM
 LOWEST     19           100 PM
 AVERAGE    42

..........................................................


THE ASPEN CO CLIMATE NORMALS FOR TOMORROW
                         NORMAL    RECORD    YEAR
 MAXIMUM TEMPERATURE (F)   68        MM        MM
 MINIMUM TEMPERATURE (F)   38        MM        MM


SUNRISE AND SUNSET
SEPTEMBER 15 2014.....SUNRISE   649 AM MDT   SUNSET   716 PM MDT
SEPTEMBER 16 2014.....SUNRISE   650 AM MDT   SUNSET   714 PM MDT


-  INDICATES NEGATIVE NUMBERS.
R  INDICATES RECORD WAS SET OR TIED.
MM INDICATES DATA IS MISSING.
T  INDICATES TRACE AMOUNT.




$$
