000
CDUS46 KPQR 241141
CLIAST


CLIMATE REPORT
NATIONAL WEATHER SERVICE PORTLAND OREGON
440 AM PDT THU JUL 24 2014


...................................

...THE ASTORIA OR CLIMATE SUMMARY FOR JULY 23 2014...

CLIMATE NORMAL PERIOD 1981 TO 2010
CLIMATE RECORD PERIOD 1892 TO 2014


WEATHER ITEM   OBSERVED TIME   RECORD YEAR NORMAL DEPARTURE LAST
                VALUE   (LST)  VALUE       VALUE  FROM      YEAR
                                                  NORMAL
..................................................................
TEMPERATURE (F)
 YESTERDAY
  MAXIMUM         65    307 PM  96    2004  68     -3       66
  MINIMUM         56   1050 PM  44    1977  54      2       52
                                      1973
                                      1964
  AVERAGE         61                        61      0       59

PRECIPITATION (IN)
  YESTERDAY        0.82R         0.42 1952   0.02   0.80     0.00
  MONTH TO DATE    0.92                      0.83   0.09     0.01
  SINCE OCT 1     53.61                     63.76 -10.15    76.60
  SINCE JAN 1     41.45                     36.74   4.71    34.98

DEGREE DAYS
 HEATING
  YESTERDAY        4                         4      0        6
  MONTH TO DATE   74                       116    -42       96
  SINCE JUN 1    254                       358   -104      277
  SINCE JUL 1     74                       116    -42       96

 COOLING
  YESTERDAY        0                         0      0        0
  MONTH TO DATE    8                         0      8        0
  SINCE JUN 1      8                         0      8        3
  SINCE JAN 1     19                         0     19        4
..................................................................


WIND (MPH)
  HIGHEST WIND SPEED    21   HIGHEST WIND DIRECTION    SW (240)
  HIGHEST GUST SPEED    28   HIGHEST GUST DIRECTION    SW (230)
  AVERAGE WIND SPEED     9.6


SKY COVER
  POSSIBLE SUNSHINE  MM
  AVERAGE SKY COVER 0.8


WEATHER CONDITIONS
 THE FOLLOWING WEATHER WAS RECORDED YESTERDAY.
  HEAVY RAIN
  RAIN
  LIGHT RAIN
  FOG


RELATIVE HUMIDITY (PERCENT)
 HIGHEST    93           200 AM
 LOWEST     73           200 PM
 AVERAGE    83

..........................................................


THE ASTORIA OR CLIMATE NORMALS FOR TODAY
                         NORMAL    RECORD    YEAR
 MAXIMUM TEMPERATURE (F)   68        91      1928
 MINIMUM TEMPERATURE (F)   54        44      2008
                                             1973


SUNRISE AND SUNSET
JULY 24 2014..........SUNRISE   548 AM PDT   SUNSET   855 PM PDT
JULY 25 2014..........SUNRISE   550 AM PDT   SUNSET   854 PM PDT


-  INDICATES NEGATIVE NUMBERS.
R  INDICATES RECORD WAS SET OR TIED.
MM INDICATES DATA IS MISSING.
T  INDICATES TRACE AMOUNT.




$$
