000
CDUS46 KPQR 282322
CLIAST


CLIMATE REPORT
NATIONAL WEATHER SERVICE PORTLAND OREGON
421 PM PDT THU MAY 28 2015


...................................

...THE ASTORIA OR CLIMATE SUMMARY FOR MAY 28 2015...
VALID TODAY AS OF 0400 PM LOCAL TIME.

CLIMATE NORMAL PERIOD 1981 TO 2010
CLIMATE RECORD PERIOD 1892 TO 2015


WEATHER ITEM   OBSERVED TIME   RECORD YEAR NORMAL DEPARTURE LAST
                VALUE   (LST)  VALUE       VALUE  FROM      YEAR
                                                  NORMAL
..................................................................
TEMPERATURE (F)
 TODAY
  MAXIMUM         64   1251 PM  81    1922  62      2       63
  MINIMUM         53    638 AM  38    1973  48      5       48
                                      1966
                                      1943
  AVERAGE         59                        55      4       56

PRECIPITATION (IN)
  TODAY            0.00          1.32 1892   0.10  -0.10     0.62
  MONTH TO DATE    1.29                      3.02  -1.73     5.98
  SINCE OCT 1     52.28                     60.08  -7.80    50.84
  SINCE JAN 1     26.66                     33.06  -6.40    38.68

DEGREE DAYS
 HEATING
  TODAY            6                        10     -4        9
  MONTH TO DATE  285                       342    -57      236
  SINCE MAR 1   1215                      1409   -194     1189
  SINCE JUL 1   3755                      4751   -996     4618

 COOLING
  TODAY            0                         0      0        0
  MONTH TO DATE    0                         0      0        8
  SINCE MAR 1      2                         0      2       11
  SINCE JAN 1      2                         0      2       11
..................................................................


WIND (MPH)
  HIGHEST WIND SPEED    15   HIGHEST WIND DIRECTION     W (270)
  HIGHEST GUST SPEED    18   HIGHEST GUST DIRECTION     W (290)
  AVERAGE WIND SPEED     5.8


SKY COVER
  POSSIBLE SUNSHINE  MM
  AVERAGE SKY COVER 1.0


WEATHER CONDITIONS
 THE FOLLOWING WEATHER WAS RECORDED TODAY.
  FOG


RELATIVE HUMIDITY (PERCENT)
 HIGHEST    93          1200 AM
 LOWEST     72          1200 PM
 AVERAGE    83

..........................................................


THE ASTORIA OR CLIMATE NORMALS FOR TOMORROW
                         NORMAL    RECORD    YEAR
 MAXIMUM TEMPERATURE (F)   62        85      2007
 MINIMUM TEMPERATURE (F)   48        37      1966


SUNRISE AND SUNSET
MAY 28 2015...........SUNRISE   530 AM PDT   SUNSET   856 PM PDT
MAY 29 2015...........SUNRISE   530 AM PDT   SUNSET   857 PM PDT


-  INDICATES NEGATIVE NUMBERS.
R  INDICATES RECORD WAS SET OR TIED.
MM INDICATES DATA IS MISSING.
T  INDICATES TRACE AMOUNT.




$$
