000
CDUS46 KPQR 251142
CLIAST


CLIMATE REPORT
NATIONAL WEATHER SERVICE PORTLAND OREGON
442 AM PDT THU MAY 25 2017


...................................

...THE ASTORIA OR CLIMATE SUMMARY FOR MAY 24 2017...

CLIMATE NORMAL PERIOD 1981 TO 2010
CLIMATE RECORD PERIOD 1892 TO 2017


WEATHER ITEM   OBSERVED TIME   RECORD YEAR NORMAL DEPARTURE LAST
                VALUE   (LST)  VALUE       VALUE  FROM      YEAR
                                                  NORMAL
..................................................................
TEMPERATURE (F)
 YESTERDAY
  MAXIMUM         59   1142 AM  84    1993  61     -2       62
  MINIMUM         47   1159 PM  38    1923  47      0       50
  AVERAGE         53                        54     -1       56

PRECIPITATION (IN)
  YESTERDAY        0.01          0.93 1974   0.10  -0.09      T
  MONTH TO DATE    5.79                      2.62   3.17     0.76
  SINCE OCT 1     90.90                     59.68  31.22    79.66
  SINCE JAN 1     47.03                     32.66  14.37    37.13

DEGREE DAYS
 HEATING
  YESTERDAY       12                        11      1        9
  MONTH TO DATE  276                       300    -24      220
  SINCE MAR 1   1315                      1367    -52     1026
  SINCE JUL 1   4298                      4709   -411     3645

 COOLING
  YESTERDAY        0                         0      0        0
  MONTH TO DATE    2                         0      2        0
  SINCE MAR 1      2                         0      2        3
  SINCE JAN 1      2                         0      2        3
..................................................................


WIND (MPH)
  HIGHEST WIND SPEED    21   HIGHEST WIND DIRECTION    NW (300)
  HIGHEST GUST SPEED    26   HIGHEST GUST DIRECTION    NW (310)
  AVERAGE WIND SPEED    11.1


SKY COVER
  POSSIBLE SUNSHINE  MM
  AVERAGE SKY COVER 0.9


WEATHER CONDITIONS
 THE FOLLOWING WEATHER WAS RECORDED YESTERDAY.
  NO SIGNIFICANT WEATHER WAS OBSERVED.


RELATIVE HUMIDITY (PERCENT)
 HIGHEST    80          1000 PM
 LOWEST     62          1200 PM
 AVERAGE    71

..........................................................


THE ASTORIA OR CLIMATE NORMALS FOR TODAY
                         NORMAL    RECORD    YEAR
 MAXIMUM TEMPERATURE (F)   62        81      2005
 MINIMUM TEMPERATURE (F)   47        34      1967


SUNRISE AND SUNSET
MAY 25 2017...........SUNRISE   532 AM PDT   SUNSET   853 PM PDT
MAY 26 2017...........SUNRISE   532 AM PDT   SUNSET   854 PM PDT


-  INDICATES NEGATIVE NUMBERS.
R  INDICATES RECORD WAS SET OR TIED.
MM INDICATES DATA IS MISSING.
T  INDICATES TRACE AMOUNT.




$$
