000
CDUS46 KPQR 302324
CLIAST


CLIMATE REPORT
NATIONAL WEATHER SERVICE PORTLAND OREGON
423 PM PDT THU MAR 30 2017


...................................

...THE ASTORIA OR CLIMATE SUMMARY FOR MARCH 30 2017...
VALID TODAY AS OF 0400 PM LOCAL TIME.

CLIMATE NORMAL PERIOD 1981 TO 2010
CLIMATE RECORD PERIOD 1892 TO 2017


WEATHER ITEM   OBSERVED TIME   RECORD YEAR NORMAL DEPARTURE LAST
                VALUE   (LST)  VALUE       VALUE  FROM      YEAR
                                                  NORMAL
..................................................................
TEMPERATURE (F)
 TODAY
  MAXIMUM         53    209 PM  72    1941  55     -2       69
  MINIMUM         44    627 AM  28    1954  40      4       37
  AVERAGE         49                        47      2       53

PRECIPITATION (IN)
  TODAY            0.05          1.79 1931   0.22  -0.17     0.00
  MONTH TO DATE   14.45                      7.23   7.22    12.10
  SINCE OCT 1     76.20                     51.64  24.56    76.91
  SINCE JAN 1     32.33                     24.62   7.71    34.38

DEGREE DAYS
 HEATING
  TODAY           16                        18     -2       12
  MONTH TO DATE  548                       562    -14      445
  SINCE MAR 1    548                       562    -14      445
  SINCE JUL 1   3531                      3904   -373     3064

 COOLING
  TODAY            0                         0      0        0
  MONTH TO DATE    0                         0      0        0
  SINCE MAR 1      0                         0      0        0
  SINCE JAN 1      0                         0      0        0
..................................................................


WIND (MPH)
  HIGHEST WIND SPEED    21   HIGHEST WIND DIRECTION    NW (300)
  HIGHEST GUST SPEED    28   HIGHEST GUST DIRECTION     W (290)
  AVERAGE WIND SPEED    11.6


SKY COVER
  POSSIBLE SUNSHINE  MM
  AVERAGE SKY COVER 0.9


WEATHER CONDITIONS
 THE FOLLOWING WEATHER WAS RECORDED TODAY.
  LIGHT RAIN


RELATIVE HUMIDITY (PERCENT)
 HIGHEST    83           200 AM
 LOWEST     68           200 PM
 AVERAGE    76

..........................................................


THE ASTORIA OR CLIMATE NORMALS FOR TOMORROW
                         NORMAL    RECORD    YEAR
 MAXIMUM TEMPERATURE (F)   55        72      1987
 MINIMUM TEMPERATURE (F)   40        29      1936


SUNRISE AND SUNSET
MARCH 30 2017.........SUNRISE   658 AM PDT   SUNSET   742 PM PDT
MARCH 31 2017.........SUNRISE   657 AM PDT   SUNSET   743 PM PDT


-  INDICATES NEGATIVE NUMBERS.
R  INDICATES RECORD WAS SET OR TIED.
MM INDICATES DATA IS MISSING.
T  INDICATES TRACE AMOUNT.




$$
