941
CDUS46 KPQR 302320
CLIAST


CLIMATE REPORT
NATIONAL WEATHER SERVICE PORTLAND OREGON
420 PM PDT SAT JUL 30 2016


...................................

...THE ASTORIA OR CLIMATE SUMMARY FOR JULY 30 2016...
VALID TODAY AS OF 0400 PM LOCAL TIME.

CLIMATE NORMAL PERIOD 1981 TO 2010
CLIMATE RECORD PERIOD 1892 TO 2016


WEATHER ITEM   OBSERVED TIME   RECORD YEAR NORMAL DEPARTURE LAST
                VALUE   (LST)  VALUE       VALUE  FROM      YEAR
                                                  NORMAL
..................................................................
TEMPERATURE (F)
 TODAY
  MAXIMUM         66    148 PM  87    1908  68     -2       86
  MINIMUM         59    535 AM  45    1949  54      5       51
  AVERAGE         63                        61      2       69

PRECIPITATION (IN)
  TODAY            0.00          0.78 1985   0.03  -0.03     0.00
  MONTH TO DATE    1.12                      1.01   0.11     0.39
  SINCE OCT 1     82.88                     63.94  18.94    53.40
  SINCE JAN 1     40.35                     36.92   3.43    27.78

DEGREE DAYS
 HEATING
  TODAY            2                         4     -2        0
  MONTH TO DATE   58                       144    -86       39
  SINCE JUN 1    234                       386   -152      188
  SINCE JUL 1     58                       144    -86       39

 COOLING
  TODAY            0                         0      0        4
  MONTH TO DATE    2                         0      2       21
  SINCE JUN 1      8                         0      8       25
  SINCE JAN 1     11                         0     11       27
..................................................................


WIND (MPH)
  HIGHEST WIND SPEED    17   HIGHEST WIND DIRECTION    NW (330)
  HIGHEST GUST SPEED    21   HIGHEST GUST DIRECTION    NW (330)
  AVERAGE WIND SPEED     8.8


SKY COVER
  POSSIBLE SUNSHINE  MM
  AVERAGE SKY COVER 1.0


WEATHER CONDITIONS
 THE FOLLOWING WEATHER WAS RECORDED TODAY.
  NO SIGNIFICANT WEATHER WAS OBSERVED.


RELATIVE HUMIDITY (PERCENT)
 HIGHEST    87           100 AM
 LOWEST     63           200 PM
 AVERAGE    75

..........................................................


THE ASTORIA OR CLIMATE NORMALS FOR TOMORROW
                         NORMAL    RECORD    YEAR
 MAXIMUM TEMPERATURE (F)   68        93      1913
 MINIMUM TEMPERATURE (F)   54        46      1970
                                             1949
                                             1937


SUNRISE AND SUNSET
JULY 30 2016..........SUNRISE   556 AM PDT   SUNSET   847 PM PDT
JULY 31 2016..........SUNRISE   557 AM PDT   SUNSET   846 PM PDT


-  INDICATES NEGATIVE NUMBERS.
R  INDICATES RECORD WAS SET OR TIED.
MM INDICATES DATA IS MISSING.
T  INDICATES TRACE AMOUNT.




$$
