000
CDUS46 KPQR 200221
CLIAST


CLIMATE REPORT
NATIONAL WEATHER SERVICE PORTLAND OREGON
620 PM PST FRI JAN 19 2018


...................................

...THE ASTORIA OR CLIMATE SUMMARY FOR JANUARY 19 2018...
VALID TODAY AS OF 0600 PM LOCAL TIME.

CLIMATE NORMAL PERIOD 1981 TO 2010
CLIMATE RECORD PERIOD 1892 TO 2018


WEATHER ITEM   OBSERVED TIME   RECORD YEAR NORMAL DEPARTURE LAST
                VALUE   (LST)  VALUE       VALUE  FROM      YEAR
                                                  NORMAL
..................................................................
TEMPERATURE (F)
 TODAY
  MAXIMUM         49    153 PM  66    2005  50     -1       52
  MINIMUM         40    145 AM  16    1935  38      2       45
  AVERAGE         45                        44      1       49

PRECIPITATION (IN)
  TODAY            0.32          3.25 1950   0.34  -0.02     0.32
  MONTH TO DATE    5.79                      6.56  -0.77     5.39
  SINCE OCT 1     36.58                     33.58   3.00    49.26
  SINCE JAN 1      5.79                      6.56  -0.77     5.39

DEGREE DAYS
 HEATING
  TODAY           20                        21     -1       16
  MONTH TO DATE  320                       408    -88      500
  SINCE DEC 1   1014                      1101    -87     1235
  SINCE JUL 1   2306                      2514   -208     2098

 COOLING
  TODAY            0                         0      0        0
  MONTH TO DATE    0                         0      0        0
  SINCE DEC 1      0                         0      0        0
  SINCE JAN 1      0                         0      0        0
..................................................................


WIND (MPH)
  HIGHEST WIND SPEED    16   HIGHEST WIND DIRECTION     S (200)
  HIGHEST GUST SPEED    24   HIGHEST GUST DIRECTION     S (200)
  AVERAGE WIND SPEED     8.4


SKY COVER
  POSSIBLE SUNSHINE  MM
  AVERAGE SKY COVER 0.6


WEATHER CONDITIONS
 THE FOLLOWING WEATHER WAS RECORDED TODAY.
  RAIN
  LIGHT RAIN
  FOG
  HAZE


RELATIVE HUMIDITY (PERCENT)
 HIGHEST    92          1000 AM
 LOWEST     82          1200 AM
 AVERAGE    87

..........................................................


THE ASTORIA OR CLIMATE NORMALS FOR TOMORROW
                         NORMAL    RECORD    YEAR
 MAXIMUM TEMPERATURE (F)   50        65      1961
 MINIMUM TEMPERATURE (F)   38        15      1930


SUNRISE AND SUNSET
JANUARY 19 2018.......SUNRISE   751 AM PST   SUNSET   502 PM PST
JANUARY 20 2018.......SUNRISE   750 AM PST   SUNSET   503 PM PST


-  INDICATES NEGATIVE NUMBERS.
R  INDICATES RECORD WAS SET OR TIED.
MM INDICATES DATA IS MISSING.
T  INDICATES TRACE AMOUNT.




$$
