756
CDUS42 KFFC 260820
CLIATL


CLIMATE REPORT
NATIONAL WEATHER SERVICE PEACHTREE CITY GA
419 AM EDT FRI AUG 26 2016


...................................

...THE ATLANTA CLIMATE SUMMARY FOR AUGUST 25 2016...

CLIMATE NORMAL PERIOD 1981 TO 2010
CLIMATE RECORD PERIOD 1878 TO 2016


WEATHER ITEM   OBSERVED TIME   RECORD YEAR NORMAL DEPARTURE LAST
                VALUE   (LST)  VALUE       VALUE  FROM      YEAR
                                                  NORMAL
..................................................................
TEMPERATURE (F)
 YESTERDAY
  MAXIMUM         92    447 PM  99    1938  87      5       84
  MINIMUM         72    631 AM  56    1891  70      2       64
  AVERAGE         82                        79      3       74

PRECIPITATION (IN)
  YESTERDAY        0.00          2.99 1984   0.13  -0.13     0.00
  MONTH TO DATE    3.06                      3.14  -0.08     5.10
  SINCE JUN 1      9.98                     12.36  -2.38    17.02
  SINCE JAN 1     29.12                     33.07  -3.95    40.74

DEGREE DAYS
 HEATING
  YESTERDAY        0                         0      0        0
  MONTH TO DATE    0                         0      0        0
  SINCE JUN 1      0                         2     -2        0
  SINCE JUL 1      0                         0      0        0

 COOLING
  YESTERDAY       17                        14      3        9
  MONTH TO DATE  446                       367     79      410
  SINCE JUN 1   1512                      1209    303     1373
  SINCE JAN 1   1841                      1459    382     1732
..................................................................


WIND (MPH)
  RESULTANT WIND SPEED   2   RESULTANT WIND DIRECTION   E (100)
  HIGHEST WIND SPEED    10   HIGHEST WIND DIRECTION     E (100)
  HIGHEST GUST SPEED    15   HIGHEST GUST DIRECTION    NE (40)
  AVERAGE WIND SPEED     4.5


SKY COVER
  AVERAGE SKY COVER 0.2


WEATHER CONDITIONS
 THE FOLLOWING WEATHER WAS RECORDED YESTERDAY.
  FOG


RELATIVE HUMIDITY (PERCENT)
 HIGHEST   100           500 AM
 LOWEST     50           400 PM
 AVERAGE    75

..........................................................


THE ATLANTA CLIMATE NORMALS FOR TODAY
                         NORMAL    RECORD    YEAR
 MAXIMUM TEMPERATURE (F)   87       100      1943
 MINIMUM TEMPERATURE (F)   70        58      1942


SUNRISE AND SUNSET
AUGUST 26 2016........SUNRISE   708 AM EDT   SUNSET   810 PM EDT
AUGUST 27 2016........SUNRISE   709 AM EDT   SUNSET   809 PM EDT


-  INDICATES NEGATIVE NUMBERS.
R  INDICATES RECORD WAS SET OR TIED.
MM INDICATES DATA IS MISSING.
T  INDICATES TRACE AMOUNT.




$$
