000
CDUS42 KFFC 300819
CLIATL


CLIMATE REPORT
NATIONAL WEATHER SERVICE PEACHTREE CITY GA
418 AM EDT TUE MAY 30 2017


...................................

...THE ATLANTA CLIMATE SUMMARY FOR MAY 29 2017...

CLIMATE NORMAL PERIOD 1981 TO 2010
CLIMATE RECORD PERIOD 1878 TO 2017


WEATHER ITEM   OBSERVED TIME   RECORD YEAR NORMAL DEPARTURE LAST
                VALUE   (LST)  VALUE       VALUE  FROM      YEAR
                                                  NORMAL
..................................................................
TEMPERATURE (F)
 YESTERDAY
  MAXIMUM         84    105 PM  97    1941  83      1       90
                                      1914
  MINIMUM         68    540 AM  49    1984  64      4       67
  AVERAGE         76                        74      2       79

PRECIPITATION (IN)
  YESTERDAY        0.11          4.40 1948   0.11   0.00     0.00
  MONTH TO DATE    4.35                      3.44   0.91     1.25
  SINCE MAR 1     12.78                     11.61   1.17     6.61
  SINCE JAN 1     22.83                     20.48   2.35    19.14

DEGREE DAYS
 HEATING
  YESTERDAY        0                         0      0        0
  MONTH TO DATE   24                        24      0       19
  SINCE MAR 1    334                       509   -175      284
  SINCE JUL 1   1690                      2764  -1074     1999

 COOLING
  YESTERDAY       11                         9      2       14
  MONTH TO DATE  201                       165     36      185
  SINCE MAR 1    385                       230    155      297
  SINCE JAN 1    390                       231    159      297
..................................................................


WIND (MPH)
  RESULTANT WIND SPEED   5   RESULTANT WIND DIRECTION   W (270)
  HIGHEST WIND SPEED    26   HIGHEST WIND DIRECTION     W (290)
  HIGHEST GUST SPEED    36   HIGHEST GUST DIRECTION    NW (300)
  AVERAGE WIND SPEED     6.1


SKY COVER
  AVERAGE SKY COVER 0.8


WEATHER CONDITIONS
 THE FOLLOWING WEATHER WAS RECORDED YESTERDAY.
  THUNDERSTORM
  RAIN
  LIGHT RAIN
  FOG


RELATIVE HUMIDITY (PERCENT)
 HIGHEST    93           400 PM
 LOWEST     62          1100 AM
 AVERAGE    78

..........................................................


THE ATLANTA CLIMATE NORMALS FOR TODAY
                         NORMAL    RECORD    YEAR
 MAXIMUM TEMPERATURE (F)   83        94      1898
 MINIMUM TEMPERATURE (F)   64        44      1984


SUNRISE AND SUNSET
MAY 30 2017...........SUNRISE   629 AM EDT   SUNSET   842 PM EDT
MAY 31 2017...........SUNRISE   629 AM EDT   SUNSET   843 PM EDT


-  INDICATES NEGATIVE NUMBERS.
R  INDICATES RECORD WAS SET OR TIED.
MM INDICATES DATA IS MISSING.
T  INDICATES TRACE AMOUNT.




$$
