000
CDUS42 KFFC 180022
CLIATL


CLIMATE REPORT
NATIONAL WEATHER SERVICE PEACHTREE CITY GA
822 PM EDT THU APR 17 2014


...................................

...THE ATLANTA CLIMATE SUMMARY FOR APRIL 17 2014...
VALID AS OF 0800 PM LOCAL TIME.

CLIMATE NORMAL PERIOD 1981 TO 2010
CLIMATE RECORD PERIOD 1878 TO 2014


WEATHER ITEM   OBSERVED TIME   RECORD YEAR NORMAL DEPARTURE LAST
                VALUE   (LST)  VALUE       VALUE  FROM      YEAR
                                                  NORMAL
..................................................................
TEMPERATURE (F)
 TODAY
  MAXIMUM         66    303 PM  89    1896  73     -7       83
  MINIMUM         40    639 AM  31    1905  52    -12       65
  AVERAGE         53                        62     -9       74

PRECIPITATION (IN)
  TODAY            0.00          1.42 1895   0.10  -0.10     0.00
  MONTH TO DATE    4.06                      1.92   2.14     3.34
  SINCE MAR 1      7.18                      6.73   0.45     7.92
  SINCE JAN 1     14.34                     15.60  -1.26    20.32

SNOWFALL (IN)
  TODAY            0.0           0.0  2002   0.0    0.0      0.0
                                      2001
                                      2000
  MONTH TO DATE    0.0                       0.1   -0.1      0.0
  SINCE MAR 1      0.0                       0.9   -0.9       T
  SINCE JUL 1      5.0                       3.0    2.0       T
  SNOW DEPTH       0

DEGREE DAYS
 HEATING
  TODAY           12                         4      8        0
  MONTH TO DATE   92                       101     -9       73
  SINCE MAR 1    472                       443     29      558
  SINCE JUL 1   2875                      2698    177     2413

 COOLING
  TODAY            0                         2     -2        9
  MONTH TO DATE   20                        22     -2       32
  SINCE MAR 1     20                        34    -14       32
  SINCE JAN 1     22                        35    -13       37
..................................................................


WIND (MPH)
  RESULTANT WIND SPEED  11   RESULTANT WIND DIRECTION   E (90)
  HIGHEST WIND SPEED    24   HIGHEST WIND DIRECTION     E (70)
  HIGHEST GUST SPEED    31   HIGHEST GUST DIRECTION     E (80)
  AVERAGE WIND SPEED    10.9


SKY COVER
  AVERAGE SKY COVER 0.7


WEATHER CONDITIONS
 THE FOLLOWING WEATHER WAS RECORDED TODAY.
  NO SIGNIFICANT WEATHER WAS OBSERVED.


RELATIVE HUMIDITY (PERCENT)
 HIGHEST    79           600 AM
 LOWEST     37           100 PM

..........................................................


THE ATLANTA CLIMATE NORMALS FOR TOMORROW
                         NORMAL    RECORD    YEAR
 MAXIMUM TEMPERATURE (F)   73        87      2002
                                             1937
                                             1896
 MINIMUM TEMPERATURE (F)   52        33      1997


SUNRISE AND SUNSET
APRIL 17 2014.........SUNRISE   705 AM EDT   SUNSET   810 PM EDT
APRIL 18 2014.........SUNRISE   704 AM EDT   SUNSET   811 PM EDT


-  INDICATES NEGATIVE NUMBERS.
R  INDICATES RECORD WAS SET OR TIED.
MM INDICATES DATA IS MISSING.
T  INDICATES TRACE AMOUNT.




$$
