000
CDUS42 KFFC 100024
CLIATL


CLIMATE REPORT
NATIONAL WEATHER SERVICE PEACHTREE CITY GA
724 PM EST TUE FEB 9 2016


...................................

...THE ATLANTA CLIMATE SUMMARY FOR FEBRUARY 9 2016...
VALID AS OF 0700 PM LOCAL TIME.

CLIMATE NORMAL PERIOD 1981 TO 2010
CLIMATE RECORD PERIOD 1878 TO 2016


WEATHER ITEM   OBSERVED TIME   RECORD YEAR NORMAL DEPARTURE LAST
                VALUE   (LST)  VALUE       VALUE  FROM      YEAR
                                                  NORMAL
..................................................................
TEMPERATURE (F)
 TODAY
  MAXIMUM         37   1250 PM  79    1994  55    -18       64
  MINIMUM         31    706 PM   6    1933  37     -6       44
  AVERAGE         34                        46    -12       54

PRECIPITATION (IN)
  TODAY            T             2.94 1990   0.17  -0.17     0.34
  MONTH TO DATE    2.13                      1.50   0.63     1.27
  SINCE DEC 1     19.78                      9.60  10.18    11.14
  SINCE JAN 1      7.27                      5.70   1.57     5.63

SNOWFALL (IN)
  TODAY           MM             T    2011   0.0   MM        0.0
  MONTH TO DATE    0.0                       0.1   -0.1      0.0
  SINCE DEC 1      0.3                       1.8   -1.5      0.0
  SINCE JUL 1      0.3                       1.8   -1.5      0.0
  SNOW DEPTH       0

DEGREE DAYS
 HEATING
  TODAY           31                        19     12       11
  MONTH TO DATE  148                       177    -29      174
  SINCE DEC 1   1086                      1463   -377     1302
  SINCE JUL 1   1390                      1931   -541     1849

 COOLING
  TODAY            0                         0      0        0
  MONTH TO DATE    0                         0      0        0
  SINCE DEC 1     22                         1     21        0
  SINCE JAN 1      0                         0      0        0
..................................................................


WIND (MPH)
  RESULTANT WIND SPEED  14   RESULTANT WIND DIRECTION   W (280)
  HIGHEST WIND SPEED    28   HIGHEST WIND DIRECTION     W (280)
  HIGHEST GUST SPEED    34   HIGHEST GUST DIRECTION     W (280)
  AVERAGE WIND SPEED    14.4


SKY COVER
  AVERAGE SKY COVER 0.8


WEATHER CONDITIONS
 THE FOLLOWING WEATHER WAS RECORDED TODAY.
  LIGHT SNOW


RELATIVE HUMIDITY (PERCENT)
 HIGHEST    63           400 PM
 LOWEST     47           100 PM

..........................................................


THE ATLANTA CLIMATE NORMALS FOR TOMORROW
                         NORMAL    RECORD    YEAR
 MAXIMUM TEMPERATURE (F)   56        76      1954
                                             1932
 MINIMUM TEMPERATURE (F)   37        11      1899


SUNRISE AND SUNSET
FEBRUARY  9 2016......SUNRISE   728 AM EST   SUNSET   616 PM EST
FEBRUARY 10 2016......SUNRISE   727 AM EST   SUNSET   617 PM EST


-  INDICATES NEGATIVE NUMBERS.
R  INDICATES RECORD WAS SET OR TIED.
MM INDICATES DATA IS MISSING.
T  INDICATES TRACE AMOUNT.




$$
