000
CDUS42 KFFC 290822
CLIATL


CLIMATE REPORT
NATIONAL WEATHER SERVICE PEACHTREE CITY GA
421 AM EDT WED MAR 29 2017


...................................

...THE ATLANTA CLIMATE SUMMARY FOR MARCH 28 2017...

CLIMATE NORMAL PERIOD 1981 TO 2010
CLIMATE RECORD PERIOD 1878 TO 2017


WEATHER ITEM   OBSERVED TIME   RECORD YEAR NORMAL DEPARTURE LAST
                VALUE   (LST)  VALUE       VALUE  FROM      YEAR
                                                  NORMAL
..................................................................
TEMPERATURE (F)
 YESTERDAY
  MAXIMUM         81    343 PM  85    1907  68     13       72
  MINIMUM         62    701 AM  28    1913  47     15       54
  AVERAGE         72                        57     15       63

PRECIPITATION (IN)
  YESTERDAY        0.05          2.98 1980   0.15  -0.10     0.01
  MONTH TO DATE    2.36                      4.39  -2.03     2.04
  SINCE MAR 1      2.36                      4.39  -2.03     2.04
  SINCE JAN 1     12.41                     13.26  -0.85    14.57

SNOWFALL (IN)
  YESTERDAY        0.0           0.0  2002   0.1   -0.1      0.0
                                      2001
                                      2000
  MONTH TO DATE    T                         0.8   -0.8       T
  SINCE MAR 1      T                         0.8   -0.8       T
  SINCE JUL 1      T                         2.9   -2.9      0.3
  SNOW DEPTH       0

DEGREE DAYS
 HEATING
  YESTERDAY        0                         8     -8        2
  MONTH TO DATE  263                       318    -55      159
  SINCE MAR 1    263                       318    -55      159
  SINCE JUL 1   1619                      2573   -954     1874

 COOLING
  YESTERDAY        7                         1      6        0
  MONTH TO DATE   29                         4     25       35
  SINCE MAR 1     29                         4     25       35
  SINCE JAN 1     34                         5     29       35
..................................................................


WIND (MPH)
  RESULTANT WIND SPEED   6   RESULTANT WIND DIRECTION   W (280)
  HIGHEST WIND SPEED    18   HIGHEST WIND DIRECTION     W (290)
  HIGHEST GUST SPEED    24   HIGHEST GUST DIRECTION     W (270)
  AVERAGE WIND SPEED     7.6


SKY COVER
  AVERAGE SKY COVER 0.7


WEATHER CONDITIONS
 THE FOLLOWING WEATHER WAS RECORDED YESTERDAY.
  LIGHT RAIN
  FOG


RELATIVE HUMIDITY (PERCENT)
 HIGHEST    93           200 AM
 LOWEST     45           300 PM
 AVERAGE    69

..........................................................


THE ATLANTA CLIMATE NORMALS FOR TODAY
                         NORMAL    RECORD    YEAR
 MAXIMUM TEMPERATURE (F)   68        84      1989
                                             1945
 MINIMUM TEMPERATURE (F)   47        25      1887


SUNRISE AND SUNSET
MARCH 29 2017.........SUNRISE   729 AM EDT   SUNSET   756 PM EDT
MARCH 30 2017.........SUNRISE   728 AM EDT   SUNSET   757 PM EDT


-  INDICATES NEGATIVE NUMBERS.
R  INDICATES RECORD WAS SET OR TIED.
MM INDICATES DATA IS MISSING.
T  INDICATES TRACE AMOUNT.




$$
