000
CDUS42 KFFC 010820
CLIATL


CLIMATE REPORT
NATIONAL WEATHER SERVICE PEACHTREE CITY GA
420 AM EDT SAT AUG 1 2015


...................................

...THE ATLANTA CLIMATE SUMMARY FOR JULY 31 2015...

CLIMATE NORMAL PERIOD 1981 TO 2010
CLIMATE RECORD PERIOD 1878 TO 2015


WEATHER ITEM   OBSERVED TIME   RECORD YEAR NORMAL DEPARTURE LAST
                VALUE   (LST)  VALUE       VALUE  FROM      YEAR
                                                  NORMAL
..................................................................
TEMPERATURE (F)
 YESTERDAY
  MAXIMUM         93    508 PM  99    1999  89      4       85
                                      1986
                                      1980
  MINIMUM         72    609 AM  59    1936  71      1       67
  AVERAGE         83                        80      3       76

PRECIPITATION (IN)
  YESTERDAY        0.10          2.05 1994   0.15  -0.05     0.13
  MONTH TO DATE    5.01                      5.27  -0.26     4.60
  SINCE JUN 1     11.92                      9.22   2.70     9.70
  SINCE JAN 1     35.64                     29.93   5.71    28.17

DEGREE DAYS
 HEATING
  YESTERDAY        0                         0      0        0
  MONTH TO DATE    0                         0      0        0
  SINCE JUN 1      0                         2     -2        0
  SINCE JUL 1      0                         0      0        0

 COOLING
  YESTERDAY       18                        15      3       11
  MONTH TO DATE  517                       471     46      409
  SINCE JUN 1    963                       842    121      814
  SINCE JAN 1   1322                      1092    230     1097
..................................................................


WIND (MPH)
  RESULTANT WIND SPEED   4   RESULTANT WIND DIRECTION   N (360)
  HIGHEST WIND SPEED    MM   HIGHEST WIND DIRECTION    MM
  HIGHEST GUST SPEED    MM   HIGHEST GUST DIRECTION    MM
  AVERAGE WIND SPEED     7.8


SKY COVER
  AVERAGE SKY COVER 0.4


WEATHER CONDITIONS
 THE FOLLOWING WEATHER WAS RECORDED YESTERDAY.
  LIGHT RAIN


RELATIVE HUMIDITY (PERCENT)
 HIGHEST    82           800 PM
 LOWEST     49           400 PM
 AVERAGE    66

..........................................................


THE ATLANTA CLIMATE NORMALS FOR TODAY
                         NORMAL    RECORD    YEAR
 MAXIMUM TEMPERATURE (F)   89        99      1980
 MINIMUM TEMPERATURE (F)   71        58      1997


SUNRISE AND SUNSET
AUGUST  1 2015........SUNRISE   650 AM EDT   SUNSET   838 PM EDT
AUGUST  2 2015........SUNRISE   650 AM EDT   SUNSET   837 PM EDT


-  INDICATES NEGATIVE NUMBERS.
R  INDICATES RECORD WAS SET OR TIED.
MM INDICATES DATA IS MISSING.
T  INDICATES TRACE AMOUNT.




$$
