000
CDUS44 KEWX 270744
CLIATT


CLIMATE REPORT
NATIONAL WEATHER SERVICE AUSTIN/SAN ANTONIO, TX
143 AM CST TUE JAN 27 2015


...................................

...THE AUSTIN CAMP MABRY CLIMATE SUMMARY FOR JANUARY 26 2015...

CLIMATE NORMAL PERIOD 1981 TO 2010
CLIMATE RECORD PERIOD 1897 TO 2015


WEATHER ITEM   OBSERVED TIME   RECORD YEAR NORMAL DEPARTURE LAST
                VALUE   (LST)  VALUE       VALUE  FROM      YEAR
                                                  NORMAL
..................................................................
TEMPERATURE (F)
 YESTERDAY
  MAXIMUM         74    247 PM  83    1975  62     12       76
  MINIMUM         46    804 AM  20    1904  42      4       43
  AVERAGE         60                        52      8

PRECIPITATION (IN)
  YESTERDAY        0.00          2.09 1934   0.07  -0.07     0.00
  MONTH TO DATE    4.71                      1.88   2.83     0.38
  SINCE DEC 1      5.77                      4.28   1.49     1.10
  SINCE JAN 1      4.71                      1.88   2.83     0.38

SNOWFALL (IN)
  YESTERDAY        0.0
  MONTH TO DATE    T
  SINCE DEC 1      T
  SINCE JUL 1      T
  SNOW DEPTH       0

DEGREE DAYS
 HEATING
  YESTERDAY        5                        13     -8        5
  MONTH TO DATE  477                       360    117      347
  SINCE DEC 1    786                       760     26      815
  SINCE JUL 1   1076                       972    104     1089

 COOLING
  YESTERDAY        0                         0      0        0
  MONTH TO DATE    0                         0      0        0
  SINCE DEC 1      9                        13     -4       15
  SINCE JAN 1      0                         0      0        0
..................................................................


WIND (MPH)
  HIGHEST WIND SPEED    10   HIGHEST WIND DIRECTION    NW (300)
  HIGHEST GUST SPEED    17   HIGHEST GUST DIRECTION    NW (300)
  AVERAGE WIND SPEED     4.6


SKY COVER
  AVERAGE SKY COVER 0.0


WEATHER CONDITIONS
 THE FOLLOWING WEATHER WAS RECORDED YESTERDAY.
  NO SIGNIFICANT WEATHER WAS OBSERVED.


RELATIVE HUMIDITY (PERCENT)
 HIGHEST    61           900 PM
 LOWEST     25           300 PM
 AVERAGE    43

..........................................................


THE AUSTIN CAMP MABRY CLIMATE NORMALS FOR TODAY
                         NORMAL    RECORD    YEAR
 MAXIMUM TEMPERATURE (F)   62        83      1972
 MINIMUM TEMPERATURE (F)   42        19      1940


SUNRISE AND SUNSET
JANUARY 27 2015.......SUNRISE   724 AM CST   SUNSET   603 PM CST
JANUARY 28 2015.......SUNRISE   724 AM CST   SUNSET   604 PM CST


-  INDICATES NEGATIVE NUMBERS.
R  INDICATES RECORD WAS SET OR TIED.
MM INDICATES DATA IS MISSING.
T  INDICATES TRACE AMOUNT.




$$
