000
CDUS44 KEWX 272245
CLIATT


CLIMATE REPORT
NATIONAL WEATHER SERVICE AUSTIN/SAN ANTONIO, TX
545 PM CDT THU APR 27 2017


...................................

...THE AUSTIN CAMP MABRY CLIMATE SUMMARY FOR APRIL 27 2017...
VALID TODAY AS OF 540 PM LOCAL TIME.

CLIMATE NORMAL PERIOD 1981 TO 2010
CLIMATE RECORD PERIOD 1897 TO 2017


WEATHER ITEM   OBSERVED TIME   RECORD YEAR NORMAL DEPARTURE LAST
                VALUE   (LST)  VALUE       VALUE  FROM      YEAR
                                                  NORMAL
..................................................................
TEMPERATURE (F)
 TODAY
  MAXIMUM         86    322 PM  96    2014  82      4       90
  MINIMUM         53    431 AM  45    1926  62     -9       62
  AVERAGE         70                        72     -2       76

PRECIPITATION (IN)
  TODAY            0.00          3.60 1914   0.09  -0.09     0.54
  MONTH TO DATE    1.16                      1.82  -0.66     6.20
  SINCE MAR 1      3.64                      4.58  -0.94     9.71
  SINCE JAN 1      9.86                      8.82   1.04    11.39

SNOWFALL (IN)
  TODAY            0.0
  MONTH TO DATE    0.0
  SINCE MAR 1      0.0
  SINCE JUL 1      0.0
  SNOW DEPTH       0

DEGREE DAYS
 HEATING
  TODAY            0                         0      0        0
  MONTH TO DATE    3                        37    -34       14
  SINCE MAR 1     56                       199   -143       83
  SINCE JUL 1    834                      1536   -702     1080

 COOLING
  TODAY            5                         7     -2       11
  MONTH TO DATE  182                       141     41      137
  SINCE MAR 1    354                       202    152      247
  SINCE JAN 1    471                       229    242      286
..................................................................


WIND (MPH)
  HIGHEST WIND SPEED    13   HIGHEST WIND DIRECTION    SE (150)
  HIGHEST GUST SPEED    22   HIGHEST GUST DIRECTION     S (160)
  AVERAGE WIND SPEED     4.6


SKY COVER
  AVERAGE SKY COVER 0.0


WEATHER CONDITIONS
 THE FOLLOWING WEATHER WAS RECORDED TODAY.
  NO SIGNIFICANT WEATHER WAS OBSERVED.


RELATIVE HUMIDITY (PERCENT)
 HIGHEST    77           400 AM
 LOWEST     31           200 PM
 AVERAGE    54

..........................................................


THE AUSTIN CAMP MABRY CLIMATE NORMALS FOR TOMORROW
                         NORMAL    RECORD    YEAR
 MAXIMUM TEMPERATURE (F)   83        94      1955
 MINIMUM TEMPERATURE (F)   62        47      2008
                                             1928


SUNRISE AND SUNSET
APRIL 27 2017.........SUNRISE   651 AM CDT   SUNSET   806 PM CDT
APRIL 28 2017.........SUNRISE   650 AM CDT   SUNSET   807 PM CDT


-  INDICATES NEGATIVE NUMBERS.
R  INDICATES RECORD WAS SET OR TIED.
MM INDICATES DATA IS MISSING.
T  INDICATES TRACE AMOUNT.




$$
