000
CDUS44 KEWX 290736
CLIATT


CLIMATE REPORT
NATIONAL WEATHER SERVICE AUSTIN/SAN ANTONIO, TX
232 AM CDT WED JUL 29 2015


...................................

...THE AUSTIN CAMP MABRY CLIMATE SUMMARY FOR JULY 28 2015...

CLIMATE NORMAL PERIOD 1981 TO 2010
CLIMATE RECORD PERIOD 1897 TO 2015


WEATHER ITEM   OBSERVED TIME   RECORD YEAR NORMAL DEPARTURE LAST
                VALUE   (LST)  VALUE       VALUE  FROM      YEAR
                                                  NORMAL
..................................................................
TEMPERATURE (F)
 YESTERDAY
  MAXIMUM        100    235 PM 105    1923  97      3       99
  MINIMUM         77    644 AM  68    1916  75      2       74
                                      1903
  AVERAGE         89                        86      3

PRECIPITATION (IN)
  YESTERDAY        0.00          3.20 1902   0.06  -0.06     0.00
  MONTH TO DATE    T                         1.71  -1.71     5.58
  SINCE JUN 1      8.89                      6.04   2.85     8.66
  SINCE JAN 1     39.14                     19.57  19.57    19.74

SNOWFALL (IN)
  YESTERDAY        0.0
  MONTH TO DATE    0.0
  SINCE JUN 1      0.0
  SINCE JUL 1      0.0
  SNOW DEPTH       0

DEGREE DAYS
 HEATING
  YESTERDAY        0                         0      0        0
  MONTH TO DATE    0                         0      0        0
  SINCE JUN 1      0                         0      0        0
  SINCE JUL 1      0                         0      0        0

 COOLING
  YESTERDAY       24                        21      3       22
  MONTH TO DATE  574                       557     17      542
  SINCE JUN 1   1064                      1073     -9     1061
  SINCE JAN 1   1665                      1686    -21     1635
..................................................................


WIND (MPH)
  HIGHEST WIND SPEED    14   HIGHEST WIND DIRECTION    SE (150)
  HIGHEST GUST SPEED    25   HIGHEST GUST DIRECTION    SE (150)
  AVERAGE WIND SPEED     7.5


SKY COVER
  AVERAGE SKY COVER 0.4


WEATHER CONDITIONS
 THE FOLLOWING WEATHER WAS RECORDED YESTERDAY.
  FOG


RELATIVE HUMIDITY (PERCENT)
 HIGHEST    91           300 AM
 LOWEST     35           400 PM
 AVERAGE    63

..........................................................


THE AUSTIN CAMP MABRY CLIMATE NORMALS FOR TODAY
                         NORMAL    RECORD    YEAR
 MAXIMUM TEMPERATURE (F)   97       105      1925
 MINIMUM TEMPERATURE (F)   75        62      1903


SUNRISE AND SUNSET
JULY 29 2015..........SUNRISE   647 AM CDT   SUNSET   827 PM CDT
JULY 30 2015..........SUNRISE   648 AM CDT   SUNSET   826 PM CDT


-  INDICATES NEGATIVE NUMBERS.
R  INDICATES RECORD WAS SET OR TIED.
MM INDICATES DATA IS MISSING.
T  INDICATES TRACE AMOUNT.




$$
