000
CDUS44 KEWX 102339
CLIATT


CLIMATE REPORT
NATIONAL WEATHER SERVICE AUSTIN/SAN ANTONIO, TX
538 PM CST SAT DEC 10 2016


...................................

...THE AUSTIN CAMP MABRY CLIMATE SUMMARY FOR DECEMBER 10 2016...
VALID TODAY AS OF 0538 PM LOCAL TIME.

CLIMATE NORMAL PERIOD 1981 TO 2010
CLIMATE RECORD PERIOD 1897 TO 2016


WEATHER ITEM   OBSERVED TIME   RECORD YEAR NORMAL DEPARTURE LAST
                VALUE   (LST)  VALUE       VALUE  FROM      YEAR
                                                  NORMAL
..................................................................
TEMPERATURE (F)
 TODAY
  MAXIMUM         52    534 PM  81    1983  64    -12       78
  MINIMUM         35    256 AM  17    1898  43     -8       51
  AVERAGE         44                        53     -9       65

PRECIPITATION (IN)
  TODAY            0.00          0.92 1985   0.08  -0.08     0.00
  MONTH TO DATE    2.51                      0.77   1.74     0.00
  SINCE DEC 1      2.51                      0.77   1.74     0.00
  SINCE JAN 1     38.82                     32.69   6.13    56.96

SNOWFALL (IN)
  TODAY            0.0
  MONTH TO DATE    0.0
  SINCE DEC 1      0.0
  SINCE JUL 1      0.0
  SNOW DEPTH       0

DEGREE DAYS
 HEATING
  TODAY           21                        12      9        0
  MONTH TO DATE  160                       113     47       89
  SINCE DEC 1    160                       113     47       89
  SINCE JUL 1    220                       325   -105      249

 COOLING
  TODAY            0                         0      0        0
  MONTH TO DATE    0                         6     -6        0
  SINCE DEC 1      0                         6     -6        0
  SINCE JAN 1   3450                      3132    318     3364
..................................................................


WIND (MPH)
  HIGHEST WIND SPEED     9   HIGHEST WIND DIRECTION    SE (150)
  HIGHEST GUST SPEED    14   HIGHEST GUST DIRECTION    SE (140)
  AVERAGE WIND SPEED     2.3


SKY COVER
  AVERAGE SKY COVER 0.8


WEATHER CONDITIONS
 THE FOLLOWING WEATHER WAS RECORDED TODAY.
  NO SIGNIFICANT WEATHER WAS OBSERVED.


RELATIVE HUMIDITY (PERCENT)
 HIGHEST    82           400 AM
 LOWEST     54          1200 AM
 AVERAGE    68

..........................................................


THE AUSTIN CAMP MABRY CLIMATE NORMALS FOR TOMORROW
                         NORMAL    RECORD    YEAR
 MAXIMUM TEMPERATURE (F)   63        83      1950
 MINIMUM TEMPERATURE (F)   43        24      1978


SUNRISE AND SUNSET
DECEMBER 10 2016......SUNRISE   717 AM CST   SUNSET   531 PM CST
DECEMBER 11 2016......SUNRISE   717 AM CST   SUNSET   531 PM CST


-  INDICATES NEGATIVE NUMBERS.
R  INDICATES RECORD WAS SET OR TIED.
MM INDICATES DATA IS MISSING.
T  INDICATES TRACE AMOUNT.




$$
