000
CDUS44 KEWX 232341
CLIATT


CLIMATE REPORT
NATIONAL WEATHER SERVICE AUSTIN/SAN ANTONIO, TX
541 PM CST THU FEB 23 2017


...................................

...THE AUSTIN CAMP MABRY CLIMATE SUMMARY FOR FEBRUARY 23 2017...
VALID TODAY AS OF 540 PM LOCAL TIME.

CLIMATE NORMAL PERIOD 1981 TO 2010
CLIMATE RECORD PERIOD 1897 TO 2017


WEATHER ITEM   OBSERVED TIME   RECORD YEAR NORMAL DEPARTURE LAST
                VALUE   (LST)  VALUE       VALUE  FROM      YEAR
                                                  NORMAL
..................................................................
TEMPERATURE (F)
 TODAY
  MAXIMUM         90    357 PM  95    1996  67     23       61
  MINIMUM         55    534 AM  20    1901  47      8       47
  AVERAGE         73                        57     16       54

PRECIPITATION (IN)
  TODAY            0.00          1.90 1912   0.07  -0.07     1.33
  MONTH TO DATE    2.09                      1.65   0.44     1.34
  SINCE DEC 1      8.76                      6.27   2.49     4.68
  SINCE JAN 1      6.22                      3.87   2.35     1.68

SNOWFALL (IN)
  TODAY            0.0
  MONTH TO DATE    0.0
  SINCE DEC 1      0.0
  SINCE JUL 1      0.0
  SNOW DEPTH       0

DEGREE DAYS
 HEATING
  TODAY            0                         9     -9       11
  MONTH TO DATE   85                       255   -170      131
  SINCE DEC 1    699                      1083   -384      796
  SINCE JUL 1    759                      1295   -536      956

 COOLING
  TODAY            8                         1      7        0
  MONTH TO DATE   74                        18     56       24
  SINCE DEC 1    136                        40     96       52
  SINCE JAN 1     96                        27     69       32
..................................................................


WIND (MPH)
  HIGHEST WIND SPEED    14   HIGHEST WIND DIRECTION     S (170)
  HIGHEST GUST SPEED    25   HIGHEST GUST DIRECTION     S (190)
  AVERAGE WIND SPEED     4.3


SKY COVER
  AVERAGE SKY COVER 0.0


WEATHER CONDITIONS
 THE FOLLOWING WEATHER WAS RECORDED TODAY.
  NO SIGNIFICANT WEATHER WAS OBSERVED.


RELATIVE HUMIDITY (PERCENT)
 HIGHEST    67           100 AM
 LOWEST     26           200 PM
 AVERAGE    47

..........................................................


THE AUSTIN CAMP MABRY CLIMATE NORMALS FOR TOMORROW
                         NORMAL    RECORD    YEAR
 MAXIMUM TEMPERATURE (F)   67        87      1917
                                             1904
 MINIMUM TEMPERATURE (F)   47        22      1914


SUNRISE AND SUNSET
FEBRUARY 23 2017......SUNRISE   703 AM CST   SUNSET   626 PM CST
FEBRUARY 24 2017......SUNRISE   702 AM CST   SUNSET   626 PM CST


-  INDICATES NEGATIVE NUMBERS.
R  INDICATES RECORD WAS SET OR TIED.
MM INDICATES DATA IS MISSING.
T  INDICATES TRACE AMOUNT.




$$
