000
CDUS44 KEWX 290755
CLIATT


CLIMATE REPORT
NATIONAL WEATHER SERVICE AUSTIN/SAN ANTONIO, TX
255 AM CDT FRI APR 29 2016


...................................

...THE AUSTIN CAMP MABRY CLIMATE SUMMARY FOR APRIL 28 2016...

CLIMATE NORMAL PERIOD 1981 TO 2010
CLIMATE RECORD PERIOD 1897 TO 2016


WEATHER ITEM   OBSERVED TIME   RECORD YEAR NORMAL DEPARTURE LAST
                VALUE   (LST)  VALUE       VALUE  FROM      YEAR
                                                  NORMAL
..................................................................
TEMPERATURE (F)
 YESTERDAY
  MAXIMUM         87    248 PM  94    1955  83      4       65
  MINIMUM         63    104 AM  47    2008  62      1       53
                                      1928
  AVERAGE         75                        72      3

PRECIPITATION (IN)
  YESTERDAY        T             3.00 1975   0.08  -0.08     0.00
  MONTH TO DATE    6.20                      1.90   4.30     2.31
  SINCE MAR 1      9.71                      4.66   5.05     7.14
  SINCE JAN 1     11.39                      8.90   2.49    12.66

SNOWFALL (IN)
  YESTERDAY        0.0
  MONTH TO DATE    T
  SINCE MAR 1      T
  SINCE JUL 1      T
  SNOW DEPTH       0

DEGREE DAYS
 HEATING
  YESTERDAY        0                         0      0        6
  MONTH TO DATE   14                        37    -23       10
  SINCE MAR 1     83                       199   -116      213
  SINCE JUL 1   1080                      1536   -456     1696

 COOLING
  YESTERDAY       10                         8      2        0
  MONTH TO DATE  147                       149     -2      203
  SINCE MAR 1    257                       210     47      265
  SINCE JAN 1    296                       237     59      276
..................................................................


WIND (MPH)
  HIGHEST WIND SPEED    15   HIGHEST WIND DIRECTION    SE (140)
  HIGHEST GUST SPEED    25   HIGHEST GUST DIRECTION    SE (150)
  AVERAGE WIND SPEED     6.5


SKY COVER
  AVERAGE SKY COVER 0.5


WEATHER CONDITIONS
 THE FOLLOWING WEATHER WAS RECORDED YESTERDAY.
  LIGHT RAIN
  FOG
  HAZE


RELATIVE HUMIDITY (PERCENT)
 HIGHEST    93           400 AM
 LOWEST     48           300 PM
 AVERAGE    71

..........................................................


THE AUSTIN CAMP MABRY CLIMATE NORMALS FOR TODAY
                         NORMAL    RECORD    YEAR
 MAXIMUM TEMPERATURE (F)   83        95      1937
 MINIMUM TEMPERATURE (F)   62        42      1903


SUNRISE AND SUNSET
APRIL 29 2016.........SUNRISE   649 AM CDT   SUNSET   808 PM CDT
APRIL 30 2016.........SUNRISE   648 AM CDT   SUNSET   808 PM CDT


-  INDICATES NEGATIVE NUMBERS.
R  INDICATES RECORD WAS SET OR TIED.
MM INDICATES DATA IS MISSING.
T  INDICATES TRACE AMOUNT.




$$
