000
CDUS44 KEWX 190725
CLIATT


CLIMATE REPORT
NATIONAL WEATHER SERVICE AUSTIN/SAN ANTONIO, TX
224 AM CDT THU OCT 19 2017


...................................

...THE AUSTIN CAMP MABRY CLIMATE SUMMARY FOR OCTOBER 18 2017...

CLIMATE NORMAL PERIOD 1981 TO 2010
CLIMATE RECORD PERIOD 1897 TO 2017


WEATHER ITEM   OBSERVED TIME   RECORD YEAR NORMAL DEPARTURE LAST
                VALUE   (LST)  VALUE       VALUE  FROM      YEAR
                                                  NORMAL
..................................................................
TEMPERATURE (F)
 YESTERDAY
  MAXIMUM         83    252 PM  94    1947  81      2       93
  MINIMUM         49    709 AM  39    1903  60    -11       75
  AVERAGE         66                        71     -5

PRECIPITATION (IN)
  YESTERDAY        0.00          1.62 1965   0.14  -0.14     0.00
  MONTH TO DATE    0.65                      2.22  -1.57     0.17
  SINCE SEP 1      2.68                      5.21  -2.53     2.26
  SINCE JAN 1     29.18                     27.30   1.88    33.20

SNOWFALL (IN)
  YESTERDAY        0.0
  MONTH TO DATE    0.0
  SINCE SEP 1      0.0
  SINCE JUL 1      0.0
  SNOW DEPTH       0

DEGREE DAYS
 HEATING
  YESTERDAY        0                         1     -1        0
  MONTH TO DATE    0                         7     -7        0
  SINCE SEP 1      0                         9     -9        0
  SINCE JUL 1      0                         9     -9        0

 COOLING
  YESTERDAY        1                         7     -6       19
  MONTH TO DATE  191                       154     37      222
  SINCE SEP 1    644                       604     40      753
  SINCE JAN 1   3470                      2998    472     3247
..................................................................


WIND (MPH)
  HIGHEST WIND SPEED    12   HIGHEST WIND DIRECTION    SE (140)
  HIGHEST GUST SPEED    17   HIGHEST GUST DIRECTION    SE (140)
  AVERAGE WIND SPEED     2.1


SKY COVER
  AVERAGE SKY COVER 0.0


WEATHER CONDITIONS
 THE FOLLOWING WEATHER WAS RECORDED YESTERDAY.
  NO SIGNIFICANT WEATHER WAS OBSERVED.


RELATIVE HUMIDITY (PERCENT)
 HIGHEST    86           700 AM
 LOWEST     26           300 PM
 AVERAGE    56

..........................................................


THE AUSTIN CAMP MABRY CLIMATE NORMALS FOR TODAY
                         NORMAL    RECORD    YEAR
 MAXIMUM TEMPERATURE (F)   81        95      1921
 MINIMUM TEMPERATURE (F)   60        39      1903


SUNRISE AND SUNSET
OCTOBER 19 2017.......SUNRISE   736 AM CDT   SUNSET   655 PM CDT
OCTOBER 20 2017.......SUNRISE   736 AM CDT   SUNSET   654 PM CDT


-  INDICATES NEGATIVE NUMBERS.
R  INDICATES RECORD WAS SET OR TIED.
MM INDICATES DATA IS MISSING.
T  INDICATES TRACE AMOUNT.




$$
