000
CDUS44 KEWX 232351
CLIATT


CLIMATE REPORT
NATIONAL WEATHER SERVICE AUSTIN/SAN ANTONIO, TX
549 PM CST SUN NOV 23 2014


...................................

...THE AUSTIN CAMP MABRY CLIMATE SUMMARY FOR NOVEMBER 23 2014...
VALID TODAY AS OF 549 PM LOCAL TIME.

CLIMATE NORMAL PERIOD 1981 TO 2010
CLIMATE RECORD PERIOD 1897 TO 2014


WEATHER ITEM   OBSERVED TIME   RECORD YEAR NORMAL DEPARTURE LAST
                VALUE   (LST)  VALUE       VALUE  FROM      YEAR
                                                  NORMAL
..................................................................
TEMPERATURE (F)
 TODAY
  MAXIMUM         81    300 PM  87    2005  69     12       43
  MINIMUM         53    718 AM  26    1925  48      5       36
  AVERAGE         67                        58      9       40

PRECIPITATION (IN)
  TODAY            0.00          4.62 1974   0.09  -0.09     0.03
  MONTH TO DATE    5.81                      2.34   3.47     2.35
  SINCE SEP 1     14.64                      9.21   5.43    21.45
  SINCE JAN 1     34.50                     31.30   3.20    39.23

SNOWFALL (IN)
  TODAY            0.0
  MONTH TO DATE    0.0
  SINCE SEP 1      0.0
  SINCE JUL 1      0.0
  SNOW DEPTH       0

DEGREE DAYS
 HEATING
  TODAY            0                         8     -8       25
  MONTH TO DATE  239                       117    122      118
  SINCE SEP 1    241                       148     93      138
  SINCE JUL 1    241                       148     93      138

 COOLING
  TODAY            2                         1      1        0
  MONTH TO DATE   10                        54    -44       48
  SINCE SEP 1    788                       725     63      839
  SINCE JAN 1   3181                      3119     62     3449
..................................................................


WIND (MPH)
  HIGHEST WIND SPEED    14   HIGHEST WIND DIRECTION     W (250)
  HIGHEST GUST SPEED    25   HIGHEST GUST DIRECTION     W (280)
  AVERAGE WIND SPEED     3.5


SKY COVER
  AVERAGE SKY COVER 0.0


WEATHER CONDITIONS
 THE FOLLOWING WEATHER WAS RECORDED TODAY.
  FOG


RELATIVE HUMIDITY (PERCENT)
 HIGHEST   100           400 AM
 LOWEST     23           200 PM
 AVERAGE    62

..........................................................


THE AUSTIN CAMP MABRY CLIMATE NORMALS FOR TOMORROW
                         NORMAL    RECORD    YEAR
 MAXIMUM TEMPERATURE (F)   68        87      1965
 MINIMUM TEMPERATURE (F)   47        26      1925


SUNRISE AND SUNSET
NOVEMBER 23 2014......SUNRISE   703 AM CST   SUNSET   531 PM CST
NOVEMBER 24 2014......SUNRISE   704 AM CST   SUNSET   531 PM CST


-  INDICATES NEGATIVE NUMBERS.
R  INDICATES RECORD WAS SET OR TIED.
MM INDICATES DATA IS MISSING.
T  INDICATES TRACE AMOUNT.




$$
