000
CDUS44 KEWX 240718
CLIATT


CLIMATE REPORT
NATIONAL WEATHER SERVICE AUSTIN/SAN ANTONIO, TX
212 AM CDT SAT JUN 24 2017


...................................

...THE AUSTIN CAMP MABRY CLIMATE SUMMARY FOR JUNE 23 2017...

CLIMATE NORMAL PERIOD 1981 TO 2010
CLIMATE RECORD PERIOD 1897 TO 2017


WEATHER ITEM   OBSERVED TIME   RECORD YEAR NORMAL DEPARTURE LAST
                VALUE   (LST)  VALUE       VALUE  FROM      YEAR
                                                  NORMAL
..................................................................
TEMPERATURE (F)
 YESTERDAY
  MAXIMUM        104R   341 PM 103    2009  93     11       95
  MINIMUM         78    620 AM  65    2002  73      5       75
                                      1900
  AVERAGE         91                        83      8

PRECIPITATION (IN)
  YESTERDAY        0.00          1.13 1924   0.13  -0.13     0.00
  MONTH TO DATE    1.81                      3.59  -1.78     2.26
  SINCE JUN 1      1.81                      3.59  -1.78     2.26
  SINCE JAN 1     14.59                     17.12  -2.53    21.72

SNOWFALL (IN)
  YESTERDAY        0.0
  MONTH TO DATE    0.0
  SINCE JUN 1      0.0
  SINCE JUL 1      T
  SNOW DEPTH       0

DEGREE DAYS
 HEATING
  YESTERDAY        0                         0      0        0
  MONTH TO DATE    0                         0      0        0
  SINCE JUN 1      0                         0      0        0
  SINCE JUL 1    834                      1539   -705     1081

 COOLING
  YESTERDAY       26                        18      8       20
  MONTH TO DATE  449                       386     63      409
  SINCE JUN 1    449                       386     63      409
  SINCE JAN 1   1311                       999    312     1024
..................................................................


WIND (MPH)
  HIGHEST WIND SPEED    14   HIGHEST WIND DIRECTION    SE (150)
  HIGHEST GUST SPEED    22   HIGHEST GUST DIRECTION    SE (140)
  AVERAGE WIND SPEED     7.0


SKY COVER
  AVERAGE SKY COVER 0.1


WEATHER CONDITIONS
 THE FOLLOWING WEATHER WAS RECORDED YESTERDAY.
  NO SIGNIFICANT WEATHER WAS OBSERVED.


RELATIVE HUMIDITY (PERCENT)
 HIGHEST    91           600 AM
 LOWEST     35           300 PM
 AVERAGE    63

..........................................................


THE AUSTIN CAMP MABRY CLIMATE NORMALS FOR TODAY
                         NORMAL    RECORD    YEAR
 MAXIMUM TEMPERATURE (F)   93       105      2009
 MINIMUM TEMPERATURE (F)   73        67      2002
                                             1912


SUNRISE AND SUNSET
JUNE 24 2017..........SUNRISE   630 AM CDT   SUNSET   836 PM CDT
JUNE 25 2017..........SUNRISE   631 AM CDT   SUNSET   836 PM CDT


-  INDICATES NEGATIVE NUMBERS.
R  INDICATES RECORD WAS SET OR TIED.
MM INDICATES DATA IS MISSING.
T  INDICATES TRACE AMOUNT.




$$
